{"id":3512,"date":"2022-11-03T16:56:52","date_gmt":"2022-11-03T14:56:52","guid":{"rendered":"http:\/\/www.paroisse-fribourg.ch\/agenda\/"},"modified":"2022-11-30T10:59:57","modified_gmt":"2022-11-30T08:59:57","slug":"agenda","status":"publish","type":"page","link":"https:\/\/www.paroisse-fribourg.ch\/de\/agenda\/","title":{"rendered":"Agenda"},"content":{"rendered":"<div class=\"wpb-content-wrapper\"><p>[vc_row el_class=&#8220;top-0&#8243;][vc_column][vc_row_inner][vc_column_inner width=&#8220;2\/3&#8243;][vc_column_text]<\/p>\n<h1>Agenda<\/h1>\n<p>[\/vc_column_text][\/vc_column_inner][vc_column_inner width=&#8220;1\/3&#8243;][\/vc_column_inner][\/vc_row_inner][\/vc_column][\/vc_row][vc_row full_width=&#8220;stretch_row&#8220; css=&#8220;.vc_custom_1667896483960{padding-top: 0px !important;}&#8220; el_class=&#8220;top-30 bottom-30&#8243;][vc_column]<div class='filtre'><div class='row'><div class='col-lg-12'>Aktivit\u00e4ten der Gemeinde : <a href='javascript:void(0);' class='button' data-id='61'>Gottesdienst<\/a><a href='javascript:void(0);' class='button' data-id='66'>Familie<\/a><a href='javascript:void(0);' class='button' data-id='69'>Erwachsene<\/a><\/div><\/div><div class='row'><div class='col-lg-12'><a href='javascript:void(0);' class='button actif' data-id='0' data-parent='65'>Alle<\/a><a href='javascript:void(0);' class='button' data-id='71' data-parent='66'>Bibelch\u00f6rnli<\/a><a href='javascript:void(0);' class='button' data-id='72' data-parent='66'>Miteinandergottesdienst<\/a><a href='javascript:void(0);' class='button' data-id='67' data-parent='66'>Andere<\/a><a href='javascript:void(0);' class='button' data-id='70' data-parent='69'>Qigong \u2013 Shibashi<\/a><a href='javascript:void(0);' class='button' data-id='68' data-parent='69'>Andere<\/a><\/div><\/div><\/div><div class='filtre'><div class='row'><div class='col-lg-6'>Ab dem:<input type='text' id='datepicker' \/><input type='text' id='alternate' \/><\/div><div class=\"col-lg-6 text-right\"><a class=\"initFiltre\" href=\"\/agenda\"><i class=\"fa fa-times\" aria-hidden=\"true\">&nbsp;<\/i> Filter zur\u00fccksetzen<\/a><\/div><\/div><\/div>[\/vc_column][\/vc_row][vc_row css=&#8220;.vc_custom_1667571311839{padding-top: 0px !important;}&#8220;][vc_column]<div class='evenements'><div class='row agendas'><div class=\"col-lg-12 agenda plus id_61 id_65\" data-date=20260906><div class='agenda-big-date'><div class='agenda-big-date-month'>Sept<\/div><div class='agenda-big-date-year'>2026<\/div><\/div><div class='agenda-content'><div class=\"agenda-title\">Sonntag 6. September - 10.15 Uhr<\/div><div class=\"agenda-culte\"><p>Gottesdienst mit Abendmahl<div class=\"agenda-resume\"><p>Miteinandergottesdienst in Corjolens<\/p>\n<p>Pfarrer Andreas R\u00fcttner<\/p>\n<\/div><\/div><\/div><\/div><div class=\"col-lg-12 agenda plus id_61 id_65\" data-date=20260906><div class='agenda-big-date'><\/div><div class='agenda-content'><div class=\"agenda-title\">Sonntag 6. September - 10h15<\/div><div class=\"agenda-culte\"><p>Culte avec Sainte c\u00e8ne<div class=\"agenda-resume\"><p>&#8222;Prendre soin de ses valeurs &#8211; ce qui a du prix \u00e0 mes yeux&#8220;, Esa\u00efe 43,1-5<\/p>\n<p>Saison de la cr\u00e9ation &#8211; avec une b\u00e9n\u00e9diction de mariage<\/p>\n<p>Pasteure Bettina Beer<\/p>\n<\/div><\/div><\/div><\/div><div class=\"col-lg-12 agenda plus id_61 id_65\" data-date=20260913><div class='agenda-big-date'><\/div><div class='agenda-content'><div class=\"agenda-title\">Sonntag 13. September - 10.30 Uhr<\/div><div class=\"agenda-culte\"><p>zweisprachiger Gottesdienst mit Abendmahl<div class=\"agenda-resume\"><p>&#8222;Macht euch gegenseitig Mut!&#8220; + Thessalonicher 5,11<\/p>\n<p>Kirchgemeindefest<\/p>\n<p>Pfarrer Daniel Bolliger und das Pfarrteam<\/p>\n<\/div><\/div><\/div><\/div><div class=\"col-lg-12 agenda plus id_61 id_65\" data-date=20260920><div class='agenda-big-date'><\/div><div class='agenda-content'><div class=\"agenda-title\">Sonntag 20. September - 10.15 Uhr<\/div><div class=\"agenda-culte\"><p>zweisprachige \u00f6kumenische Feier<div class=\"agenda-resume\"><p>St. Nikolaus Kathedrale<\/p>\n<p>CERECAF<\/p>\n<\/div><\/div><\/div><\/div><div class=\"col-lg-12 agenda plus id_61 id_65 id_66 id_72\" data-date=20260927><div class='agenda-big-date'><\/div><div class='agenda-content'><div class=\"agenda-title\">Sonntag 27. September - 10h15<\/div><div class=\"agenda-culte\"><p>Culte avec Sainte c\u00e8ne<div class=\"agenda-resume\"><p>Tous ensemble au culte<\/p>\n<p>Saison de la Cr\u00e9ation<\/p>\n<p>Pasteure Noriane Rapin<\/p>\n<\/div><\/div><\/div><\/div><div class=\"col-lg-12 agenda plus id_61 id_65\" data-date=20260927><div class='agenda-big-date'><\/div><div class='agenda-content'><div class=\"agenda-title\">Sonntag 27. September - 9 Uhr<\/div><div class=\"agenda-culte\"><p>Gottesdienst<div class=\"agenda-resume\"><p>Sch\u00f6pfungszeit<\/p>\n<p>Pfarrer Andreas R\u00fcttner<\/p>\n<\/div><\/div><\/div><\/div><div class=\"col-lg-12 agenda plus id_61 id_65\" data-date=20261004><div class='agenda-big-date'><div class='agenda-big-date-month'>Oct<\/div><div class='agenda-big-date-year'>2026<\/div><\/div><div class='agenda-content'><div class=\"agenda-title\">Sonntag 4. Oktober - 10.15 Uhr<\/div><div class=\"agenda-culte\"><p>Gottesdienst mit Abendmahl<div class=\"agenda-resume\"><p>Sch\u00f6pfungszeit<\/p>\n<p>Pfarrer Andreas R\u00fcttner<\/p>\n<\/div><\/div><\/div><\/div><div class=\"col-lg-12 agenda plus id_61 id_65\" data-date=20261004><div class='agenda-big-date'><\/div><div class='agenda-content'><div class=\"agenda-title\">Sonntag 4. Oktober - 9h<\/div><div class=\"agenda-culte\"><p>Culte<div class=\"agenda-resume\"><p>Saison de la Cr\u00e9ation<\/p>\n<p>Pasteure Noriane Rapin<\/p>\n<\/div><\/div><\/div><\/div><\/div><div class='row'><div class='col-lg-12 text-center'><a href='javascript:void(0);' class='button more-events'>Mehr laden<\/a><\/div><\/div><div class='row'><div class='col-lg-12'><p class='no_evenement'>Keine Veranstaltungen gefunden<\/p><\/div><\/div><\/div>[\/vc_column][\/vc_row]<\/p>\n<\/div>","protected":false},"excerpt":{"rendered":"<p>[vc_row el_class=&#8220;top-0&#8243;][vc_column][vc_row_inner][vc_column_inner width=&#8220;2\/3&#8243;][vc_column_text] Agenda [\/vc_column_text][\/vc_column_inner][vc_column_inner width=&#8220;1\/3&#8243;][\/vc_column_inner][\/vc_row_inner][\/vc_column][\/vc_row][vc_row full_width=&#8220;stretch_row&#8220; css=&#8220;.vc_custom_1667896483960{padding-top: 0px !important;}&#8220; el_class=&#8220;top-30 bottom-30&#8243;][vc_column][\/vc_column][\/vc_row][vc_row css=&#8220;.vc_custom_1667571311839{padding-top: 0px !important;}&#8220;][vc_column][\/vc_column][\/vc_row]<\/p>\n","protected":false},"author":5,"featured_media":0,"parent":0,"menu_order":0,"comment_status":"closed","ping_status":"closed","template":"","meta":{"_acf_changed":false,"footnotes":""},"class_list":["post-3512","page","type-page","status-publish","hentry"],"acf":[],"yoast_head":"<!-- This site is optimized with the Yoast SEO plugin v24.3 - https:\/\/yoast.com\/wordpress\/plugins\/seo\/ -->\n<title>Agenda | Die reformierte Kirchgemeinde von Freiburg<\/title>\n<meta name=\"description\" content=\"Alle Veranstaltungen der reformierten Kirchgemeinde Freiburg werden in dieser Rubrik vorgestellt.\" \/>\n<meta name=\"robots\" content=\"index, follow, max-snippet:-1, max-image-preview:large, max-video-preview:-1\" \/>\n<link rel=\"canonical\" href=\"https:\/\/www.paroisse-fribourg.ch\/de\/agenda\/\" \/>\n<meta property=\"og:locale\" content=\"de_DE\" \/>\n<meta property=\"og:type\" content=\"article\" \/>\n<meta property=\"og:title\" content=\"Agenda | Die reformierte Kirchgemeinde von Freiburg\" \/>\n<meta property=\"og:description\" content=\"Alle Veranstaltungen der reformierten Kirchgemeinde Freiburg werden in dieser Rubrik vorgestellt.\" \/>\n<meta property=\"og:url\" content=\"https:\/\/www.paroisse-fribourg.ch\/de\/agenda\/\" \/>\n<meta property=\"og:site_name\" content=\"Die reformierte Kirchgemeinde von Freiburg\" \/>\n<meta property=\"article:modified_time\" content=\"2022-11-30T08:59:57+00:00\" \/>\n<meta name=\"twitter:card\" content=\"summary_large_image\" \/>\n<meta name=\"twitter:label1\" content=\"Gesch\u00e4tzte Lesezeit\" \/>\n\t<meta name=\"twitter:data1\" content=\"1\u00a0Minute\" \/>\n<script type=\"application\/ld+json\" class=\"yoast-schema-graph\">{\"@context\":\"https:\/\/schema.org\",\"@graph\":[{\"@type\":\"WebPage\",\"@id\":\"https:\/\/www.paroisse-fribourg.ch\/de\/agenda\/\",\"url\":\"https:\/\/www.paroisse-fribourg.ch\/de\/agenda\/\",\"name\":\"Agenda | Die reformierte Kirchgemeinde von Freiburg\",\"isPartOf\":{\"@id\":\"https:\/\/www.paroisse-fribourg.ch\/#website\"},\"datePublished\":\"2022-11-03T14:56:52+00:00\",\"dateModified\":\"2022-11-30T08:59:57+00:00\",\"description\":\"Alle Veranstaltungen der reformierten Kirchgemeinde Freiburg werden in dieser Rubrik vorgestellt.\",\"breadcrumb\":{\"@id\":\"https:\/\/www.paroisse-fribourg.ch\/de\/agenda\/#breadcrumb\"},\"inLanguage\":\"de\",\"potentialAction\":[{\"@type\":\"ReadAction\",\"target\":[\"https:\/\/www.paroisse-fribourg.ch\/de\/agenda\/\"]}]},{\"@type\":\"BreadcrumbList\",\"@id\":\"https:\/\/www.paroisse-fribourg.ch\/de\/agenda\/#breadcrumb\",\"itemListElement\":[{\"@type\":\"ListItem\",\"position\":1,\"name\":\"Home\",\"item\":\"https:\/\/www.paroisse-fribourg.ch\/de\/3437\/\"},{\"@type\":\"ListItem\",\"position\":2,\"name\":\"Agenda\"}]},{\"@type\":\"WebSite\",\"@id\":\"https:\/\/www.paroisse-fribourg.ch\/#website\",\"url\":\"https:\/\/www.paroisse-fribourg.ch\/\",\"name\":\"Die reformierte Kirchgemeinde von Freiburg\",\"description\":\"\",\"potentialAction\":[{\"@type\":\"SearchAction\",\"target\":{\"@type\":\"EntryPoint\",\"urlTemplate\":\"https:\/\/www.paroisse-fribourg.ch\/?s={search_term_string}\"},\"query-input\":{\"@type\":\"PropertyValueSpecification\",\"valueRequired\":true,\"valueName\":\"search_term_string\"}}],\"inLanguage\":\"de\"}]}<\/script>\n<!-- \/ Yoast SEO plugin. -->","yoast_head_json":{"title":"Agenda | Die reformierte Kirchgemeinde von Freiburg","description":"Alle Veranstaltungen der reformierten Kirchgemeinde Freiburg werden in dieser Rubrik vorgestellt.","robots":{"index":"index","follow":"follow","max-snippet":"max-snippet:-1","max-image-preview":"max-image-preview:large","max-video-preview":"max-video-preview:-1"},"canonical":"https:\/\/www.paroisse-fribourg.ch\/de\/agenda\/","og_locale":"de_DE","og_type":"article","og_title":"Agenda | Die reformierte Kirchgemeinde von Freiburg","og_description":"Alle Veranstaltungen der reformierten Kirchgemeinde Freiburg werden in dieser Rubrik vorgestellt.","og_url":"https:\/\/www.paroisse-fribourg.ch\/de\/agenda\/","og_site_name":"Die reformierte Kirchgemeinde von Freiburg","article_modified_time":"2022-11-30T08:59:57+00:00","twitter_card":"summary_large_image","twitter_misc":{"Gesch\u00e4tzte Lesezeit":"1\u00a0Minute"},"schema":{"@context":"https:\/\/schema.org","@graph":[{"@type":"WebPage","@id":"https:\/\/www.paroisse-fribourg.ch\/de\/agenda\/","url":"https:\/\/www.paroisse-fribourg.ch\/de\/agenda\/","name":"Agenda | Die reformierte Kirchgemeinde von Freiburg","isPartOf":{"@id":"https:\/\/www.paroisse-fribourg.ch\/#website"},"datePublished":"2022-11-03T14:56:52+00:00","dateModified":"2022-11-30T08:59:57+00:00","description":"Alle Veranstaltungen der reformierten Kirchgemeinde Freiburg werden in dieser Rubrik vorgestellt.","breadcrumb":{"@id":"https:\/\/www.paroisse-fribourg.ch\/de\/agenda\/#breadcrumb"},"inLanguage":"de","potentialAction":[{"@type":"ReadAction","target":["https:\/\/www.paroisse-fribourg.ch\/de\/agenda\/"]}]},{"@type":"BreadcrumbList","@id":"https:\/\/www.paroisse-fribourg.ch\/de\/agenda\/#breadcrumb","itemListElement":[{"@type":"ListItem","position":1,"name":"Home","item":"https:\/\/www.paroisse-fribourg.ch\/de\/3437\/"},{"@type":"ListItem","position":2,"name":"Agenda"}]},{"@type":"WebSite","@id":"https:\/\/www.paroisse-fribourg.ch\/#website","url":"https:\/\/www.paroisse-fribourg.ch\/","name":"Die reformierte Kirchgemeinde von Freiburg","description":"","potentialAction":[{"@type":"SearchAction","target":{"@type":"EntryPoint","urlTemplate":"https:\/\/www.paroisse-fribourg.ch\/?s={search_term_string}"},"query-input":{"@type":"PropertyValueSpecification","valueRequired":true,"valueName":"search_term_string"}}],"inLanguage":"de"}]}},"_links":{"self":[{"href":"https:\/\/www.paroisse-fribourg.ch\/de\/wp-json\/wp\/v2\/pages\/3512","targetHints":{"allow":["GET"]}}],"collection":[{"href":"https:\/\/www.paroisse-fribourg.ch\/de\/wp-json\/wp\/v2\/pages"}],"about":[{"href":"https:\/\/www.paroisse-fribourg.ch\/de\/wp-json\/wp\/v2\/types\/page"}],"author":[{"embeddable":true,"href":"https:\/\/www.paroisse-fribourg.ch\/de\/wp-json\/wp\/v2\/users\/5"}],"replies":[{"embeddable":true,"href":"https:\/\/www.paroisse-fribourg.ch\/de\/wp-json\/wp\/v2\/comments?post=3512"}],"version-history":[{"count":2,"href":"https:\/\/www.paroisse-fribourg.ch\/de\/wp-json\/wp\/v2\/pages\/3512\/revisions"}],"predecessor-version":[{"id":3534,"href":"https:\/\/www.paroisse-fribourg.ch\/de\/wp-json\/wp\/v2\/pages\/3512\/revisions\/3534"}],"wp:attachment":[{"href":"https:\/\/www.paroisse-fribourg.ch\/de\/wp-json\/wp\/v2\/media?parent=3512"}],"curies":[{"name":"wp","href":"https:\/\/api.w.org\/{rel}","templated":true}]}}

<div class="wpb-content-wrapper"><p>[vc_row el_class=&#8220;top-0&#8243;][vc_column][vc_row_inner][vc_column_inner width=&#8220;2/3&#8243;][vc_column_text]</p>
<h1>Agenda</h1>
<p>[/vc_column_text][/vc_column_inner][vc_column_inner width=&#8220;1/3&#8243;][/vc_column_inner][/vc_row_inner][/vc_column][/vc_row][vc_row full_width=&#8220;stretch_row&#8220; css=&#8220;.vc_custom_1667896483960{padding-top: 0px !important;}&#8220; el_class=&#8220;top-30 bottom-30&#8243;][vc_column]<div class='filtre'><div class='row'><div class='col-lg-12'>Aktivitäten der Gemeinde : <a href='javascript:void(0);' class='button' data-id='61'>Gottesdienst</a><a href='javascript:void(0);' class='button' data-id='66'>Familie</a><a href='javascript:void(0);' class='button' data-id='69'>Erwachsene</a></div></div><div class='row'><div class='col-lg-12'><a href='javascript:void(0);' class='button actif' data-id='0' data-parent='65'>Alle</a><a href='javascript:void(0);' class='button' data-id='71' data-parent='66'>Bibelchörnli</a><a href='javascript:void(0);' class='button' data-id='72' data-parent='66'>Miteinandergottesdienst</a><a href='javascript:void(0);' class='button' data-id='67' data-parent='66'>Andere</a><a href='javascript:void(0);' class='button' data-id='70' data-parent='69'>Qigong – Shibashi</a><a href='javascript:void(0);' class='button' data-id='68' data-parent='69'>Andere</a></div></div></div><div class='filtre'><div class='row'><div class='col-lg-6'>Ab dem:<input type='text' id='datepicker' /><input type='text' id='alternate' /></div><div class="col-lg-6 text-right"><a class="initFiltre" href="/agenda"><i class="fa fa-times" aria-hidden="true">&nbsp;</i> Filter zurücksetzen</a></div></div></div>[/vc_column][/vc_row][vc_row css=&#8220;.vc_custom_1667571311839{padding-top: 0px !important;}&#8220;][vc_column]<div class='evenements'><div class='row agendas'><div class="col-lg-12 agenda plus id_61 id_65" data-date=20260906><div class='agenda-big-date'><div class='agenda-big-date-month'>Sept</div><div class='agenda-big-date-year'>2026</div></div><div class='agenda-content'><div class="agenda-title">Sonntag 6. September - 10.15 Uhr</div><div class="agenda-culte"><p>Gottesdienst mit Abendmahl<div class="agenda-resume"><p>Miteinandergottesdienst in Corjolens</p>
<p>Pfarrer Andreas Rüttner</p>
</div></div></div></div><div class="col-lg-12 agenda plus id_61 id_65" data-date=20260906><div class='agenda-big-date'></div><div class='agenda-content'><div class="agenda-title">Sonntag 6. September - 10h15</div><div class="agenda-culte"><p>Culte avec Sainte cène<div class="agenda-resume"><p>&#8222;Prendre soin de ses valeurs &#8211; ce qui a du prix à mes yeux&#8220;, Esaïe 43,1-5</p>
<p>Saison de la création &#8211; avec une bénédiction de mariage</p>
<p>Pasteure Bettina Beer</p>
</div></div></div></div><div class="col-lg-12 agenda plus id_61 id_65" data-date=20260913><div class='agenda-big-date'></div><div class='agenda-content'><div class="agenda-title">Sonntag 13. September - 10.30 Uhr</div><div class="agenda-culte"><p>zweisprachiger Gottesdienst mit Abendmahl<div class="agenda-resume"><p>&#8222;Macht euch gegenseitig Mut!&#8220; + Thessalonicher 5,11</p>
<p>Kirchgemeindefest</p>
<p>Pfarrer Daniel Bolliger und das Pfarrteam</p>
</div></div></div></div><div class="col-lg-12 agenda plus id_61 id_65" data-date=20260920><div class='agenda-big-date'></div><div class='agenda-content'><div class="agenda-title">Sonntag 20. September - 10.15 Uhr</div><div class="agenda-culte"><p>zweisprachige ökumenische Feier<div class="agenda-resume"><p>St. Nikolaus Kathedrale</p>
<p>CERECAF</p>
</div></div></div></div><div class="col-lg-12 agenda plus id_61 id_65 id_66 id_72" data-date=20260927><div class='agenda-big-date'></div><div class='agenda-content'><div class="agenda-title">Sonntag 27. September - 10h15</div><div class="agenda-culte"><p>Culte avec Sainte cène<div class="agenda-resume"><p>Tous ensemble au culte</p>
<p>Saison de la Création</p>
<p>Pasteure Noriane Rapin</p>
</div></div></div></div><div class="col-lg-12 agenda plus id_61 id_65" data-date=20260927><div class='agenda-big-date'></div><div class='agenda-content'><div class="agenda-title">Sonntag 27. September - 9 Uhr</div><div class="agenda-culte"><p>Gottesdienst<div class="agenda-resume"><p>Schöpfungszeit</p>
<p>Pfarrer Andreas Rüttner</p>
</div></div></div></div><div class="col-lg-12 agenda plus id_61 id_65" data-date=20261004><div class='agenda-big-date'><div class='agenda-big-date-month'>Oct</div><div class='agenda-big-date-year'>2026</div></div><div class='agenda-content'><div class="agenda-title">Sonntag 4. Oktober - 10.15 Uhr</div><div class="agenda-culte"><p>Gottesdienst mit Abendmahl<div class="agenda-resume"><p>Schöpfungszeit</p>
<p>Pfarrer Andreas Rüttner</p>
</div></div></div></div><div class="col-lg-12 agenda plus id_61 id_65" data-date=20261004><div class='agenda-big-date'></div><div class='agenda-content'><div class="agenda-title">Sonntag 4. Oktober - 9h</div><div class="agenda-culte"><p>Culte<div class="agenda-resume"><p>Saison de la Création</p>
<p>Pasteure Noriane Rapin</p>
</div></div></div></div></div><div class='row'><div class='col-lg-12 text-center'><a href='javascript:void(0);' class='button more-events'>Mehr laden</a></div></div><div class='row'><div class='col-lg-12'><p class='no_evenement'>Keine Veranstaltungen gefunden</p></div></div></div>[/vc_column][/vc_row]</p>
</div>

<!-- This site is optimized with the Yoast SEO plugin v24.3 - https://yoast.com/wordpress/plugins/seo/ -->
<title>Agenda | Die reformierte Kirchgemeinde von Freiburg</title>
<meta name="description" content="Alle Veranstaltungen der reformierten Kirchgemeinde Freiburg werden in dieser Rubrik vorgestellt." />
<meta name="robots" content="index, follow, max-snippet:-1, max-image-preview:large, max-video-preview:-1" />
<link rel="canonical" href="https://www.paroisse-fribourg.ch/de/agenda/" />
<meta property="og:locale" content="de_DE" />
<meta property="og:type" content="article" />
<meta property="og:title" content="Agenda | Die reformierte Kirchgemeinde von Freiburg" />
<meta property="og:description" content="Alle Veranstaltungen der reformierten Kirchgemeinde Freiburg werden in dieser Rubrik vorgestellt." />
<meta property="og:url" content="https://www.paroisse-fribourg.ch/de/agenda/" />
<meta property="og:site_name" content="Die reformierte Kirchgemeinde von Freiburg" />
<meta property="article:modified_time" content="2022-11-30T08:59:57+00:00" />
<meta name="twitter:card" content="summary_large_image" />
<meta name="twitter:label1" content="Geschätzte Lesezeit" />
	<meta name="twitter:data1" content="1 Minute" />
<script type="application/ld+json" class="yoast-schema-graph">{"@context":"https://schema.org","@graph":[{"@type":"WebPage","@id":"https://www.paroisse-fribourg.ch/de/agenda/","url":"https://www.paroisse-fribourg.ch/de/agenda/","name":"Agenda | Die reformierte Kirchgemeinde von Freiburg","isPartOf":{"@id":"https://www.paroisse-fribourg.ch/#website"},"datePublished":"2022-11-03T14:56:52+00:00","dateModified":"2022-11-30T08:59:57+00:00","description":"Alle Veranstaltungen der reformierten Kirchgemeinde Freiburg werden in dieser Rubrik vorgestellt.","breadcrumb":{"@id":"https://www.paroisse-fribourg.ch/de/agenda/#breadcrumb"},"inLanguage":"de","potentialAction":[{"@type":"ReadAction","target":["https://www.paroisse-fribourg.ch/de/agenda/"]}]},{"@type":"BreadcrumbList","@id":"https://www.paroisse-fribourg.ch/de/agenda/#breadcrumb","itemListElement":[{"@type":"ListItem","position":1,"name":"Home","item":"https://www.paroisse-fribourg.ch/de/3437/"},{"@type":"ListItem","position":2,"name":"Agenda"}]},{"@type":"WebSite","@id":"https://www.paroisse-fribourg.ch/#website","url":"https://www.paroisse-fribourg.ch/","name":"Die reformierte Kirchgemeinde von Freiburg","description":"","potentialAction":[{"@type":"SearchAction","target":{"@type":"EntryPoint","urlTemplate":"https://www.paroisse-fribourg.ch/?s={search_term_string}"},"query-input":{"@type":"PropertyValueSpecification","valueRequired":true,"valueName":"search_term_string"}}],"inLanguage":"de"}]}</script>
<!-- / Yoast SEO plugin. -->
