{"id":3503,"date":"2022-10-20T14:57:21","date_gmt":"2022-10-20T12:57:21","guid":{"rendered":"http:\/\/www.paroisse-fribourg.ch\/kontakte\/conseillers-de-paroisse\/"},"modified":"2025-02-17T12:01:56","modified_gmt":"2025-02-17T10:01:56","slug":"kirchgemeinderat","status":"publish","type":"page","link":"https:\/\/www.paroisse-fribourg.ch\/de\/kontakte\/kirchgemeinderat\/","title":{"rendered":"Kirchgemeinderat"},"content":{"rendered":"<div class=\"wpb-content-wrapper\"><p>[vc_row el_class=&#8220;top-0&#8243;][vc_column][vc_row_inner][vc_column_inner width=&#8220;2\/3&#8243;][vc_column_text]<\/p>\n<h1>Kirchgemeinderat<\/h1>\n<p>[\/vc_column_text][\/vc_column_inner][vc_column_inner width=&#8220;1\/3&#8243;][\/vc_column_inner][\/vc_row_inner][\/vc_column][\/vc_row][vc_row full_width=&#8220;stretch_row&#8220; el_class=&#8220;top-0 image&#8220; css=&#8220;.vc_custom_1669106474800{background-image: url(http:\/\/www.paroisse-fribourg.ch\/wp-content\/uploads\/1_\u00a9MW_Conseil-de-paroisse_web-2.jpg?id=3323) !important;}&#8220;][vc_column][\/vc_column][\/vc_row][vc_row][vc_column][vc_row_inner][vc_column_inner width=&#8220;1\/3&#8243;][vc_column_text]<\/p>\n<h2>Der Kirchgemeinderat setzt sich derzeit wie folgt zusammen:<\/h2>\n<p>[\/vc_column_text][\/vc_column_inner][vc_column_inner width=&#8220;2\/3&#8243;][vc_column_text css=&#8220;&#8220;]<strong>Franz\u00f6sischsprachig<\/strong><\/p>\n<p>Axel Loup, Pr\u00e4sidium<\/p>\n<p>Ketsia Hasler, Schule und Kinder<\/p>\n<p>Paul-Albert Nobs, Vizepr\u00e4sidium und Immobilien<\/p>\n<p>Jacqueline Ramuz, Diakonie<\/p>\n<p>Walter Schoop, Finanzen und Verwaltung<\/p>\n<p>&nbsp;<\/p>\n<p><strong><em>Deutschsprachig<\/em><\/strong><\/p>\n<p>Christoph Merk, Personalwesen<\/p>\n<p>Patricia Ragonesi, Bildung und Jugendanimation<\/p>\n<p>Andreas Schor, Kirchliches Leben<\/p>\n<p>Ashley Young, Kirchliches Leben<\/p>\n<p>&nbsp;<\/p>\n<p><strong>F\u00fcr s\u00e4mtliche Kontakte ist das Kirchgemeindesekretariat zust\u00e4ndig. <\/strong>[\/vc_column_text][\/vc_column_inner][\/vc_row_inner][\/vc_column][\/vc_row]<\/p>\n<\/div>","protected":false},"excerpt":{"rendered":"<p>[vc_row el_class=&#8220;top-0&#8243;][vc_column][vc_row_inner][vc_column_inner width=&#8220;2\/3&#8243;][vc_column_text] Kirchgemeinderat [\/vc_column_text][\/vc_column_inner][vc_column_inner width=&#8220;1\/3&#8243;][\/vc_column_inner][\/vc_row_inner][\/vc_column][\/vc_row][vc_row full_width=&#8220;stretch_row&#8220; el_class=&#8220;top-0 image&#8220; css=&#8220;.vc_custom_1669106474800{background-image: url(http:\/\/www.paroisse-fribourg.ch\/wp-content\/uploads\/1_\u00a9MW_Conseil-de-paroisse_web-2.jpg?id=3323) !important;}&#8220;][vc_column][\/vc_column][\/vc_row][vc_row][vc_column][vc_row_inner][vc_column_inner width=&#8220;1\/3&#8243;][vc_column_text] Der Kirchgemeinderat setzt sich derzeit wie folgt zusammen: [\/vc_column_text][\/vc_column_inner][vc_column_inner width=&#8220;2\/3&#8243;][vc_column_text css=&#8220;&#8220;]Franz\u00f6sischsprachig Axel Loup, Pr\u00e4sidium Ketsia Hasler, Schule und Kinder Paul-Albert Nobs, Vizepr\u00e4sidium und Immobilien Jacqueline Ramuz, Diakonie Walter Schoop, Finanzen und Verwaltung &nbsp; Deutschsprachig Christoph Merk, Personalwesen Patricia Ragonesi, Bildung und Jugendanimation [&hellip;]<\/p>\n","protected":false},"author":5,"featured_media":0,"parent":3484,"menu_order":33,"comment_status":"closed","ping_status":"closed","template":"","meta":{"_acf_changed":false,"footnotes":""},"class_list":["post-3503","page","type-page","status-publish","hentry"],"acf":[],"yoast_head":"<!-- This site is optimized with the Yoast SEO plugin v24.3 - https:\/\/yoast.com\/wordpress\/plugins\/seo\/ -->\n<title>Kirchgemeinderat | Die reformierte Kirchgemeinde von Freiburg<\/title>\n<meta name=\"robots\" content=\"index, follow, max-snippet:-1, max-image-preview:large, max-video-preview:-1\" \/>\n<link rel=\"canonical\" href=\"https:\/\/www.paroisse-fribourg.ch\/de\/kontakte\/kirchgemeinderat\/\" \/>\n<meta property=\"og:locale\" content=\"de_DE\" \/>\n<meta property=\"og:type\" content=\"article\" \/>\n<meta property=\"og:title\" content=\"Kirchgemeinderat | Die reformierte Kirchgemeinde von Freiburg\" \/>\n<meta property=\"og:description\" content=\"[vc_row el_class=&#8220;top-0&#8243;][vc_column][vc_row_inner][vc_column_inner width=&#8220;2\/3&#8243;][vc_column_text] Kirchgemeinderat [\/vc_column_text][\/vc_column_inner][vc_column_inner width=&#8220;1\/3&#8243;][\/vc_column_inner][\/vc_row_inner][\/vc_column][\/vc_row][vc_row full_width=&#8220;stretch_row&#8220; el_class=&#8220;top-0 image&#8220; css=&#8220;.vc_custom_1669106474800{background-image: url(http:\/\/www.paroisse-fribourg.ch\/wp-content\/uploads\/1_\u00a9MW_Conseil-de-paroisse_web-2.jpg?id=3323) !important;}&#8220;][vc_column][\/vc_column][\/vc_row][vc_row][vc_column][vc_row_inner][vc_column_inner width=&#8220;1\/3&#8243;][vc_column_text] Der Kirchgemeinderat setzt sich derzeit wie folgt zusammen: [\/vc_column_text][\/vc_column_inner][vc_column_inner width=&#8220;2\/3&#8243;][vc_column_text css=&#8220;&#8220;]Franz\u00f6sischsprachig Axel Loup, Pr\u00e4sidium Ketsia Hasler, Schule und Kinder Paul-Albert Nobs, Vizepr\u00e4sidium und Immobilien Jacqueline Ramuz, Diakonie Walter Schoop, Finanzen und Verwaltung &nbsp; Deutschsprachig Christoph Merk, Personalwesen Patricia Ragonesi, Bildung und Jugendanimation [&hellip;]\" \/>\n<meta property=\"og:url\" content=\"https:\/\/www.paroisse-fribourg.ch\/de\/kontakte\/kirchgemeinderat\/\" \/>\n<meta property=\"og:site_name\" content=\"Die reformierte Kirchgemeinde von Freiburg\" \/>\n<meta property=\"article:modified_time\" content=\"2025-02-17T10:01:56+00:00\" \/>\n<meta name=\"twitter:card\" content=\"summary_large_image\" \/>\n<meta name=\"twitter:label1\" content=\"Gesch\u00e4tzte Lesezeit\" \/>\n\t<meta name=\"twitter:data1\" content=\"1\u00a0Minute\" \/>\n<script type=\"application\/ld+json\" class=\"yoast-schema-graph\">{\"@context\":\"https:\/\/schema.org\",\"@graph\":[{\"@type\":\"WebPage\",\"@id\":\"https:\/\/www.paroisse-fribourg.ch\/de\/kontakte\/kirchgemeinderat\/\",\"url\":\"https:\/\/www.paroisse-fribourg.ch\/de\/kontakte\/kirchgemeinderat\/\",\"name\":\"Kirchgemeinderat | Die reformierte Kirchgemeinde von Freiburg\",\"isPartOf\":{\"@id\":\"https:\/\/www.paroisse-fribourg.ch\/#website\"},\"datePublished\":\"2022-10-20T12:57:21+00:00\",\"dateModified\":\"2025-02-17T10:01:56+00:00\",\"breadcrumb\":{\"@id\":\"https:\/\/www.paroisse-fribourg.ch\/de\/kontakte\/kirchgemeinderat\/#breadcrumb\"},\"inLanguage\":\"de\",\"potentialAction\":[{\"@type\":\"ReadAction\",\"target\":[\"https:\/\/www.paroisse-fribourg.ch\/de\/kontakte\/kirchgemeinderat\/\"]}]},{\"@type\":\"BreadcrumbList\",\"@id\":\"https:\/\/www.paroisse-fribourg.ch\/de\/kontakte\/kirchgemeinderat\/#breadcrumb\",\"itemListElement\":[{\"@type\":\"ListItem\",\"position\":1,\"name\":\"Home\",\"item\":\"https:\/\/www.paroisse-fribourg.ch\/de\/3437\/\"},{\"@type\":\"ListItem\",\"position\":2,\"name\":\"Kontakte\",\"item\":\"https:\/\/www.paroisse-fribourg.ch\/de\/kontakte\/\"},{\"@type\":\"ListItem\",\"position\":3,\"name\":\"Kirchgemeinderat\"}]},{\"@type\":\"WebSite\",\"@id\":\"https:\/\/www.paroisse-fribourg.ch\/#website\",\"url\":\"https:\/\/www.paroisse-fribourg.ch\/\",\"name\":\"Die reformierte Kirchgemeinde von Freiburg\",\"description\":\"\",\"potentialAction\":[{\"@type\":\"SearchAction\",\"target\":{\"@type\":\"EntryPoint\",\"urlTemplate\":\"https:\/\/www.paroisse-fribourg.ch\/?s={search_term_string}\"},\"query-input\":{\"@type\":\"PropertyValueSpecification\",\"valueRequired\":true,\"valueName\":\"search_term_string\"}}],\"inLanguage\":\"de\"}]}<\/script>\n<!-- \/ Yoast SEO plugin. -->","yoast_head_json":{"title":"Kirchgemeinderat | Die reformierte Kirchgemeinde von Freiburg","robots":{"index":"index","follow":"follow","max-snippet":"max-snippet:-1","max-image-preview":"max-image-preview:large","max-video-preview":"max-video-preview:-1"},"canonical":"https:\/\/www.paroisse-fribourg.ch\/de\/kontakte\/kirchgemeinderat\/","og_locale":"de_DE","og_type":"article","og_title":"Kirchgemeinderat | Die reformierte Kirchgemeinde von Freiburg","og_description":"[vc_row el_class=&#8220;top-0&#8243;][vc_column][vc_row_inner][vc_column_inner width=&#8220;2\/3&#8243;][vc_column_text] Kirchgemeinderat [\/vc_column_text][\/vc_column_inner][vc_column_inner width=&#8220;1\/3&#8243;][\/vc_column_inner][\/vc_row_inner][\/vc_column][\/vc_row][vc_row full_width=&#8220;stretch_row&#8220; el_class=&#8220;top-0 image&#8220; css=&#8220;.vc_custom_1669106474800{background-image: url(http:\/\/www.paroisse-fribourg.ch\/wp-content\/uploads\/1_\u00a9MW_Conseil-de-paroisse_web-2.jpg?id=3323) !important;}&#8220;][vc_column][\/vc_column][\/vc_row][vc_row][vc_column][vc_row_inner][vc_column_inner width=&#8220;1\/3&#8243;][vc_column_text] Der Kirchgemeinderat setzt sich derzeit wie folgt zusammen: [\/vc_column_text][\/vc_column_inner][vc_column_inner width=&#8220;2\/3&#8243;][vc_column_text css=&#8220;&#8220;]Franz\u00f6sischsprachig Axel Loup, Pr\u00e4sidium Ketsia Hasler, Schule und Kinder Paul-Albert Nobs, Vizepr\u00e4sidium und Immobilien Jacqueline Ramuz, Diakonie Walter Schoop, Finanzen und Verwaltung &nbsp; Deutschsprachig Christoph Merk, Personalwesen Patricia Ragonesi, Bildung und Jugendanimation [&hellip;]","og_url":"https:\/\/www.paroisse-fribourg.ch\/de\/kontakte\/kirchgemeinderat\/","og_site_name":"Die reformierte Kirchgemeinde von Freiburg","article_modified_time":"2025-02-17T10:01:56+00:00","twitter_card":"summary_large_image","twitter_misc":{"Gesch\u00e4tzte Lesezeit":"1\u00a0Minute"},"schema":{"@context":"https:\/\/schema.org","@graph":[{"@type":"WebPage","@id":"https:\/\/www.paroisse-fribourg.ch\/de\/kontakte\/kirchgemeinderat\/","url":"https:\/\/www.paroisse-fribourg.ch\/de\/kontakte\/kirchgemeinderat\/","name":"Kirchgemeinderat | Die reformierte Kirchgemeinde von Freiburg","isPartOf":{"@id":"https:\/\/www.paroisse-fribourg.ch\/#website"},"datePublished":"2022-10-20T12:57:21+00:00","dateModified":"2025-02-17T10:01:56+00:00","breadcrumb":{"@id":"https:\/\/www.paroisse-fribourg.ch\/de\/kontakte\/kirchgemeinderat\/#breadcrumb"},"inLanguage":"de","potentialAction":[{"@type":"ReadAction","target":["https:\/\/www.paroisse-fribourg.ch\/de\/kontakte\/kirchgemeinderat\/"]}]},{"@type":"BreadcrumbList","@id":"https:\/\/www.paroisse-fribourg.ch\/de\/kontakte\/kirchgemeinderat\/#breadcrumb","itemListElement":[{"@type":"ListItem","position":1,"name":"Home","item":"https:\/\/www.paroisse-fribourg.ch\/de\/3437\/"},{"@type":"ListItem","position":2,"name":"Kontakte","item":"https:\/\/www.paroisse-fribourg.ch\/de\/kontakte\/"},{"@type":"ListItem","position":3,"name":"Kirchgemeinderat"}]},{"@type":"WebSite","@id":"https:\/\/www.paroisse-fribourg.ch\/#website","url":"https:\/\/www.paroisse-fribourg.ch\/","name":"Die reformierte Kirchgemeinde von Freiburg","description":"","potentialAction":[{"@type":"SearchAction","target":{"@type":"EntryPoint","urlTemplate":"https:\/\/www.paroisse-fribourg.ch\/?s={search_term_string}"},"query-input":{"@type":"PropertyValueSpecification","valueRequired":true,"valueName":"search_term_string"}}],"inLanguage":"de"}]}},"_links":{"self":[{"href":"https:\/\/www.paroisse-fribourg.ch\/de\/wp-json\/wp\/v2\/pages\/3503","targetHints":{"allow":["GET"]}}],"collection":[{"href":"https:\/\/www.paroisse-fribourg.ch\/de\/wp-json\/wp\/v2\/pages"}],"about":[{"href":"https:\/\/www.paroisse-fribourg.ch\/de\/wp-json\/wp\/v2\/types\/page"}],"author":[{"embeddable":true,"href":"https:\/\/www.paroisse-fribourg.ch\/de\/wp-json\/wp\/v2\/users\/5"}],"replies":[{"embeddable":true,"href":"https:\/\/www.paroisse-fribourg.ch\/de\/wp-json\/wp\/v2\/comments?post=3503"}],"version-history":[{"count":8,"href":"https:\/\/www.paroisse-fribourg.ch\/de\/wp-json\/wp\/v2\/pages\/3503\/revisions"}],"predecessor-version":[{"id":5564,"href":"https:\/\/www.paroisse-fribourg.ch\/de\/wp-json\/wp\/v2\/pages\/3503\/revisions\/5564"}],"up":[{"embeddable":true,"href":"https:\/\/www.paroisse-fribourg.ch\/de\/wp-json\/wp\/v2\/pages\/3484"}],"wp:attachment":[{"href":"https:\/\/www.paroisse-fribourg.ch\/de\/wp-json\/wp\/v2\/media?parent=3503"}],"curies":[{"name":"wp","href":"https:\/\/api.w.org\/{rel}","templated":true}]}}

<div class="wpb-content-wrapper"><p>[vc_row el_class=&#8220;top-0&#8243;][vc_column][vc_row_inner][vc_column_inner width=&#8220;2/3&#8243;][vc_column_text]</p>
<h1>Kirchgemeinderat</h1>
<p>[/vc_column_text][/vc_column_inner][vc_column_inner width=&#8220;1/3&#8243;][/vc_column_inner][/vc_row_inner][/vc_column][/vc_row][vc_row full_width=&#8220;stretch_row&#8220; el_class=&#8220;top-0 image&#8220; css=&#8220;.vc_custom_1669106474800{background-image: url(http://www.paroisse-fribourg.ch/wp-content/uploads/1_©MW_Conseil-de-paroisse_web-2.jpg?id=3323) !important;}&#8220;][vc_column][/vc_column][/vc_row][vc_row][vc_column][vc_row_inner][vc_column_inner width=&#8220;1/3&#8243;][vc_column_text]</p>
<h2>Der Kirchgemeinderat setzt sich derzeit wie folgt zusammen:</h2>
<p>[/vc_column_text][/vc_column_inner][vc_column_inner width=&#8220;2/3&#8243;][vc_column_text css=&#8220;&#8220;]<strong>Französischsprachig</strong></p>
<p>Axel Loup, Präsidium</p>
<p>Ketsia Hasler, Schule und Kinder</p>
<p>Paul-Albert Nobs, Vizepräsidium und Immobilien</p>
<p>Jacqueline Ramuz, Diakonie</p>
<p>Walter Schoop, Finanzen und Verwaltung</p>
<p>&nbsp;</p>
<p><strong><em>Deutschsprachig</em></strong></p>
<p>Christoph Merk, Personalwesen</p>
<p>Patricia Ragonesi, Bildung und Jugendanimation</p>
<p>Andreas Schor, Kirchliches Leben</p>
<p>Ashley Young, Kirchliches Leben</p>
<p>&nbsp;</p>
<p><strong>Für sämtliche Kontakte ist das Kirchgemeindesekretariat zuständig. </strong>[/vc_column_text][/vc_column_inner][/vc_row_inner][/vc_column][/vc_row]</p>
</div>

<p>[vc_row el_class=&#8220;top-0&#8243;][vc_column][vc_row_inner][vc_column_inner width=&#8220;2/3&#8243;][vc_column_text] Kirchgemeinderat [/vc_column_text][/vc_column_inner][vc_column_inner width=&#8220;1/3&#8243;][/vc_column_inner][/vc_row_inner][/vc_column][/vc_row][vc_row full_width=&#8220;stretch_row&#8220; el_class=&#8220;top-0 image&#8220; css=&#8220;.vc_custom_1669106474800{background-image: url(http://www.paroisse-fribourg.ch/wp-content/uploads/1_©MW_Conseil-de-paroisse_web-2.jpg?id=3323) !important;}&#8220;][vc_column][/vc_column][/vc_row][vc_row][vc_column][vc_row_inner][vc_column_inner width=&#8220;1/3&#8243;][vc_column_text] Der Kirchgemeinderat setzt sich derzeit wie folgt zusammen: [/vc_column_text][/vc_column_inner][vc_column_inner width=&#8220;2/3&#8243;][vc_column_text css=&#8220;&#8220;]Französischsprachig Axel Loup, Präsidium Ketsia Hasler, Schule und Kinder Paul-Albert Nobs, Vizepräsidium und Immobilien Jacqueline Ramuz, Diakonie Walter Schoop, Finanzen und Verwaltung &nbsp; Deutschsprachig Christoph Merk, Personalwesen Patricia Ragonesi, Bildung und Jugendanimation [&hellip;]</p>

<!-- This site is optimized with the Yoast SEO plugin v24.3 - https://yoast.com/wordpress/plugins/seo/ -->
<title>Kirchgemeinderat | Die reformierte Kirchgemeinde von Freiburg</title>
<meta name="robots" content="index, follow, max-snippet:-1, max-image-preview:large, max-video-preview:-1" />
<link rel="canonical" href="https://www.paroisse-fribourg.ch/de/kontakte/kirchgemeinderat/" />
<meta property="og:locale" content="de_DE" />
<meta property="og:type" content="article" />
<meta property="og:title" content="Kirchgemeinderat | Die reformierte Kirchgemeinde von Freiburg" />
<meta property="og:description" content="[vc_row el_class=&#8220;top-0&#8243;][vc_column][vc_row_inner][vc_column_inner width=&#8220;2/3&#8243;][vc_column_text] Kirchgemeinderat [/vc_column_text][/vc_column_inner][vc_column_inner width=&#8220;1/3&#8243;][/vc_column_inner][/vc_row_inner][/vc_column][/vc_row][vc_row full_width=&#8220;stretch_row&#8220; el_class=&#8220;top-0 image&#8220; css=&#8220;.vc_custom_1669106474800{background-image: url(http://www.paroisse-fribourg.ch/wp-content/uploads/1_©MW_Conseil-de-paroisse_web-2.jpg?id=3323) !important;}&#8220;][vc_column][/vc_column][/vc_row][vc_row][vc_column][vc_row_inner][vc_column_inner width=&#8220;1/3&#8243;][vc_column_text] Der Kirchgemeinderat setzt sich derzeit wie folgt zusammen: [/vc_column_text][/vc_column_inner][vc_column_inner width=&#8220;2/3&#8243;][vc_column_text css=&#8220;&#8220;]Französischsprachig Axel Loup, Präsidium Ketsia Hasler, Schule und Kinder Paul-Albert Nobs, Vizepräsidium und Immobilien Jacqueline Ramuz, Diakonie Walter Schoop, Finanzen und Verwaltung &nbsp; Deutschsprachig Christoph Merk, Personalwesen Patricia Ragonesi, Bildung und Jugendanimation [&hellip;]" />
<meta property="og:url" content="https://www.paroisse-fribourg.ch/de/kontakte/kirchgemeinderat/" />
<meta property="og:site_name" content="Die reformierte Kirchgemeinde von Freiburg" />
<meta property="article:modified_time" content="2025-02-17T10:01:56+00:00" />
<meta name="twitter:card" content="summary_large_image" />
<meta name="twitter:label1" content="Geschätzte Lesezeit" />
	<meta name="twitter:data1" content="1 Minute" />
<script type="application/ld+json" class="yoast-schema-graph">{"@context":"https://schema.org","@graph":[{"@type":"WebPage","@id":"https://www.paroisse-fribourg.ch/de/kontakte/kirchgemeinderat/","url":"https://www.paroisse-fribourg.ch/de/kontakte/kirchgemeinderat/","name":"Kirchgemeinderat | Die reformierte Kirchgemeinde von Freiburg","isPartOf":{"@id":"https://www.paroisse-fribourg.ch/#website"},"datePublished":"2022-10-20T12:57:21+00:00","dateModified":"2025-02-17T10:01:56+00:00","breadcrumb":{"@id":"https://www.paroisse-fribourg.ch/de/kontakte/kirchgemeinderat/#breadcrumb"},"inLanguage":"de","potentialAction":[{"@type":"ReadAction","target":["https://www.paroisse-fribourg.ch/de/kontakte/kirchgemeinderat/"]}]},{"@type":"BreadcrumbList","@id":"https://www.paroisse-fribourg.ch/de/kontakte/kirchgemeinderat/#breadcrumb","itemListElement":[{"@type":"ListItem","position":1,"name":"Home","item":"https://www.paroisse-fribourg.ch/de/3437/"},{"@type":"ListItem","position":2,"name":"Kontakte","item":"https://www.paroisse-fribourg.ch/de/kontakte/"},{"@type":"ListItem","position":3,"name":"Kirchgemeinderat"}]},{"@type":"WebSite","@id":"https://www.paroisse-fribourg.ch/#website","url":"https://www.paroisse-fribourg.ch/","name":"Die reformierte Kirchgemeinde von Freiburg","description":"","potentialAction":[{"@type":"SearchAction","target":{"@type":"EntryPoint","urlTemplate":"https://www.paroisse-fribourg.ch/?s={search_term_string}"},"query-input":{"@type":"PropertyValueSpecification","valueRequired":true,"valueName":"search_term_string"}}],"inLanguage":"de"}]}</script>
<!-- / Yoast SEO plugin. -->

[vc_row el_class=&#8220;top-0&#8243;][vc_column][vc_row_inner][vc_column_inner width=&#8220;2/3&#8243;][vc_column_text] Kirchgemeinderat [/vc_column_text][/vc_column_inner][vc_column_inner width=&#8220;1/3&#8243;][/vc_column_inner][/vc_row_inner][/vc_column][/vc_row][vc_row full_width=&#8220;stretch_row&#8220; el_class=&#8220;top-0 image&#8220; css=&#8220;.vc_custom_1669106474800{background-image: url(http://www.paroisse-fribourg.ch/wp-content/uploads/1_©MW_Conseil-de-paroisse_web-2.jpg?id=3323) !important;}&#8220;][vc_column][/vc_column][/vc_row][vc_row][vc_column][vc_row_inner][vc_column_inner width=&#8220;1/3&#8243;][vc_column_text] Der Kirchgemeinderat setzt sich derzeit wie folgt zusammen: [/vc_column_text][/vc_column_inner][vc_column_inner width=&#8220;2/3&#8243;][vc_column_text css=&#8220;&#8220;]Französischsprachig Axel Loup, Präsidium Ketsia Hasler, Schule und Kinder Paul-Albert Nobs, Vizepräsidium und Immobilien Jacqueline Ramuz, Diakonie Walter Schoop, Finanzen und Verwaltung &nbsp; Deutschsprachig Christoph Merk, Personalwesen Patricia Ragonesi, Bildung und Jugendanimation [&hellip;]
