{"id":3484,"date":"2020-12-07T17:37:35","date_gmt":"2020-12-07T15:37:35","guid":{"rendered":"http:\/\/www.paroisse-fribourg.ch\/contacts\/"},"modified":"2022-11-28T16:23:54","modified_gmt":"2022-11-28T14:23:54","slug":"kontakte","status":"publish","type":"page","link":"https:\/\/www.paroisse-fribourg.ch\/de\/kontakte\/","title":{"rendered":"Kontakte"},"content":{"rendered":"","protected":false},"excerpt":{"rendered":"","protected":false},"author":5,"featured_media":0,"parent":0,"menu_order":29,"comment_status":"closed","ping_status":"closed","template":"","meta":{"_acf_changed":false,"footnotes":""},"class_list":["post-3484","page","type-page","status-publish","hentry"],"acf":[],"yoast_head":"<!-- This site is optimized with the Yoast SEO plugin v24.3 - https:\/\/yoast.com\/wordpress\/plugins\/seo\/ -->\n<title>Die reformierte Kirchgemeinde von Freiburg | Contactez-nous<\/title>\n<meta name=\"description\" content=\"Les pasteur-e-s de la paroisse se tiennent \u00e0 votre disposition pour une promenade, une discussion par t\u00e9l\u00e9phone etc. N&#039;h\u00e9sitez pas \u00e0 prendre contact avec eux.\" \/>\n<meta name=\"robots\" content=\"index, follow, max-snippet:-1, max-image-preview:large, max-video-preview:-1\" \/>\n<link rel=\"canonical\" href=\"https:\/\/www.paroisse-fribourg.ch\/de\/kontakte\/\" \/>\n<meta property=\"og:locale\" content=\"de_DE\" \/>\n<meta property=\"og:type\" content=\"article\" \/>\n<meta property=\"og:title\" content=\"Die reformierte Kirchgemeinde von Freiburg | Contactez-nous\" \/>\n<meta property=\"og:description\" content=\"Les pasteur-e-s de la paroisse se tiennent \u00e0 votre disposition pour une promenade, une discussion par t\u00e9l\u00e9phone etc. N&#039;h\u00e9sitez pas \u00e0 prendre contact avec eux.\" \/>\n<meta property=\"og:url\" content=\"https:\/\/www.paroisse-fribourg.ch\/de\/kontakte\/\" \/>\n<meta property=\"og:site_name\" content=\"Die reformierte Kirchgemeinde von Freiburg\" \/>\n<meta property=\"article:modified_time\" content=\"2022-11-28T14:23:54+00:00\" \/>\n<meta name=\"twitter:card\" content=\"summary_large_image\" \/>\n<script type=\"application\/ld+json\" class=\"yoast-schema-graph\">{\"@context\":\"https:\/\/schema.org\",\"@graph\":[{\"@type\":\"WebPage\",\"@id\":\"https:\/\/www.paroisse-fribourg.ch\/de\/kontakte\/\",\"url\":\"https:\/\/www.paroisse-fribourg.ch\/de\/kontakte\/\",\"name\":\"Die reformierte Kirchgemeinde von Freiburg | Contactez-nous\",\"isPartOf\":{\"@id\":\"https:\/\/www.paroisse-fribourg.ch\/#website\"},\"datePublished\":\"2020-12-07T15:37:35+00:00\",\"dateModified\":\"2022-11-28T14:23:54+00:00\",\"description\":\"Les pasteur-e-s de la paroisse se tiennent \u00e0 votre disposition pour une promenade, une discussion par t\u00e9l\u00e9phone etc. N'h\u00e9sitez pas \u00e0 prendre contact avec eux.\",\"breadcrumb\":{\"@id\":\"https:\/\/www.paroisse-fribourg.ch\/de\/kontakte\/#breadcrumb\"},\"inLanguage\":\"de\",\"potentialAction\":[{\"@type\":\"ReadAction\",\"target\":[\"https:\/\/www.paroisse-fribourg.ch\/de\/kontakte\/\"]}]},{\"@type\":\"BreadcrumbList\",\"@id\":\"https:\/\/www.paroisse-fribourg.ch\/de\/kontakte\/#breadcrumb\",\"itemListElement\":[{\"@type\":\"ListItem\",\"position\":1,\"name\":\"Home\",\"item\":\"https:\/\/www.paroisse-fribourg.ch\/de\/3437\/\"},{\"@type\":\"ListItem\",\"position\":2,\"name\":\"Kontakte\"}]},{\"@type\":\"WebSite\",\"@id\":\"https:\/\/www.paroisse-fribourg.ch\/#website\",\"url\":\"https:\/\/www.paroisse-fribourg.ch\/\",\"name\":\"Die reformierte Kirchgemeinde von Freiburg\",\"description\":\"\",\"potentialAction\":[{\"@type\":\"SearchAction\",\"target\":{\"@type\":\"EntryPoint\",\"urlTemplate\":\"https:\/\/www.paroisse-fribourg.ch\/?s={search_term_string}\"},\"query-input\":{\"@type\":\"PropertyValueSpecification\",\"valueRequired\":true,\"valueName\":\"search_term_string\"}}],\"inLanguage\":\"de\"}]}<\/script>\n<!-- \/ Yoast SEO plugin. -->","yoast_head_json":{"title":"Die reformierte Kirchgemeinde von Freiburg | Contactez-nous","description":"Les pasteur-e-s de la paroisse se tiennent \u00e0 votre disposition pour une promenade, une discussion par t\u00e9l\u00e9phone etc. N'h\u00e9sitez pas \u00e0 prendre contact avec eux.","robots":{"index":"index","follow":"follow","max-snippet":"max-snippet:-1","max-image-preview":"max-image-preview:large","max-video-preview":"max-video-preview:-1"},"canonical":"https:\/\/www.paroisse-fribourg.ch\/de\/kontakte\/","og_locale":"de_DE","og_type":"article","og_title":"Die reformierte Kirchgemeinde von Freiburg | Contactez-nous","og_description":"Les pasteur-e-s de la paroisse se tiennent \u00e0 votre disposition pour une promenade, une discussion par t\u00e9l\u00e9phone etc. N'h\u00e9sitez pas \u00e0 prendre contact avec eux.","og_url":"https:\/\/www.paroisse-fribourg.ch\/de\/kontakte\/","og_site_name":"Die reformierte Kirchgemeinde von Freiburg","article_modified_time":"2022-11-28T14:23:54+00:00","twitter_card":"summary_large_image","schema":{"@context":"https:\/\/schema.org","@graph":[{"@type":"WebPage","@id":"https:\/\/www.paroisse-fribourg.ch\/de\/kontakte\/","url":"https:\/\/www.paroisse-fribourg.ch\/de\/kontakte\/","name":"Die reformierte Kirchgemeinde von Freiburg | Contactez-nous","isPartOf":{"@id":"https:\/\/www.paroisse-fribourg.ch\/#website"},"datePublished":"2020-12-07T15:37:35+00:00","dateModified":"2022-11-28T14:23:54+00:00","description":"Les pasteur-e-s de la paroisse se tiennent \u00e0 votre disposition pour une promenade, une discussion par t\u00e9l\u00e9phone etc. N'h\u00e9sitez pas \u00e0 prendre contact avec eux.","breadcrumb":{"@id":"https:\/\/www.paroisse-fribourg.ch\/de\/kontakte\/#breadcrumb"},"inLanguage":"de","potentialAction":[{"@type":"ReadAction","target":["https:\/\/www.paroisse-fribourg.ch\/de\/kontakte\/"]}]},{"@type":"BreadcrumbList","@id":"https:\/\/www.paroisse-fribourg.ch\/de\/kontakte\/#breadcrumb","itemListElement":[{"@type":"ListItem","position":1,"name":"Home","item":"https:\/\/www.paroisse-fribourg.ch\/de\/3437\/"},{"@type":"ListItem","position":2,"name":"Kontakte"}]},{"@type":"WebSite","@id":"https:\/\/www.paroisse-fribourg.ch\/#website","url":"https:\/\/www.paroisse-fribourg.ch\/","name":"Die reformierte Kirchgemeinde von Freiburg","description":"","potentialAction":[{"@type":"SearchAction","target":{"@type":"EntryPoint","urlTemplate":"https:\/\/www.paroisse-fribourg.ch\/?s={search_term_string}"},"query-input":{"@type":"PropertyValueSpecification","valueRequired":true,"valueName":"search_term_string"}}],"inLanguage":"de"}]}},"_links":{"self":[{"href":"https:\/\/www.paroisse-fribourg.ch\/de\/wp-json\/wp\/v2\/pages\/3484","targetHints":{"allow":["GET"]}}],"collection":[{"href":"https:\/\/www.paroisse-fribourg.ch\/de\/wp-json\/wp\/v2\/pages"}],"about":[{"href":"https:\/\/www.paroisse-fribourg.ch\/de\/wp-json\/wp\/v2\/types\/page"}],"author":[{"embeddable":true,"href":"https:\/\/www.paroisse-fribourg.ch\/de\/wp-json\/wp\/v2\/users\/5"}],"replies":[{"embeddable":true,"href":"https:\/\/www.paroisse-fribourg.ch\/de\/wp-json\/wp\/v2\/comments?post=3484"}],"version-history":[{"count":1,"href":"https:\/\/www.paroisse-fribourg.ch\/de\/wp-json\/wp\/v2\/pages\/3484\/revisions"}],"predecessor-version":[{"id":3485,"href":"https:\/\/www.paroisse-fribourg.ch\/de\/wp-json\/wp\/v2\/pages\/3484\/revisions\/3485"}],"wp:attachment":[{"href":"https:\/\/www.paroisse-fribourg.ch\/de\/wp-json\/wp\/v2\/media?parent=3484"}],"curies":[{"name":"wp","href":"https:\/\/api.w.org\/{rel}","templated":true}]}}

<!-- This site is optimized with the Yoast SEO plugin v24.3 - https://yoast.com/wordpress/plugins/seo/ -->
<title>Die reformierte Kirchgemeinde von Freiburg | Contactez-nous</title>
<meta name="description" content="Les pasteur-e-s de la paroisse se tiennent à votre disposition pour une promenade, une discussion par téléphone etc. N&#039;hésitez pas à prendre contact avec eux." />
<meta name="robots" content="index, follow, max-snippet:-1, max-image-preview:large, max-video-preview:-1" />
<link rel="canonical" href="https://www.paroisse-fribourg.ch/de/kontakte/" />
<meta property="og:locale" content="de_DE" />
<meta property="og:type" content="article" />
<meta property="og:title" content="Die reformierte Kirchgemeinde von Freiburg | Contactez-nous" />
<meta property="og:description" content="Les pasteur-e-s de la paroisse se tiennent à votre disposition pour une promenade, une discussion par téléphone etc. N&#039;hésitez pas à prendre contact avec eux." />
<meta property="og:url" content="https://www.paroisse-fribourg.ch/de/kontakte/" />
<meta property="og:site_name" content="Die reformierte Kirchgemeinde von Freiburg" />
<meta property="article:modified_time" content="2022-11-28T14:23:54+00:00" />
<meta name="twitter:card" content="summary_large_image" />
<script type="application/ld+json" class="yoast-schema-graph">{"@context":"https://schema.org","@graph":[{"@type":"WebPage","@id":"https://www.paroisse-fribourg.ch/de/kontakte/","url":"https://www.paroisse-fribourg.ch/de/kontakte/","name":"Die reformierte Kirchgemeinde von Freiburg | Contactez-nous","isPartOf":{"@id":"https://www.paroisse-fribourg.ch/#website"},"datePublished":"2020-12-07T15:37:35+00:00","dateModified":"2022-11-28T14:23:54+00:00","description":"Les pasteur-e-s de la paroisse se tiennent à votre disposition pour une promenade, une discussion par téléphone etc. N'hésitez pas à prendre contact avec eux.","breadcrumb":{"@id":"https://www.paroisse-fribourg.ch/de/kontakte/#breadcrumb"},"inLanguage":"de","potentialAction":[{"@type":"ReadAction","target":["https://www.paroisse-fribourg.ch/de/kontakte/"]}]},{"@type":"BreadcrumbList","@id":"https://www.paroisse-fribourg.ch/de/kontakte/#breadcrumb","itemListElement":[{"@type":"ListItem","position":1,"name":"Home","item":"https://www.paroisse-fribourg.ch/de/3437/"},{"@type":"ListItem","position":2,"name":"Kontakte"}]},{"@type":"WebSite","@id":"https://www.paroisse-fribourg.ch/#website","url":"https://www.paroisse-fribourg.ch/","name":"Die reformierte Kirchgemeinde von Freiburg","description":"","potentialAction":[{"@type":"SearchAction","target":{"@type":"EntryPoint","urlTemplate":"https://www.paroisse-fribourg.ch/?s={search_term_string}"},"query-input":{"@type":"PropertyValueSpecification","valueRequired":true,"valueName":"search_term_string"}}],"inLanguage":"de"}]}</script>
<!-- / Yoast SEO plugin. -->

Les pasteur-e-s de la paroisse se tiennent à votre disposition pour une promenade, une discussion par téléphone etc. N'hésitez pas à prendre contact avec eux.
