{"id":3477,"date":"2022-10-20T14:27:01","date_gmt":"2022-10-20T12:27:01","guid":{"rendered":"http:\/\/www.paroisse-fribourg.ch\/im-lauf-des-lebens\/bureau-social\/"},"modified":"2022-11-30T10:49:13","modified_gmt":"2022-11-30T08:49:13","slug":"sozialbuero","status":"publish","type":"page","link":"https:\/\/www.paroisse-fribourg.ch\/de\/im-lauf-des-lebens\/sozialbuero\/","title":{"rendered":"Sozialb\u00fcro"},"content":{"rendered":"<div class=\"wpb-content-wrapper\"><p>[vc_row el_class=&#8220;top-0&#8243;][vc_column][vc_row_inner][vc_column_inner width=&#8220;2\/3&#8243;][vc_column_text]<\/p>\n<h1>Sozialb\u00fcro<\/h1>\n<p>Wenn Lebensumst\u00e4nde Sie daran hindern, trotz Unterst\u00fctzung durch die Sozialhilfe in W\u00fcrde zu leben, kann die Kirchgemeinde Ihnen in einem schwierigen Moment helfen.[\/vc_column_text][\/vc_column_inner][vc_column_inner width=&#8220;1\/3&#8243;][\/vc_column_inner][\/vc_row_inner][\/vc_column][\/vc_row][vc_row full_width=&#8220;stretch_row&#8220; el_class=&#8220;top-0 image&#8220; css=&#8220;.vc_custom_1668778075338{background-image: url(http:\/\/www.paroisse-fribourg.ch\/wp-content\/uploads\/1_bureau-social.jpg?id=3240) !important;}&#8220;][vc_column][\/vc_column][\/vc_row][vc_row][vc_column][vc_row_inner][vc_column_inner][vc_column_text]Das Sozialb\u00fcro der Reformierten Kirchengemeinde Freiburg unterst\u00fctzt punktuell unter bestimmten Voraussetzungen Menschen, die im Saanebezirk wohnhaft sind. Es handelt sich dabei um eine subsidi\u00e4re und erg\u00e4nzende Massnahme zu den Leistungen der Versicherungen und Sozialdienste.<\/p>\n<p>Auch die Betreuung von Kleinkindern, die tags\u00fcber nicht von Ihren Eltern betreut werden k\u00f6nnen, stehen Gelder zur Verf\u00fcgung.<\/p>\n<p><strong>F\u00fcr diese Anfragen wenden Sie sich bitte an das Sekretariat der Kirchgemeinde.<\/strong>[\/vc_column_text][\/vc_column_inner][\/vc_row_inner][\/vc_column][\/vc_row]<\/p>\n<\/div>","protected":false},"excerpt":{"rendered":"<p>[vc_row el_class=&#8220;top-0&#8243;][vc_column][vc_row_inner][vc_column_inner width=&#8220;2\/3&#8243;][vc_column_text] Sozialb\u00fcro Wenn Lebensumst\u00e4nde Sie daran hindern, trotz Unterst\u00fctzung durch die Sozialhilfe in W\u00fcrde zu leben, kann die Kirchgemeinde Ihnen in einem schwierigen Moment helfen.[\/vc_column_text][\/vc_column_inner][vc_column_inner width=&#8220;1\/3&#8243;][\/vc_column_inner][\/vc_row_inner][\/vc_column][\/vc_row][vc_row full_width=&#8220;stretch_row&#8220; el_class=&#8220;top-0 image&#8220; css=&#8220;.vc_custom_1668778075338{background-image: url(http:\/\/www.paroisse-fribourg.ch\/wp-content\/uploads\/1_bureau-social.jpg?id=3240) !important;}&#8220;][vc_column][\/vc_column][\/vc_row][vc_row][vc_column][vc_row_inner][vc_column_inner][vc_column_text]Das Sozialb\u00fcro der Reformierten Kirchengemeinde Freiburg unterst\u00fctzt punktuell unter bestimmten Voraussetzungen Menschen, die im Saanebezirk wohnhaft sind. Es handelt sich dabei um [&hellip;]<\/p>\n","protected":false},"author":5,"featured_media":0,"parent":3439,"menu_order":6,"comment_status":"closed","ping_status":"closed","template":"","meta":{"_acf_changed":false,"footnotes":""},"class_list":["post-3477","page","type-page","status-publish","hentry"],"acf":[],"yoast_head":"<!-- This site is optimized with the Yoast SEO plugin v24.3 - https:\/\/yoast.com\/wordpress\/plugins\/seo\/ -->\n<title>Sozialb\u00fcro | Die reformierte Kirchgemeinde von Freiburg<\/title>\n<meta name=\"description\" content=\"Wenn Lebensumst\u00e4nde Sie daran hindern, trotz Unterst\u00fctzung durch die Sozialhilfe in W\u00fcrde zu leben, kann die Kirchgemeinde Ihnen in einem schwierigen Moment helfen.\" \/>\n<meta name=\"robots\" content=\"index, follow, max-snippet:-1, max-image-preview:large, max-video-preview:-1\" \/>\n<link rel=\"canonical\" href=\"https:\/\/www.paroisse-fribourg.ch\/de\/im-lauf-des-lebens\/sozialbuero\/\" \/>\n<meta property=\"og:locale\" content=\"de_DE\" \/>\n<meta property=\"og:type\" content=\"article\" \/>\n<meta property=\"og:title\" content=\"Sozialb\u00fcro | Die reformierte Kirchgemeinde von Freiburg\" \/>\n<meta property=\"og:description\" content=\"Wenn Lebensumst\u00e4nde Sie daran hindern, trotz Unterst\u00fctzung durch die Sozialhilfe in W\u00fcrde zu leben, kann die Kirchgemeinde Ihnen in einem schwierigen Moment helfen.\" \/>\n<meta property=\"og:url\" content=\"https:\/\/www.paroisse-fribourg.ch\/de\/im-lauf-des-lebens\/sozialbuero\/\" \/>\n<meta property=\"og:site_name\" content=\"Die reformierte Kirchgemeinde von Freiburg\" \/>\n<meta property=\"article:modified_time\" content=\"2022-11-30T08:49:13+00:00\" \/>\n<meta name=\"twitter:card\" content=\"summary_large_image\" \/>\n<meta name=\"twitter:label1\" content=\"Gesch\u00e4tzte Lesezeit\" \/>\n\t<meta name=\"twitter:data1\" content=\"1\u00a0Minute\" \/>\n<script type=\"application\/ld+json\" class=\"yoast-schema-graph\">{\"@context\":\"https:\/\/schema.org\",\"@graph\":[{\"@type\":\"WebPage\",\"@id\":\"https:\/\/www.paroisse-fribourg.ch\/de\/im-lauf-des-lebens\/sozialbuero\/\",\"url\":\"https:\/\/www.paroisse-fribourg.ch\/de\/im-lauf-des-lebens\/sozialbuero\/\",\"name\":\"Sozialb\u00fcro | Die reformierte Kirchgemeinde von Freiburg\",\"isPartOf\":{\"@id\":\"https:\/\/www.paroisse-fribourg.ch\/#website\"},\"datePublished\":\"2022-10-20T12:27:01+00:00\",\"dateModified\":\"2022-11-30T08:49:13+00:00\",\"description\":\"Wenn Lebensumst\u00e4nde Sie daran hindern, trotz Unterst\u00fctzung durch die Sozialhilfe in W\u00fcrde zu leben, kann die Kirchgemeinde Ihnen in einem schwierigen Moment helfen.\",\"breadcrumb\":{\"@id\":\"https:\/\/www.paroisse-fribourg.ch\/de\/im-lauf-des-lebens\/sozialbuero\/#breadcrumb\"},\"inLanguage\":\"de\",\"potentialAction\":[{\"@type\":\"ReadAction\",\"target\":[\"https:\/\/www.paroisse-fribourg.ch\/de\/im-lauf-des-lebens\/sozialbuero\/\"]}]},{\"@type\":\"BreadcrumbList\",\"@id\":\"https:\/\/www.paroisse-fribourg.ch\/de\/im-lauf-des-lebens\/sozialbuero\/#breadcrumb\",\"itemListElement\":[{\"@type\":\"ListItem\",\"position\":1,\"name\":\"Home\",\"item\":\"https:\/\/www.paroisse-fribourg.ch\/de\/3437\/\"},{\"@type\":\"ListItem\",\"position\":2,\"name\":\"Im Lauf des Lebens\",\"item\":\"https:\/\/www.paroisse-fribourg.ch\/de\/im-lauf-des-lebens\/\"},{\"@type\":\"ListItem\",\"position\":3,\"name\":\"Sozialb\u00fcro\"}]},{\"@type\":\"WebSite\",\"@id\":\"https:\/\/www.paroisse-fribourg.ch\/#website\",\"url\":\"https:\/\/www.paroisse-fribourg.ch\/\",\"name\":\"Die reformierte Kirchgemeinde von Freiburg\",\"description\":\"\",\"potentialAction\":[{\"@type\":\"SearchAction\",\"target\":{\"@type\":\"EntryPoint\",\"urlTemplate\":\"https:\/\/www.paroisse-fribourg.ch\/?s={search_term_string}\"},\"query-input\":{\"@type\":\"PropertyValueSpecification\",\"valueRequired\":true,\"valueName\":\"search_term_string\"}}],\"inLanguage\":\"de\"}]}<\/script>\n<!-- \/ Yoast SEO plugin. -->","yoast_head_json":{"title":"Sozialb\u00fcro | Die reformierte Kirchgemeinde von Freiburg","description":"Wenn Lebensumst\u00e4nde Sie daran hindern, trotz Unterst\u00fctzung durch die Sozialhilfe in W\u00fcrde zu leben, kann die Kirchgemeinde Ihnen in einem schwierigen Moment helfen.","robots":{"index":"index","follow":"follow","max-snippet":"max-snippet:-1","max-image-preview":"max-image-preview:large","max-video-preview":"max-video-preview:-1"},"canonical":"https:\/\/www.paroisse-fribourg.ch\/de\/im-lauf-des-lebens\/sozialbuero\/","og_locale":"de_DE","og_type":"article","og_title":"Sozialb\u00fcro | Die reformierte Kirchgemeinde von Freiburg","og_description":"Wenn Lebensumst\u00e4nde Sie daran hindern, trotz Unterst\u00fctzung durch die Sozialhilfe in W\u00fcrde zu leben, kann die Kirchgemeinde Ihnen in einem schwierigen Moment helfen.","og_url":"https:\/\/www.paroisse-fribourg.ch\/de\/im-lauf-des-lebens\/sozialbuero\/","og_site_name":"Die reformierte Kirchgemeinde von Freiburg","article_modified_time":"2022-11-30T08:49:13+00:00","twitter_card":"summary_large_image","twitter_misc":{"Gesch\u00e4tzte Lesezeit":"1\u00a0Minute"},"schema":{"@context":"https:\/\/schema.org","@graph":[{"@type":"WebPage","@id":"https:\/\/www.paroisse-fribourg.ch\/de\/im-lauf-des-lebens\/sozialbuero\/","url":"https:\/\/www.paroisse-fribourg.ch\/de\/im-lauf-des-lebens\/sozialbuero\/","name":"Sozialb\u00fcro | Die reformierte Kirchgemeinde von Freiburg","isPartOf":{"@id":"https:\/\/www.paroisse-fribourg.ch\/#website"},"datePublished":"2022-10-20T12:27:01+00:00","dateModified":"2022-11-30T08:49:13+00:00","description":"Wenn Lebensumst\u00e4nde Sie daran hindern, trotz Unterst\u00fctzung durch die Sozialhilfe in W\u00fcrde zu leben, kann die Kirchgemeinde Ihnen in einem schwierigen Moment helfen.","breadcrumb":{"@id":"https:\/\/www.paroisse-fribourg.ch\/de\/im-lauf-des-lebens\/sozialbuero\/#breadcrumb"},"inLanguage":"de","potentialAction":[{"@type":"ReadAction","target":["https:\/\/www.paroisse-fribourg.ch\/de\/im-lauf-des-lebens\/sozialbuero\/"]}]},{"@type":"BreadcrumbList","@id":"https:\/\/www.paroisse-fribourg.ch\/de\/im-lauf-des-lebens\/sozialbuero\/#breadcrumb","itemListElement":[{"@type":"ListItem","position":1,"name":"Home","item":"https:\/\/www.paroisse-fribourg.ch\/de\/3437\/"},{"@type":"ListItem","position":2,"name":"Im Lauf des Lebens","item":"https:\/\/www.paroisse-fribourg.ch\/de\/im-lauf-des-lebens\/"},{"@type":"ListItem","position":3,"name":"Sozialb\u00fcro"}]},{"@type":"WebSite","@id":"https:\/\/www.paroisse-fribourg.ch\/#website","url":"https:\/\/www.paroisse-fribourg.ch\/","name":"Die reformierte Kirchgemeinde von Freiburg","description":"","potentialAction":[{"@type":"SearchAction","target":{"@type":"EntryPoint","urlTemplate":"https:\/\/www.paroisse-fribourg.ch\/?s={search_term_string}"},"query-input":{"@type":"PropertyValueSpecification","valueRequired":true,"valueName":"search_term_string"}}],"inLanguage":"de"}]}},"_links":{"self":[{"href":"https:\/\/www.paroisse-fribourg.ch\/de\/wp-json\/wp\/v2\/pages\/3477","targetHints":{"allow":["GET"]}}],"collection":[{"href":"https:\/\/www.paroisse-fribourg.ch\/de\/wp-json\/wp\/v2\/pages"}],"about":[{"href":"https:\/\/www.paroisse-fribourg.ch\/de\/wp-json\/wp\/v2\/types\/page"}],"author":[{"embeddable":true,"href":"https:\/\/www.paroisse-fribourg.ch\/de\/wp-json\/wp\/v2\/users\/5"}],"replies":[{"embeddable":true,"href":"https:\/\/www.paroisse-fribourg.ch\/de\/wp-json\/wp\/v2\/comments?post=3477"}],"version-history":[{"count":2,"href":"https:\/\/www.paroisse-fribourg.ch\/de\/wp-json\/wp\/v2\/pages\/3477\/revisions"}],"predecessor-version":[{"id":3479,"href":"https:\/\/www.paroisse-fribourg.ch\/de\/wp-json\/wp\/v2\/pages\/3477\/revisions\/3479"}],"up":[{"embeddable":true,"href":"https:\/\/www.paroisse-fribourg.ch\/de\/wp-json\/wp\/v2\/pages\/3439"}],"wp:attachment":[{"href":"https:\/\/www.paroisse-fribourg.ch\/de\/wp-json\/wp\/v2\/media?parent=3477"}],"curies":[{"name":"wp","href":"https:\/\/api.w.org\/{rel}","templated":true}]}}

Sozialbüro

<div class="wpb-content-wrapper"><p>[vc_row el_class=&#8220;top-0&#8243;][vc_column][vc_row_inner][vc_column_inner width=&#8220;2/3&#8243;][vc_column_text]</p>
<h1>Sozialbüro</h1>
<p>Wenn Lebensumstände Sie daran hindern, trotz Unterstützung durch die Sozialhilfe in Würde zu leben, kann die Kirchgemeinde Ihnen in einem schwierigen Moment helfen.[/vc_column_text][/vc_column_inner][vc_column_inner width=&#8220;1/3&#8243;][/vc_column_inner][/vc_row_inner][/vc_column][/vc_row][vc_row full_width=&#8220;stretch_row&#8220; el_class=&#8220;top-0 image&#8220; css=&#8220;.vc_custom_1668778075338{background-image: url(http://www.paroisse-fribourg.ch/wp-content/uploads/1_bureau-social.jpg?id=3240) !important;}&#8220;][vc_column][/vc_column][/vc_row][vc_row][vc_column][vc_row_inner][vc_column_inner][vc_column_text]Das Sozialbüro der Reformierten Kirchengemeinde Freiburg unterstützt punktuell unter bestimmten Voraussetzungen Menschen, die im Saanebezirk wohnhaft sind. Es handelt sich dabei um eine subsidiäre und ergänzende Massnahme zu den Leistungen der Versicherungen und Sozialdienste.</p>
<p>Auch die Betreuung von Kleinkindern, die tagsüber nicht von Ihren Eltern betreut werden können, stehen Gelder zur Verfügung.</p>
<p><strong>Für diese Anfragen wenden Sie sich bitte an das Sekretariat der Kirchgemeinde.</strong>[/vc_column_text][/vc_column_inner][/vc_row_inner][/vc_column][/vc_row]</p>
</div>

<p>[vc_row el_class=&#8220;top-0&#8243;][vc_column][vc_row_inner][vc_column_inner width=&#8220;2/3&#8243;][vc_column_text] Sozialbüro Wenn Lebensumstände Sie daran hindern, trotz Unterstützung durch die Sozialhilfe in Würde zu leben, kann die Kirchgemeinde Ihnen in einem schwierigen Moment helfen.[/vc_column_text][/vc_column_inner][vc_column_inner width=&#8220;1/3&#8243;][/vc_column_inner][/vc_row_inner][/vc_column][/vc_row][vc_row full_width=&#8220;stretch_row&#8220; el_class=&#8220;top-0 image&#8220; css=&#8220;.vc_custom_1668778075338{background-image: url(http://www.paroisse-fribourg.ch/wp-content/uploads/1_bureau-social.jpg?id=3240) !important;}&#8220;][vc_column][/vc_column][/vc_row][vc_row][vc_column][vc_row_inner][vc_column_inner][vc_column_text]Das Sozialbüro der Reformierten Kirchengemeinde Freiburg unterstützt punktuell unter bestimmten Voraussetzungen Menschen, die im Saanebezirk wohnhaft sind. Es handelt sich dabei um [&hellip;]</p>

<!-- This site is optimized with the Yoast SEO plugin v24.3 - https://yoast.com/wordpress/plugins/seo/ -->
<title>Sozialbüro | Die reformierte Kirchgemeinde von Freiburg</title>
<meta name="description" content="Wenn Lebensumstände Sie daran hindern, trotz Unterstützung durch die Sozialhilfe in Würde zu leben, kann die Kirchgemeinde Ihnen in einem schwierigen Moment helfen." />
<meta name="robots" content="index, follow, max-snippet:-1, max-image-preview:large, max-video-preview:-1" />
<link rel="canonical" href="https://www.paroisse-fribourg.ch/de/im-lauf-des-lebens/sozialbuero/" />
<meta property="og:locale" content="de_DE" />
<meta property="og:type" content="article" />
<meta property="og:title" content="Sozialbüro | Die reformierte Kirchgemeinde von Freiburg" />
<meta property="og:description" content="Wenn Lebensumstände Sie daran hindern, trotz Unterstützung durch die Sozialhilfe in Würde zu leben, kann die Kirchgemeinde Ihnen in einem schwierigen Moment helfen." />
<meta property="og:url" content="https://www.paroisse-fribourg.ch/de/im-lauf-des-lebens/sozialbuero/" />
<meta property="og:site_name" content="Die reformierte Kirchgemeinde von Freiburg" />
<meta property="article:modified_time" content="2022-11-30T08:49:13+00:00" />
<meta name="twitter:card" content="summary_large_image" />
<meta name="twitter:label1" content="Geschätzte Lesezeit" />
	<meta name="twitter:data1" content="1 Minute" />
<script type="application/ld+json" class="yoast-schema-graph">{"@context":"https://schema.org","@graph":[{"@type":"WebPage","@id":"https://www.paroisse-fribourg.ch/de/im-lauf-des-lebens/sozialbuero/","url":"https://www.paroisse-fribourg.ch/de/im-lauf-des-lebens/sozialbuero/","name":"Sozialbüro | Die reformierte Kirchgemeinde von Freiburg","isPartOf":{"@id":"https://www.paroisse-fribourg.ch/#website"},"datePublished":"2022-10-20T12:27:01+00:00","dateModified":"2022-11-30T08:49:13+00:00","description":"Wenn Lebensumstände Sie daran hindern, trotz Unterstützung durch die Sozialhilfe in Würde zu leben, kann die Kirchgemeinde Ihnen in einem schwierigen Moment helfen.","breadcrumb":{"@id":"https://www.paroisse-fribourg.ch/de/im-lauf-des-lebens/sozialbuero/#breadcrumb"},"inLanguage":"de","potentialAction":[{"@type":"ReadAction","target":["https://www.paroisse-fribourg.ch/de/im-lauf-des-lebens/sozialbuero/"]}]},{"@type":"BreadcrumbList","@id":"https://www.paroisse-fribourg.ch/de/im-lauf-des-lebens/sozialbuero/#breadcrumb","itemListElement":[{"@type":"ListItem","position":1,"name":"Home","item":"https://www.paroisse-fribourg.ch/de/3437/"},{"@type":"ListItem","position":2,"name":"Im Lauf des Lebens","item":"https://www.paroisse-fribourg.ch/de/im-lauf-des-lebens/"},{"@type":"ListItem","position":3,"name":"Sozialbüro"}]},{"@type":"WebSite","@id":"https://www.paroisse-fribourg.ch/#website","url":"https://www.paroisse-fribourg.ch/","name":"Die reformierte Kirchgemeinde von Freiburg","description":"","potentialAction":[{"@type":"SearchAction","target":{"@type":"EntryPoint","urlTemplate":"https://www.paroisse-fribourg.ch/?s={search_term_string}"},"query-input":{"@type":"PropertyValueSpecification","valueRequired":true,"valueName":"search_term_string"}}],"inLanguage":"de"}]}</script>
<!-- / Yoast SEO plugin. -->

Sozialbüro | Die reformierte Kirchgemeinde von Freiburg

Wenn Lebensumstände Sie daran hindern, trotz Unterstützung durch die Sozialhilfe in Würde zu leben, kann die Kirchgemeinde Ihnen in einem schwierigen Moment helfen.
