{"id":3473,"date":"2022-10-20T14:23:26","date_gmt":"2022-10-20T12:23:26","guid":{"rendered":"http:\/\/www.paroisse-fribourg.ch\/im-lauf-des-lebens\/deuil\/"},"modified":"2022-11-30T10:44:54","modified_gmt":"2022-11-30T08:44:54","slug":"todesfall","status":"publish","type":"page","link":"https:\/\/www.paroisse-fribourg.ch\/de\/im-lauf-des-lebens\/todesfall\/","title":{"rendered":"Todesfall"},"content":{"rendered":"<div class=\"wpb-content-wrapper\"><p>[vc_row el_class=&#8220;top-0&#8243;][vc_column][vc_row_inner][vc_column_inner width=&#8220;2\/3&#8243;][vc_column_text]<\/p>\n<h1>Todesfall<\/h1>\n<p>Und pl\u00f6tzlich ist alles anders\u2026[\/vc_column_text][\/vc_column_inner][vc_column_inner width=&#8220;1\/3&#8243;][\/vc_column_inner][\/vc_row_inner][\/vc_column][\/vc_row][vc_row full_width=&#8220;stretch_row&#8220; el_class=&#8220;top-0 image&#8220; css=&#8220;.vc_custom_1654779732463{background-image: url(http:\/\/www.paroisse-fribourg.ch\/wp-content\/uploads\/Paroisse_reforme\u0301e_fribourg_1.jpg?id=2645) !important;}&#8220;][vc_column][\/vc_column][\/vc_row][vc_row][vc_column][vc_row_inner][vc_column_inner][vc_column_text]Der Tod eines geliebten Menschen ist schmerzhaft und schwer zu verkraften. Obwohl das zum Leben geh\u00f6rt, ist eine solche Trennung oft von widerspr\u00fcchlichen Gef\u00fchlen begleitet.<\/p>\n<p>Mit einer Abdankungsfeier m\u00f6chten wir Ihnen auf dem Weg der Trauer helfen und Ihnen die M\u00f6glichkeit geben, sich in Ruhe von einem geliebten Menschen zu verabschieden.[\/vc_column_text][\/vc_column_inner][\/vc_row_inner][\/vc_column][\/vc_row][vc_row][vc_column][vc_row_inner][vc_column_inner width=&#8220;1\/3&#8243;][vc_column_text]<\/p>\n<h2>Was ist bei einem Todesfall zu tun?<\/h2>\n<p>[\/vc_column_text][\/vc_column_inner][vc_column_inner width=&#8220;2\/3&#8243;][vc_column_text]Rufen Sie die diensthabende Pfarrperson an, um Ort und Zeit f\u00fcr den Abschiedsgottesdienst festzusetzen.<\/p>\n<p>Kirche und Organist stehen Ihnen zur Verf\u00fcgung.[\/vc_column_text][\/vc_column_inner][\/vc_row_inner][\/vc_column][\/vc_row][vc_row][vc_column][vc_row_inner][vc_column_inner width=&#8220;1\/3&#8243;][vc_column_text]<\/p>\n<h2>\u00d6ffnungszeiten der Aufbahrungshalle<\/h2>\n<p>[\/vc_column_text][\/vc_column_inner][vc_column_inner width=&#8220;2\/3&#8243;][vc_column_text]<strong>Montag bis Samstag <\/strong><\/p>\n<p>08.30-11.00 Uhr und 13.30-16.00 Uhr<\/p>\n<p><strong>Sonntag : <\/strong><\/p>\n<p>08.30-12.30 Uhr<\/p>\n<p>&nbsp;<\/p>\n<p><strong>Ausserhalb dieser Zeiten auf Anfrage<\/strong>[\/vc_column_text][\/vc_column_inner][\/vc_row_inner][\/vc_column][\/vc_row]<\/p>\n<\/div>","protected":false},"excerpt":{"rendered":"<p>[vc_row el_class=&#8220;top-0&#8243;][vc_column][vc_row_inner][vc_column_inner width=&#8220;2\/3&#8243;][vc_column_text] Todesfall Und pl\u00f6tzlich ist alles anders\u2026[\/vc_column_text][\/vc_column_inner][vc_column_inner width=&#8220;1\/3&#8243;][\/vc_column_inner][\/vc_row_inner][\/vc_column][\/vc_row][vc_row full_width=&#8220;stretch_row&#8220; el_class=&#8220;top-0 image&#8220; css=&#8220;.vc_custom_1654779732463{background-image: url(http:\/\/www.paroisse-fribourg.ch\/wp-content\/uploads\/Paroisse_reforme\u0301e_fribourg_1.jpg?id=2645) !important;}&#8220;][vc_column][\/vc_column][\/vc_row][vc_row][vc_column][vc_row_inner][vc_column_inner][vc_column_text]Der Tod eines geliebten Menschen ist schmerzhaft und schwer zu verkraften. Obwohl das zum Leben geh\u00f6rt, ist eine solche Trennung oft von widerspr\u00fcchlichen Gef\u00fchlen begleitet. Mit einer Abdankungsfeier m\u00f6chten wir Ihnen auf dem Weg der Trauer helfen und Ihnen die [&hellip;]<\/p>\n","protected":false},"author":5,"featured_media":0,"parent":3439,"menu_order":7,"comment_status":"closed","ping_status":"closed","template":"","meta":{"_acf_changed":false,"footnotes":""},"class_list":["post-3473","page","type-page","status-publish","hentry"],"acf":[],"yoast_head":"<!-- This site is optimized with the Yoast SEO plugin v24.3 - https:\/\/yoast.com\/wordpress\/plugins\/seo\/ -->\n<title>Todesfall | Die reformierte Kirchgemeinde von Freiburg<\/title>\n<meta name=\"description\" content=\"Und pl\u00f6tzlich ist alles anders\u2026\" \/>\n<meta name=\"robots\" content=\"index, follow, max-snippet:-1, max-image-preview:large, max-video-preview:-1\" \/>\n<link rel=\"canonical\" href=\"https:\/\/www.paroisse-fribourg.ch\/de\/im-lauf-des-lebens\/todesfall\/\" \/>\n<meta property=\"og:locale\" content=\"de_DE\" \/>\n<meta property=\"og:type\" content=\"article\" \/>\n<meta property=\"og:title\" content=\"Todesfall | Die reformierte Kirchgemeinde von Freiburg\" \/>\n<meta property=\"og:description\" content=\"Und pl\u00f6tzlich ist alles anders\u2026\" \/>\n<meta property=\"og:url\" content=\"https:\/\/www.paroisse-fribourg.ch\/de\/im-lauf-des-lebens\/todesfall\/\" \/>\n<meta property=\"og:site_name\" content=\"Die reformierte Kirchgemeinde von Freiburg\" \/>\n<meta property=\"article:modified_time\" content=\"2022-11-30T08:44:54+00:00\" \/>\n<meta name=\"twitter:card\" content=\"summary_large_image\" \/>\n<meta name=\"twitter:label1\" content=\"Gesch\u00e4tzte Lesezeit\" \/>\n\t<meta name=\"twitter:data1\" content=\"1\u00a0Minute\" \/>\n<script type=\"application\/ld+json\" class=\"yoast-schema-graph\">{\"@context\":\"https:\/\/schema.org\",\"@graph\":[{\"@type\":\"WebPage\",\"@id\":\"https:\/\/www.paroisse-fribourg.ch\/de\/im-lauf-des-lebens\/todesfall\/\",\"url\":\"https:\/\/www.paroisse-fribourg.ch\/de\/im-lauf-des-lebens\/todesfall\/\",\"name\":\"Todesfall | Die reformierte Kirchgemeinde von Freiburg\",\"isPartOf\":{\"@id\":\"https:\/\/www.paroisse-fribourg.ch\/#website\"},\"datePublished\":\"2022-10-20T12:23:26+00:00\",\"dateModified\":\"2022-11-30T08:44:54+00:00\",\"description\":\"Und pl\u00f6tzlich ist alles anders\u2026\",\"breadcrumb\":{\"@id\":\"https:\/\/www.paroisse-fribourg.ch\/de\/im-lauf-des-lebens\/todesfall\/#breadcrumb\"},\"inLanguage\":\"de\",\"potentialAction\":[{\"@type\":\"ReadAction\",\"target\":[\"https:\/\/www.paroisse-fribourg.ch\/de\/im-lauf-des-lebens\/todesfall\/\"]}]},{\"@type\":\"BreadcrumbList\",\"@id\":\"https:\/\/www.paroisse-fribourg.ch\/de\/im-lauf-des-lebens\/todesfall\/#breadcrumb\",\"itemListElement\":[{\"@type\":\"ListItem\",\"position\":1,\"name\":\"Home\",\"item\":\"https:\/\/www.paroisse-fribourg.ch\/de\/3437\/\"},{\"@type\":\"ListItem\",\"position\":2,\"name\":\"Im Lauf des Lebens\",\"item\":\"https:\/\/www.paroisse-fribourg.ch\/de\/im-lauf-des-lebens\/\"},{\"@type\":\"ListItem\",\"position\":3,\"name\":\"Todesfall\"}]},{\"@type\":\"WebSite\",\"@id\":\"https:\/\/www.paroisse-fribourg.ch\/#website\",\"url\":\"https:\/\/www.paroisse-fribourg.ch\/\",\"name\":\"Die reformierte Kirchgemeinde von Freiburg\",\"description\":\"\",\"potentialAction\":[{\"@type\":\"SearchAction\",\"target\":{\"@type\":\"EntryPoint\",\"urlTemplate\":\"https:\/\/www.paroisse-fribourg.ch\/?s={search_term_string}\"},\"query-input\":{\"@type\":\"PropertyValueSpecification\",\"valueRequired\":true,\"valueName\":\"search_term_string\"}}],\"inLanguage\":\"de\"}]}<\/script>\n<!-- \/ Yoast SEO plugin. -->","yoast_head_json":{"title":"Todesfall | Die reformierte Kirchgemeinde von Freiburg","description":"Und pl\u00f6tzlich ist alles anders\u2026","robots":{"index":"index","follow":"follow","max-snippet":"max-snippet:-1","max-image-preview":"max-image-preview:large","max-video-preview":"max-video-preview:-1"},"canonical":"https:\/\/www.paroisse-fribourg.ch\/de\/im-lauf-des-lebens\/todesfall\/","og_locale":"de_DE","og_type":"article","og_title":"Todesfall | Die reformierte Kirchgemeinde von Freiburg","og_description":"Und pl\u00f6tzlich ist alles anders\u2026","og_url":"https:\/\/www.paroisse-fribourg.ch\/de\/im-lauf-des-lebens\/todesfall\/","og_site_name":"Die reformierte Kirchgemeinde von Freiburg","article_modified_time":"2022-11-30T08:44:54+00:00","twitter_card":"summary_large_image","twitter_misc":{"Gesch\u00e4tzte Lesezeit":"1\u00a0Minute"},"schema":{"@context":"https:\/\/schema.org","@graph":[{"@type":"WebPage","@id":"https:\/\/www.paroisse-fribourg.ch\/de\/im-lauf-des-lebens\/todesfall\/","url":"https:\/\/www.paroisse-fribourg.ch\/de\/im-lauf-des-lebens\/todesfall\/","name":"Todesfall | Die reformierte Kirchgemeinde von Freiburg","isPartOf":{"@id":"https:\/\/www.paroisse-fribourg.ch\/#website"},"datePublished":"2022-10-20T12:23:26+00:00","dateModified":"2022-11-30T08:44:54+00:00","description":"Und pl\u00f6tzlich ist alles anders\u2026","breadcrumb":{"@id":"https:\/\/www.paroisse-fribourg.ch\/de\/im-lauf-des-lebens\/todesfall\/#breadcrumb"},"inLanguage":"de","potentialAction":[{"@type":"ReadAction","target":["https:\/\/www.paroisse-fribourg.ch\/de\/im-lauf-des-lebens\/todesfall\/"]}]},{"@type":"BreadcrumbList","@id":"https:\/\/www.paroisse-fribourg.ch\/de\/im-lauf-des-lebens\/todesfall\/#breadcrumb","itemListElement":[{"@type":"ListItem","position":1,"name":"Home","item":"https:\/\/www.paroisse-fribourg.ch\/de\/3437\/"},{"@type":"ListItem","position":2,"name":"Im Lauf des Lebens","item":"https:\/\/www.paroisse-fribourg.ch\/de\/im-lauf-des-lebens\/"},{"@type":"ListItem","position":3,"name":"Todesfall"}]},{"@type":"WebSite","@id":"https:\/\/www.paroisse-fribourg.ch\/#website","url":"https:\/\/www.paroisse-fribourg.ch\/","name":"Die reformierte Kirchgemeinde von Freiburg","description":"","potentialAction":[{"@type":"SearchAction","target":{"@type":"EntryPoint","urlTemplate":"https:\/\/www.paroisse-fribourg.ch\/?s={search_term_string}"},"query-input":{"@type":"PropertyValueSpecification","valueRequired":true,"valueName":"search_term_string"}}],"inLanguage":"de"}]}},"_links":{"self":[{"href":"https:\/\/www.paroisse-fribourg.ch\/de\/wp-json\/wp\/v2\/pages\/3473","targetHints":{"allow":["GET"]}}],"collection":[{"href":"https:\/\/www.paroisse-fribourg.ch\/de\/wp-json\/wp\/v2\/pages"}],"about":[{"href":"https:\/\/www.paroisse-fribourg.ch\/de\/wp-json\/wp\/v2\/types\/page"}],"author":[{"embeddable":true,"href":"https:\/\/www.paroisse-fribourg.ch\/de\/wp-json\/wp\/v2\/users\/5"}],"replies":[{"embeddable":true,"href":"https:\/\/www.paroisse-fribourg.ch\/de\/wp-json\/wp\/v2\/comments?post=3473"}],"version-history":[{"count":2,"href":"https:\/\/www.paroisse-fribourg.ch\/de\/wp-json\/wp\/v2\/pages\/3473\/revisions"}],"predecessor-version":[{"id":3475,"href":"https:\/\/www.paroisse-fribourg.ch\/de\/wp-json\/wp\/v2\/pages\/3473\/revisions\/3475"}],"up":[{"embeddable":true,"href":"https:\/\/www.paroisse-fribourg.ch\/de\/wp-json\/wp\/v2\/pages\/3439"}],"wp:attachment":[{"href":"https:\/\/www.paroisse-fribourg.ch\/de\/wp-json\/wp\/v2\/media?parent=3473"}],"curies":[{"name":"wp","href":"https:\/\/api.w.org\/{rel}","templated":true}]}}

<div class="wpb-content-wrapper"><p>[vc_row el_class=&#8220;top-0&#8243;][vc_column][vc_row_inner][vc_column_inner width=&#8220;2/3&#8243;][vc_column_text]</p>
<h1>Todesfall</h1>
<p>Und plötzlich ist alles anders…[/vc_column_text][/vc_column_inner][vc_column_inner width=&#8220;1/3&#8243;][/vc_column_inner][/vc_row_inner][/vc_column][/vc_row][vc_row full_width=&#8220;stretch_row&#8220; el_class=&#8220;top-0 image&#8220; css=&#8220;.vc_custom_1654779732463{background-image: url(http://www.paroisse-fribourg.ch/wp-content/uploads/Paroisse_reformée_fribourg_1.jpg?id=2645) !important;}&#8220;][vc_column][/vc_column][/vc_row][vc_row][vc_column][vc_row_inner][vc_column_inner][vc_column_text]Der Tod eines geliebten Menschen ist schmerzhaft und schwer zu verkraften. Obwohl das zum Leben gehört, ist eine solche Trennung oft von widersprüchlichen Gefühlen begleitet.</p>
<p>Mit einer Abdankungsfeier möchten wir Ihnen auf dem Weg der Trauer helfen und Ihnen die Möglichkeit geben, sich in Ruhe von einem geliebten Menschen zu verabschieden.[/vc_column_text][/vc_column_inner][/vc_row_inner][/vc_column][/vc_row][vc_row][vc_column][vc_row_inner][vc_column_inner width=&#8220;1/3&#8243;][vc_column_text]</p>
<h2>Was ist bei einem Todesfall zu tun?</h2>
<p>[/vc_column_text][/vc_column_inner][vc_column_inner width=&#8220;2/3&#8243;][vc_column_text]Rufen Sie die diensthabende Pfarrperson an, um Ort und Zeit für den Abschiedsgottesdienst festzusetzen.</p>
<p>Kirche und Organist stehen Ihnen zur Verfügung.[/vc_column_text][/vc_column_inner][/vc_row_inner][/vc_column][/vc_row][vc_row][vc_column][vc_row_inner][vc_column_inner width=&#8220;1/3&#8243;][vc_column_text]</p>
<h2>Öffnungszeiten der Aufbahrungshalle</h2>
<p>[/vc_column_text][/vc_column_inner][vc_column_inner width=&#8220;2/3&#8243;][vc_column_text]<strong>Montag bis Samstag </strong></p>
<p>08.30-11.00 Uhr und 13.30-16.00 Uhr</p>
<p><strong>Sonntag : </strong></p>
<p>08.30-12.30 Uhr</p>
<p>&nbsp;</p>
<p><strong>Ausserhalb dieser Zeiten auf Anfrage</strong>[/vc_column_text][/vc_column_inner][/vc_row_inner][/vc_column][/vc_row]</p>
</div>

<p>[vc_row el_class=&#8220;top-0&#8243;][vc_column][vc_row_inner][vc_column_inner width=&#8220;2/3&#8243;][vc_column_text] Todesfall Und plötzlich ist alles anders…[/vc_column_text][/vc_column_inner][vc_column_inner width=&#8220;1/3&#8243;][/vc_column_inner][/vc_row_inner][/vc_column][/vc_row][vc_row full_width=&#8220;stretch_row&#8220; el_class=&#8220;top-0 image&#8220; css=&#8220;.vc_custom_1654779732463{background-image: url(http://www.paroisse-fribourg.ch/wp-content/uploads/Paroisse_reformée_fribourg_1.jpg?id=2645) !important;}&#8220;][vc_column][/vc_column][/vc_row][vc_row][vc_column][vc_row_inner][vc_column_inner][vc_column_text]Der Tod eines geliebten Menschen ist schmerzhaft und schwer zu verkraften. Obwohl das zum Leben gehört, ist eine solche Trennung oft von widersprüchlichen Gefühlen begleitet. Mit einer Abdankungsfeier möchten wir Ihnen auf dem Weg der Trauer helfen und Ihnen die [&hellip;]</p>

<!-- This site is optimized with the Yoast SEO plugin v24.3 - https://yoast.com/wordpress/plugins/seo/ -->
<title>Todesfall | Die reformierte Kirchgemeinde von Freiburg</title>
<meta name="description" content="Und plötzlich ist alles anders…" />
<meta name="robots" content="index, follow, max-snippet:-1, max-image-preview:large, max-video-preview:-1" />
<link rel="canonical" href="https://www.paroisse-fribourg.ch/de/im-lauf-des-lebens/todesfall/" />
<meta property="og:locale" content="de_DE" />
<meta property="og:type" content="article" />
<meta property="og:title" content="Todesfall | Die reformierte Kirchgemeinde von Freiburg" />
<meta property="og:description" content="Und plötzlich ist alles anders…" />
<meta property="og:url" content="https://www.paroisse-fribourg.ch/de/im-lauf-des-lebens/todesfall/" />
<meta property="og:site_name" content="Die reformierte Kirchgemeinde von Freiburg" />
<meta property="article:modified_time" content="2022-11-30T08:44:54+00:00" />
<meta name="twitter:card" content="summary_large_image" />
<meta name="twitter:label1" content="Geschätzte Lesezeit" />
	<meta name="twitter:data1" content="1 Minute" />
<script type="application/ld+json" class="yoast-schema-graph">{"@context":"https://schema.org","@graph":[{"@type":"WebPage","@id":"https://www.paroisse-fribourg.ch/de/im-lauf-des-lebens/todesfall/","url":"https://www.paroisse-fribourg.ch/de/im-lauf-des-lebens/todesfall/","name":"Todesfall | Die reformierte Kirchgemeinde von Freiburg","isPartOf":{"@id":"https://www.paroisse-fribourg.ch/#website"},"datePublished":"2022-10-20T12:23:26+00:00","dateModified":"2022-11-30T08:44:54+00:00","description":"Und plötzlich ist alles anders…","breadcrumb":{"@id":"https://www.paroisse-fribourg.ch/de/im-lauf-des-lebens/todesfall/#breadcrumb"},"inLanguage":"de","potentialAction":[{"@type":"ReadAction","target":["https://www.paroisse-fribourg.ch/de/im-lauf-des-lebens/todesfall/"]}]},{"@type":"BreadcrumbList","@id":"https://www.paroisse-fribourg.ch/de/im-lauf-des-lebens/todesfall/#breadcrumb","itemListElement":[{"@type":"ListItem","position":1,"name":"Home","item":"https://www.paroisse-fribourg.ch/de/3437/"},{"@type":"ListItem","position":2,"name":"Im Lauf des Lebens","item":"https://www.paroisse-fribourg.ch/de/im-lauf-des-lebens/"},{"@type":"ListItem","position":3,"name":"Todesfall"}]},{"@type":"WebSite","@id":"https://www.paroisse-fribourg.ch/#website","url":"https://www.paroisse-fribourg.ch/","name":"Die reformierte Kirchgemeinde von Freiburg","description":"","potentialAction":[{"@type":"SearchAction","target":{"@type":"EntryPoint","urlTemplate":"https://www.paroisse-fribourg.ch/?s={search_term_string}"},"query-input":{"@type":"PropertyValueSpecification","valueRequired":true,"valueName":"search_term_string"}}],"inLanguage":"de"}]}</script>
<!-- / Yoast SEO plugin. -->

Und plötzlich ist alles anders…
