{"id":3469,"date":"2022-10-20T14:18:48","date_gmt":"2022-10-20T12:18:48","guid":{"rendered":"http:\/\/www.paroisse-fribourg.ch\/im-lauf-des-lebens\/benediction-de-mariage\/"},"modified":"2022-11-30T10:44:09","modified_gmt":"2022-11-30T08:44:09","slug":"trauung","status":"publish","type":"page","link":"https:\/\/www.paroisse-fribourg.ch\/de\/im-lauf-des-lebens\/trauung\/","title":{"rendered":"Trauung"},"content":{"rendered":"<div class=\"wpb-content-wrapper\"><p>[vc_row el_class=&#8220;top-0&#8243;][vc_column][vc_row_inner][vc_column_inner width=&#8220;2\/3&#8243;][vc_column_text]<\/p>\n<h1>Trauung<\/h1>\n<p>M\u00f6chten Sie Ihren gemeinsamen Weg Gott anvertrauen und das mit einer Trauung besiegeln? Heiraten ist eine sehr pers\u00f6nliche Angelegenheit, und wir freuen uns, Sie ein St\u00fcck auf diesem neuen Lebensabschnitt zu begleiten.[\/vc_column_text][\/vc_column_inner][vc_column_inner width=&#8220;1\/3&#8243;][\/vc_column_inner][\/vc_row_inner][\/vc_column][\/vc_row][vc_row full_width=&#8220;stretch_row&#8220; el_class=&#8220;top-0 image&#8220; css=&#8220;.vc_custom_1668778005622{background-image: url(http:\/\/www.paroisse-fribourg.ch\/wp-content\/uploads\/1_mariage-et-alliance.jpg?id=3237) !important;}&#8220;][vc_column][\/vc_column][\/vc_row][vc_row][vc_column][vc_row_inner][vc_column_inner][vc_column_text]In der reformierten Kirche wird Ihre Ehe, die sie zivilrechtlich geschlossen haben, gesegnet.<\/p>\n<p>Zwei Menschen gehen eine gegenseitige Verpflichtung ein und haben auch Gott im Blick. Das Paar verspricht sich, den weiteren Lebensweg von nun an gemeinsam fortzusetzen. Auf diesem Weg wird ihnen Gottes Segen mitgegeben. Was auf dem Zivilstandsamt beginnt, wird durch einen Gottesdienst in der Kirchengemeinde best\u00e4tigt.<\/p>\n<p>Es sind auch religions- und konfessions\u00fcbergreifende Feiern m\u00f6glich.[\/vc_column_text][\/vc_column_inner][\/vc_row_inner][\/vc_column][\/vc_row][vc_row][vc_column][vc_row_inner][vc_column_inner width=&#8220;1\/3&#8243;][vc_column_text]<\/p>\n<h2>Anmeldung zur Trauung<\/h2>\n<p>[\/vc_column_text][\/vc_column_inner][vc_column_inner width=&#8220;2\/3&#8243;][vc_column_text]Setzen Sie sich direkt mit der Pfarrperson Ihrer Wahl in Verbindung, um den Termin festzulegen, die Verf\u00fcgbarkeit der Kirche zu pr\u00fcfen und die Vorbereitungen zu besprechen.<\/p>\n<p><strong><a href=\"http:\/\/www.paroisse-fribourg.ch\/contacts\/pasteur-e-s\/\">Kontakt: alle Pfarrpersonen<\/a> <\/strong>[\/vc_column_text][\/vc_column_inner][\/vc_row_inner][\/vc_column][\/vc_row]<\/p>\n<\/div>","protected":false},"excerpt":{"rendered":"<p>[vc_row el_class=&#8220;top-0&#8243;][vc_column][vc_row_inner][vc_column_inner width=&#8220;2\/3&#8243;][vc_column_text] Trauung M\u00f6chten Sie Ihren gemeinsamen Weg Gott anvertrauen und das mit einer Trauung besiegeln? Heiraten ist eine sehr pers\u00f6nliche Angelegenheit, und wir freuen uns, Sie ein St\u00fcck auf diesem neuen Lebensabschnitt zu begleiten.[\/vc_column_text][\/vc_column_inner][vc_column_inner width=&#8220;1\/3&#8243;][\/vc_column_inner][\/vc_row_inner][\/vc_column][\/vc_row][vc_row full_width=&#8220;stretch_row&#8220; el_class=&#8220;top-0 image&#8220; css=&#8220;.vc_custom_1668778005622{background-image: url(http:\/\/www.paroisse-fribourg.ch\/wp-content\/uploads\/1_mariage-et-alliance.jpg?id=3237) !important;}&#8220;][vc_column][\/vc_column][\/vc_row][vc_row][vc_column][vc_row_inner][vc_column_inner][vc_column_text]In der reformierten Kirche wird Ihre Ehe, die sie zivilrechtlich geschlossen haben, gesegnet. [&hellip;]<\/p>\n","protected":false},"author":5,"featured_media":0,"parent":3439,"menu_order":5,"comment_status":"closed","ping_status":"closed","template":"","meta":{"_acf_changed":false,"footnotes":""},"class_list":["post-3469","page","type-page","status-publish","hentry"],"acf":[],"yoast_head":"<!-- This site is optimized with the Yoast SEO plugin v24.3 - https:\/\/yoast.com\/wordpress\/plugins\/seo\/ -->\n<title>Trauung | Die reformierte Kirchgemeinde von Freiburg<\/title>\n<meta name=\"description\" content=\"M\u00f6chten Sie Ihren gemeinsamen Weg Gott anvertrauen und das mit einer Trauung besiegeln? Heiraten ist eine sehr pers\u00f6nliche Angelegenheit, und wir freuen uns, Sie ein St\u00fcck auf diesem neuen Lebensabschnitt zu begleiten.\" \/>\n<meta name=\"robots\" content=\"index, follow, max-snippet:-1, max-image-preview:large, max-video-preview:-1\" \/>\n<link rel=\"canonical\" href=\"https:\/\/www.paroisse-fribourg.ch\/de\/im-lauf-des-lebens\/trauung\/\" \/>\n<meta property=\"og:locale\" content=\"de_DE\" \/>\n<meta property=\"og:type\" content=\"article\" \/>\n<meta property=\"og:title\" content=\"Trauung | Die reformierte Kirchgemeinde von Freiburg\" \/>\n<meta property=\"og:description\" content=\"M\u00f6chten Sie Ihren gemeinsamen Weg Gott anvertrauen und das mit einer Trauung besiegeln? Heiraten ist eine sehr pers\u00f6nliche Angelegenheit, und wir freuen uns, Sie ein St\u00fcck auf diesem neuen Lebensabschnitt zu begleiten.\" \/>\n<meta property=\"og:url\" content=\"https:\/\/www.paroisse-fribourg.ch\/de\/im-lauf-des-lebens\/trauung\/\" \/>\n<meta property=\"og:site_name\" content=\"Die reformierte Kirchgemeinde von Freiburg\" \/>\n<meta property=\"article:modified_time\" content=\"2022-11-30T08:44:09+00:00\" \/>\n<meta name=\"twitter:card\" content=\"summary_large_image\" \/>\n<meta name=\"twitter:label1\" content=\"Gesch\u00e4tzte Lesezeit\" \/>\n\t<meta name=\"twitter:data1\" content=\"1\u00a0Minute\" \/>\n<script type=\"application\/ld+json\" class=\"yoast-schema-graph\">{\"@context\":\"https:\/\/schema.org\",\"@graph\":[{\"@type\":\"WebPage\",\"@id\":\"https:\/\/www.paroisse-fribourg.ch\/de\/im-lauf-des-lebens\/trauung\/\",\"url\":\"https:\/\/www.paroisse-fribourg.ch\/de\/im-lauf-des-lebens\/trauung\/\",\"name\":\"Trauung | Die reformierte Kirchgemeinde von Freiburg\",\"isPartOf\":{\"@id\":\"https:\/\/www.paroisse-fribourg.ch\/#website\"},\"datePublished\":\"2022-10-20T12:18:48+00:00\",\"dateModified\":\"2022-11-30T08:44:09+00:00\",\"description\":\"M\u00f6chten Sie Ihren gemeinsamen Weg Gott anvertrauen und das mit einer Trauung besiegeln? Heiraten ist eine sehr pers\u00f6nliche Angelegenheit, und wir freuen uns, Sie ein St\u00fcck auf diesem neuen Lebensabschnitt zu begleiten.\",\"breadcrumb\":{\"@id\":\"https:\/\/www.paroisse-fribourg.ch\/de\/im-lauf-des-lebens\/trauung\/#breadcrumb\"},\"inLanguage\":\"de\",\"potentialAction\":[{\"@type\":\"ReadAction\",\"target\":[\"https:\/\/www.paroisse-fribourg.ch\/de\/im-lauf-des-lebens\/trauung\/\"]}]},{\"@type\":\"BreadcrumbList\",\"@id\":\"https:\/\/www.paroisse-fribourg.ch\/de\/im-lauf-des-lebens\/trauung\/#breadcrumb\",\"itemListElement\":[{\"@type\":\"ListItem\",\"position\":1,\"name\":\"Home\",\"item\":\"https:\/\/www.paroisse-fribourg.ch\/de\/3437\/\"},{\"@type\":\"ListItem\",\"position\":2,\"name\":\"Im Lauf des Lebens\",\"item\":\"https:\/\/www.paroisse-fribourg.ch\/de\/im-lauf-des-lebens\/\"},{\"@type\":\"ListItem\",\"position\":3,\"name\":\"Trauung\"}]},{\"@type\":\"WebSite\",\"@id\":\"https:\/\/www.paroisse-fribourg.ch\/#website\",\"url\":\"https:\/\/www.paroisse-fribourg.ch\/\",\"name\":\"Die reformierte Kirchgemeinde von Freiburg\",\"description\":\"\",\"potentialAction\":[{\"@type\":\"SearchAction\",\"target\":{\"@type\":\"EntryPoint\",\"urlTemplate\":\"https:\/\/www.paroisse-fribourg.ch\/?s={search_term_string}\"},\"query-input\":{\"@type\":\"PropertyValueSpecification\",\"valueRequired\":true,\"valueName\":\"search_term_string\"}}],\"inLanguage\":\"de\"}]}<\/script>\n<!-- \/ Yoast SEO plugin. -->","yoast_head_json":{"title":"Trauung | Die reformierte Kirchgemeinde von Freiburg","description":"M\u00f6chten Sie Ihren gemeinsamen Weg Gott anvertrauen und das mit einer Trauung besiegeln? Heiraten ist eine sehr pers\u00f6nliche Angelegenheit, und wir freuen uns, Sie ein St\u00fcck auf diesem neuen Lebensabschnitt zu begleiten.","robots":{"index":"index","follow":"follow","max-snippet":"max-snippet:-1","max-image-preview":"max-image-preview:large","max-video-preview":"max-video-preview:-1"},"canonical":"https:\/\/www.paroisse-fribourg.ch\/de\/im-lauf-des-lebens\/trauung\/","og_locale":"de_DE","og_type":"article","og_title":"Trauung | Die reformierte Kirchgemeinde von Freiburg","og_description":"M\u00f6chten Sie Ihren gemeinsamen Weg Gott anvertrauen und das mit einer Trauung besiegeln? Heiraten ist eine sehr pers\u00f6nliche Angelegenheit, und wir freuen uns, Sie ein St\u00fcck auf diesem neuen Lebensabschnitt zu begleiten.","og_url":"https:\/\/www.paroisse-fribourg.ch\/de\/im-lauf-des-lebens\/trauung\/","og_site_name":"Die reformierte Kirchgemeinde von Freiburg","article_modified_time":"2022-11-30T08:44:09+00:00","twitter_card":"summary_large_image","twitter_misc":{"Gesch\u00e4tzte Lesezeit":"1\u00a0Minute"},"schema":{"@context":"https:\/\/schema.org","@graph":[{"@type":"WebPage","@id":"https:\/\/www.paroisse-fribourg.ch\/de\/im-lauf-des-lebens\/trauung\/","url":"https:\/\/www.paroisse-fribourg.ch\/de\/im-lauf-des-lebens\/trauung\/","name":"Trauung | Die reformierte Kirchgemeinde von Freiburg","isPartOf":{"@id":"https:\/\/www.paroisse-fribourg.ch\/#website"},"datePublished":"2022-10-20T12:18:48+00:00","dateModified":"2022-11-30T08:44:09+00:00","description":"M\u00f6chten Sie Ihren gemeinsamen Weg Gott anvertrauen und das mit einer Trauung besiegeln? Heiraten ist eine sehr pers\u00f6nliche Angelegenheit, und wir freuen uns, Sie ein St\u00fcck auf diesem neuen Lebensabschnitt zu begleiten.","breadcrumb":{"@id":"https:\/\/www.paroisse-fribourg.ch\/de\/im-lauf-des-lebens\/trauung\/#breadcrumb"},"inLanguage":"de","potentialAction":[{"@type":"ReadAction","target":["https:\/\/www.paroisse-fribourg.ch\/de\/im-lauf-des-lebens\/trauung\/"]}]},{"@type":"BreadcrumbList","@id":"https:\/\/www.paroisse-fribourg.ch\/de\/im-lauf-des-lebens\/trauung\/#breadcrumb","itemListElement":[{"@type":"ListItem","position":1,"name":"Home","item":"https:\/\/www.paroisse-fribourg.ch\/de\/3437\/"},{"@type":"ListItem","position":2,"name":"Im Lauf des Lebens","item":"https:\/\/www.paroisse-fribourg.ch\/de\/im-lauf-des-lebens\/"},{"@type":"ListItem","position":3,"name":"Trauung"}]},{"@type":"WebSite","@id":"https:\/\/www.paroisse-fribourg.ch\/#website","url":"https:\/\/www.paroisse-fribourg.ch\/","name":"Die reformierte Kirchgemeinde von Freiburg","description":"","potentialAction":[{"@type":"SearchAction","target":{"@type":"EntryPoint","urlTemplate":"https:\/\/www.paroisse-fribourg.ch\/?s={search_term_string}"},"query-input":{"@type":"PropertyValueSpecification","valueRequired":true,"valueName":"search_term_string"}}],"inLanguage":"de"}]}},"_links":{"self":[{"href":"https:\/\/www.paroisse-fribourg.ch\/de\/wp-json\/wp\/v2\/pages\/3469","targetHints":{"allow":["GET"]}}],"collection":[{"href":"https:\/\/www.paroisse-fribourg.ch\/de\/wp-json\/wp\/v2\/pages"}],"about":[{"href":"https:\/\/www.paroisse-fribourg.ch\/de\/wp-json\/wp\/v2\/types\/page"}],"author":[{"embeddable":true,"href":"https:\/\/www.paroisse-fribourg.ch\/de\/wp-json\/wp\/v2\/users\/5"}],"replies":[{"embeddable":true,"href":"https:\/\/www.paroisse-fribourg.ch\/de\/wp-json\/wp\/v2\/comments?post=3469"}],"version-history":[{"count":2,"href":"https:\/\/www.paroisse-fribourg.ch\/de\/wp-json\/wp\/v2\/pages\/3469\/revisions"}],"predecessor-version":[{"id":3471,"href":"https:\/\/www.paroisse-fribourg.ch\/de\/wp-json\/wp\/v2\/pages\/3469\/revisions\/3471"}],"up":[{"embeddable":true,"href":"https:\/\/www.paroisse-fribourg.ch\/de\/wp-json\/wp\/v2\/pages\/3439"}],"wp:attachment":[{"href":"https:\/\/www.paroisse-fribourg.ch\/de\/wp-json\/wp\/v2\/media?parent=3469"}],"curies":[{"name":"wp","href":"https:\/\/api.w.org\/{rel}","templated":true}]}}

<div class="wpb-content-wrapper"><p>[vc_row el_class=&#8220;top-0&#8243;][vc_column][vc_row_inner][vc_column_inner width=&#8220;2/3&#8243;][vc_column_text]</p>
<h1>Trauung</h1>
<p>Möchten Sie Ihren gemeinsamen Weg Gott anvertrauen und das mit einer Trauung besiegeln? Heiraten ist eine sehr persönliche Angelegenheit, und wir freuen uns, Sie ein Stück auf diesem neuen Lebensabschnitt zu begleiten.[/vc_column_text][/vc_column_inner][vc_column_inner width=&#8220;1/3&#8243;][/vc_column_inner][/vc_row_inner][/vc_column][/vc_row][vc_row full_width=&#8220;stretch_row&#8220; el_class=&#8220;top-0 image&#8220; css=&#8220;.vc_custom_1668778005622{background-image: url(http://www.paroisse-fribourg.ch/wp-content/uploads/1_mariage-et-alliance.jpg?id=3237) !important;}&#8220;][vc_column][/vc_column][/vc_row][vc_row][vc_column][vc_row_inner][vc_column_inner][vc_column_text]In der reformierten Kirche wird Ihre Ehe, die sie zivilrechtlich geschlossen haben, gesegnet.</p>
<p>Zwei Menschen gehen eine gegenseitige Verpflichtung ein und haben auch Gott im Blick. Das Paar verspricht sich, den weiteren Lebensweg von nun an gemeinsam fortzusetzen. Auf diesem Weg wird ihnen Gottes Segen mitgegeben. Was auf dem Zivilstandsamt beginnt, wird durch einen Gottesdienst in der Kirchengemeinde bestätigt.</p>
<p>Es sind auch religions- und konfessionsübergreifende Feiern möglich.[/vc_column_text][/vc_column_inner][/vc_row_inner][/vc_column][/vc_row][vc_row][vc_column][vc_row_inner][vc_column_inner width=&#8220;1/3&#8243;][vc_column_text]</p>
<h2>Anmeldung zur Trauung</h2>
<p>[/vc_column_text][/vc_column_inner][vc_column_inner width=&#8220;2/3&#8243;][vc_column_text]Setzen Sie sich direkt mit der Pfarrperson Ihrer Wahl in Verbindung, um den Termin festzulegen, die Verfügbarkeit der Kirche zu prüfen und die Vorbereitungen zu besprechen.</p>
<p><strong><a href="http://www.paroisse-fribourg.ch/contacts/pasteur-e-s/">Kontakt: alle Pfarrpersonen</a> </strong>[/vc_column_text][/vc_column_inner][/vc_row_inner][/vc_column][/vc_row]</p>
</div>

<p>[vc_row el_class=&#8220;top-0&#8243;][vc_column][vc_row_inner][vc_column_inner width=&#8220;2/3&#8243;][vc_column_text] Trauung Möchten Sie Ihren gemeinsamen Weg Gott anvertrauen und das mit einer Trauung besiegeln? Heiraten ist eine sehr persönliche Angelegenheit, und wir freuen uns, Sie ein Stück auf diesem neuen Lebensabschnitt zu begleiten.[/vc_column_text][/vc_column_inner][vc_column_inner width=&#8220;1/3&#8243;][/vc_column_inner][/vc_row_inner][/vc_column][/vc_row][vc_row full_width=&#8220;stretch_row&#8220; el_class=&#8220;top-0 image&#8220; css=&#8220;.vc_custom_1668778005622{background-image: url(http://www.paroisse-fribourg.ch/wp-content/uploads/1_mariage-et-alliance.jpg?id=3237) !important;}&#8220;][vc_column][/vc_column][/vc_row][vc_row][vc_column][vc_row_inner][vc_column_inner][vc_column_text]In der reformierten Kirche wird Ihre Ehe, die sie zivilrechtlich geschlossen haben, gesegnet. [&hellip;]</p>

<!-- This site is optimized with the Yoast SEO plugin v24.3 - https://yoast.com/wordpress/plugins/seo/ -->
<title>Trauung | Die reformierte Kirchgemeinde von Freiburg</title>
<meta name="description" content="Möchten Sie Ihren gemeinsamen Weg Gott anvertrauen und das mit einer Trauung besiegeln? Heiraten ist eine sehr persönliche Angelegenheit, und wir freuen uns, Sie ein Stück auf diesem neuen Lebensabschnitt zu begleiten." />
<meta name="robots" content="index, follow, max-snippet:-1, max-image-preview:large, max-video-preview:-1" />
<link rel="canonical" href="https://www.paroisse-fribourg.ch/de/im-lauf-des-lebens/trauung/" />
<meta property="og:locale" content="de_DE" />
<meta property="og:type" content="article" />
<meta property="og:title" content="Trauung | Die reformierte Kirchgemeinde von Freiburg" />
<meta property="og:description" content="Möchten Sie Ihren gemeinsamen Weg Gott anvertrauen und das mit einer Trauung besiegeln? Heiraten ist eine sehr persönliche Angelegenheit, und wir freuen uns, Sie ein Stück auf diesem neuen Lebensabschnitt zu begleiten." />
<meta property="og:url" content="https://www.paroisse-fribourg.ch/de/im-lauf-des-lebens/trauung/" />
<meta property="og:site_name" content="Die reformierte Kirchgemeinde von Freiburg" />
<meta property="article:modified_time" content="2022-11-30T08:44:09+00:00" />
<meta name="twitter:card" content="summary_large_image" />
<meta name="twitter:label1" content="Geschätzte Lesezeit" />
	<meta name="twitter:data1" content="1 Minute" />
<script type="application/ld+json" class="yoast-schema-graph">{"@context":"https://schema.org","@graph":[{"@type":"WebPage","@id":"https://www.paroisse-fribourg.ch/de/im-lauf-des-lebens/trauung/","url":"https://www.paroisse-fribourg.ch/de/im-lauf-des-lebens/trauung/","name":"Trauung | Die reformierte Kirchgemeinde von Freiburg","isPartOf":{"@id":"https://www.paroisse-fribourg.ch/#website"},"datePublished":"2022-10-20T12:18:48+00:00","dateModified":"2022-11-30T08:44:09+00:00","description":"Möchten Sie Ihren gemeinsamen Weg Gott anvertrauen und das mit einer Trauung besiegeln? Heiraten ist eine sehr persönliche Angelegenheit, und wir freuen uns, Sie ein Stück auf diesem neuen Lebensabschnitt zu begleiten.","breadcrumb":{"@id":"https://www.paroisse-fribourg.ch/de/im-lauf-des-lebens/trauung/#breadcrumb"},"inLanguage":"de","potentialAction":[{"@type":"ReadAction","target":["https://www.paroisse-fribourg.ch/de/im-lauf-des-lebens/trauung/"]}]},{"@type":"BreadcrumbList","@id":"https://www.paroisse-fribourg.ch/de/im-lauf-des-lebens/trauung/#breadcrumb","itemListElement":[{"@type":"ListItem","position":1,"name":"Home","item":"https://www.paroisse-fribourg.ch/de/3437/"},{"@type":"ListItem","position":2,"name":"Im Lauf des Lebens","item":"https://www.paroisse-fribourg.ch/de/im-lauf-des-lebens/"},{"@type":"ListItem","position":3,"name":"Trauung"}]},{"@type":"WebSite","@id":"https://www.paroisse-fribourg.ch/#website","url":"https://www.paroisse-fribourg.ch/","name":"Die reformierte Kirchgemeinde von Freiburg","description":"","potentialAction":[{"@type":"SearchAction","target":{"@type":"EntryPoint","urlTemplate":"https://www.paroisse-fribourg.ch/?s={search_term_string}"},"query-input":{"@type":"PropertyValueSpecification","valueRequired":true,"valueName":"search_term_string"}}],"inLanguage":"de"}]}</script>
<!-- / Yoast SEO plugin. -->

Möchten Sie Ihren gemeinsamen Weg Gott anvertrauen und das mit einer Trauung besiegeln? Heiraten ist eine sehr persönliche Angelegenheit, und wir freuen uns, Sie ein Stück auf diesem neuen Lebensabschnitt zu begleiten.
