{"id":3461,"date":"2022-10-20T14:16:28","date_gmt":"2022-10-20T12:16:28","guid":{"rendered":"http:\/\/www.paroisse-fribourg.ch\/im-lauf-des-lebens\/confirmation\/"},"modified":"2025-08-22T15:58:52","modified_gmt":"2025-08-22T13:58:52","slug":"konfirmation","status":"publish","type":"page","link":"https:\/\/www.paroisse-fribourg.ch\/de\/im-lauf-des-lebens\/konfirmation\/","title":{"rendered":"Konfirmation"},"content":{"rendered":"<div class=\"wpb-content-wrapper\"><p>[vc_row el_class=&#8220;top-0&#8243;][vc_column][vc_row_inner][vc_column_inner width=&#8220;2\/3&#8243;][vc_column_text]<\/p>\n<h1>Konfirmation<\/h1>\n<p>Die Konfirmation ist f\u00fcr viele Jugendliche ein wichtiger, erster Schritt ins Erwachsenenleben. Sie bedeutet Bekr\u00e4ftigung im eigenen Glauben und St\u00e4rkung f\u00fcr den weiteren Lebensweg unter dem Segen Gottes.[\/vc_column_text][\/vc_column_inner][vc_column_inner width=&#8220;1\/3&#8243;][\/vc_column_inner][\/vc_row_inner][\/vc_column][\/vc_row][vc_row full_width=&#8220;stretch_row&#8220; el_class=&#8220;top-0 image&#8220; css=&#8220;.vc_custom_1668778123158{background-image: url(http:\/\/www.paroisse-fribourg.ch\/wp-content\/uploads\/1_soft-spots-4502861_1920.jpg?id=3243) !important;}&#8220;][vc_column][\/vc_column][\/vc_row][vc_row][vc_column][vc_row_inner][vc_column_inner][vc_column_text]Die Konfirmation bildet am Ende der obligatorischen Schulzeit den feierlichen Abschluss des kirchlichen Unterrichts. Sie markiert symbolisch den \u00dcbergang ins Erwachsenenleben. Die Jugendlichen empfangen im Gottesdienst Gottes Segen f\u00fcr ihren weiteren Lebensweg; dies ist ein zentrales Element der Konfirmation. Mit der Konfirmation werden die Konfirmandinnen und Konfirmanden an ihre Taufe erinnert. Sie sagen in eigener Verantwortung Ja dazu und werden damit kirchlich m\u00fcndig. Die anwesende Gemeinde best\u00e4rkt sie und nimmt sie als erwachsene Gemeindemitglieder auf.[\/vc_column_text][\/vc_column_inner][\/vc_row_inner][\/vc_column][\/vc_row][vc_row][vc_column][vc_row_inner][vc_column_inner width=&#8220;1\/3&#8243;][vc_column_text]<\/p>\n<h2>Wann finden Konfirmationen statt?<\/h2>\n<p>[\/vc_column_text][\/vc_column_inner][vc_column_inner width=&#8220;2\/3&#8243;][vc_column_text]Am Sonntag vor Auffahrt, an der Auffahrt selbst und am Sonntag nach Auffahrt im Rahmen eines Gottesdienstes.[\/vc_column_text][\/vc_column_inner][\/vc_row_inner][\/vc_column][\/vc_row][vc_row][vc_column][vc_row_inner][vc_column_inner width=&#8220;1\/3&#8243;][vc_column_text]<\/p>\n<h2>Wer kann konfirmiert werden?<\/h2>\n<p>[\/vc_column_text][\/vc_column_inner][vc_column_inner width=&#8220;2\/3&#8243;][vc_column_text]Die Konfirmation kn\u00fcpft an die Taufe an.<\/p>\n<p>Konfirmiert werden kann, wer sowohl den Konfirmationsunterricht in der Kirchgemeinde als auch den konfessionellen Unterricht an der Orientierungsschule besucht hat.<\/p>\n<p>Wer sich konfirmieren lassen will, aber noch nicht getauft ist, hat die M\u00f6glichkeit, sich vor der Konfirmation oder anl\u00e4sslich des Konfirmationsgottesdienstes taufen zu lassen.[\/vc_column_text][\/vc_column_inner][\/vc_row_inner][\/vc_column][\/vc_row][vc_row][vc_column][vc_row_inner][vc_column_inner width=&#8220;1\/3&#8243;][vc_column_text]<\/p>\n<h2>Wie gestaltet sich der Konfirmations-unterricht?<\/h2>\n<p>[\/vc_column_text][\/vc_column_inner][vc_column_inner width=&#8220;2\/3&#8243;][vc_column_text css=&#8220;&#8220;]Der Konfirmationsunterricht dauert drei Jahre (9H \u2013 11H). Die Konfirmandinnen und Konfirmanden werden mit den Grundz\u00fcgen des christlichen Glaubens und der reformierten Tradition vertraut gemacht. Dabei kommen auch Themen und Fragen zur Sprache, die Jugendliche beim Erwachsen\u00adwerden besch\u00e4ftigen. Der Besuch von Gottesdiensten, kirchlichen Veranstaltungen und einem j\u00e4hrlichen Lager erg\u00e4nzen den w\u00f6chentlichen Schulunterricht.<\/p>\n<p><strong><a href=\"https:\/\/www.paroisse-fribourg.ch\/wp-content\/uploads\/Paroisse_reformee_Programme_de_2025-2026.pdf\">Link zum Programm<\/a><\/strong>[\/vc_column_text][\/vc_column_inner][\/vc_row_inner][\/vc_column][\/vc_row]<\/p>\n<\/div>","protected":false},"excerpt":{"rendered":"<p>[vc_row el_class=&#8220;top-0&#8243;][vc_column][vc_row_inner][vc_column_inner width=&#8220;2\/3&#8243;][vc_column_text] Konfirmation Die Konfirmation ist f\u00fcr viele Jugendliche ein wichtiger, erster Schritt ins Erwachsenenleben. Sie bedeutet Bekr\u00e4ftigung im eigenen Glauben und St\u00e4rkung f\u00fcr den weiteren Lebensweg unter dem Segen Gottes.[\/vc_column_text][\/vc_column_inner][vc_column_inner width=&#8220;1\/3&#8243;][\/vc_column_inner][\/vc_row_inner][\/vc_column][\/vc_row][vc_row full_width=&#8220;stretch_row&#8220; el_class=&#8220;top-0 image&#8220; css=&#8220;.vc_custom_1668778123158{background-image: url(http:\/\/www.paroisse-fribourg.ch\/wp-content\/uploads\/1_soft-spots-4502861_1920.jpg?id=3243) !important;}&#8220;][vc_column][\/vc_column][\/vc_row][vc_row][vc_column][vc_row_inner][vc_column_inner][vc_column_text]Die Konfirmation bildet am Ende der obligatorischen Schulzeit den feierlichen Abschluss des kirchlichen Unterrichts. Sie markiert symbolisch [&hellip;]<\/p>\n","protected":false},"author":5,"featured_media":0,"parent":3439,"menu_order":4,"comment_status":"closed","ping_status":"closed","template":"","meta":{"_acf_changed":false,"footnotes":""},"class_list":["post-3461","page","type-page","status-publish","hentry"],"acf":[],"yoast_head":"<!-- This site is optimized with the Yoast SEO plugin v24.3 - https:\/\/yoast.com\/wordpress\/plugins\/seo\/ -->\n<title>Konfirmation | Die reformierte Kirchgemeinde von Freiburg<\/title>\n<meta name=\"description\" content=\"Die Konfirmation ist f\u00fcr viele Jugendliche ein wichtiger, erster Schritt ins Erwachsenenleben. Sie bedeutet Bekr\u00e4ftigung im eigenen Glauben und St\u00e4rkung f\u00fcr den weiteren Lebensweg unter dem Segen Gottes.\" \/>\n<meta name=\"robots\" content=\"index, follow, max-snippet:-1, max-image-preview:large, max-video-preview:-1\" \/>\n<link rel=\"canonical\" href=\"https:\/\/www.paroisse-fribourg.ch\/de\/im-lauf-des-lebens\/konfirmation\/\" \/>\n<meta property=\"og:locale\" content=\"de_DE\" \/>\n<meta property=\"og:type\" content=\"article\" \/>\n<meta property=\"og:title\" content=\"Konfirmation | Die reformierte Kirchgemeinde von Freiburg\" \/>\n<meta property=\"og:description\" content=\"Die Konfirmation ist f\u00fcr viele Jugendliche ein wichtiger, erster Schritt ins Erwachsenenleben. Sie bedeutet Bekr\u00e4ftigung im eigenen Glauben und St\u00e4rkung f\u00fcr den weiteren Lebensweg unter dem Segen Gottes.\" \/>\n<meta property=\"og:url\" content=\"https:\/\/www.paroisse-fribourg.ch\/de\/im-lauf-des-lebens\/konfirmation\/\" \/>\n<meta property=\"og:site_name\" content=\"Die reformierte Kirchgemeinde von Freiburg\" \/>\n<meta property=\"article:modified_time\" content=\"2025-08-22T13:58:52+00:00\" \/>\n<meta name=\"twitter:card\" content=\"summary_large_image\" \/>\n<meta name=\"twitter:label1\" content=\"Gesch\u00e4tzte Lesezeit\" \/>\n\t<meta name=\"twitter:data1\" content=\"2\u00a0Minuten\" \/>\n<script type=\"application\/ld+json\" class=\"yoast-schema-graph\">{\"@context\":\"https:\/\/schema.org\",\"@graph\":[{\"@type\":\"WebPage\",\"@id\":\"https:\/\/www.paroisse-fribourg.ch\/de\/im-lauf-des-lebens\/konfirmation\/\",\"url\":\"https:\/\/www.paroisse-fribourg.ch\/de\/im-lauf-des-lebens\/konfirmation\/\",\"name\":\"Konfirmation | Die reformierte Kirchgemeinde von Freiburg\",\"isPartOf\":{\"@id\":\"https:\/\/www.paroisse-fribourg.ch\/#website\"},\"datePublished\":\"2022-10-20T12:16:28+00:00\",\"dateModified\":\"2025-08-22T13:58:52+00:00\",\"description\":\"Die Konfirmation ist f\u00fcr viele Jugendliche ein wichtiger, erster Schritt ins Erwachsenenleben. Sie bedeutet Bekr\u00e4ftigung im eigenen Glauben und St\u00e4rkung f\u00fcr den weiteren Lebensweg unter dem Segen Gottes.\",\"breadcrumb\":{\"@id\":\"https:\/\/www.paroisse-fribourg.ch\/de\/im-lauf-des-lebens\/konfirmation\/#breadcrumb\"},\"inLanguage\":\"de\",\"potentialAction\":[{\"@type\":\"ReadAction\",\"target\":[\"https:\/\/www.paroisse-fribourg.ch\/de\/im-lauf-des-lebens\/konfirmation\/\"]}]},{\"@type\":\"BreadcrumbList\",\"@id\":\"https:\/\/www.paroisse-fribourg.ch\/de\/im-lauf-des-lebens\/konfirmation\/#breadcrumb\",\"itemListElement\":[{\"@type\":\"ListItem\",\"position\":1,\"name\":\"Home\",\"item\":\"https:\/\/www.paroisse-fribourg.ch\/de\/3437\/\"},{\"@type\":\"ListItem\",\"position\":2,\"name\":\"Im Lauf des Lebens\",\"item\":\"https:\/\/www.paroisse-fribourg.ch\/de\/im-lauf-des-lebens\/\"},{\"@type\":\"ListItem\",\"position\":3,\"name\":\"Konfirmation\"}]},{\"@type\":\"WebSite\",\"@id\":\"https:\/\/www.paroisse-fribourg.ch\/#website\",\"url\":\"https:\/\/www.paroisse-fribourg.ch\/\",\"name\":\"Die reformierte Kirchgemeinde von Freiburg\",\"description\":\"\",\"potentialAction\":[{\"@type\":\"SearchAction\",\"target\":{\"@type\":\"EntryPoint\",\"urlTemplate\":\"https:\/\/www.paroisse-fribourg.ch\/?s={search_term_string}\"},\"query-input\":{\"@type\":\"PropertyValueSpecification\",\"valueRequired\":true,\"valueName\":\"search_term_string\"}}],\"inLanguage\":\"de\"}]}<\/script>\n<!-- \/ Yoast SEO plugin. -->","yoast_head_json":{"title":"Konfirmation | Die reformierte Kirchgemeinde von Freiburg","description":"Die Konfirmation ist f\u00fcr viele Jugendliche ein wichtiger, erster Schritt ins Erwachsenenleben. Sie bedeutet Bekr\u00e4ftigung im eigenen Glauben und St\u00e4rkung f\u00fcr den weiteren Lebensweg unter dem Segen Gottes.","robots":{"index":"index","follow":"follow","max-snippet":"max-snippet:-1","max-image-preview":"max-image-preview:large","max-video-preview":"max-video-preview:-1"},"canonical":"https:\/\/www.paroisse-fribourg.ch\/de\/im-lauf-des-lebens\/konfirmation\/","og_locale":"de_DE","og_type":"article","og_title":"Konfirmation | Die reformierte Kirchgemeinde von Freiburg","og_description":"Die Konfirmation ist f\u00fcr viele Jugendliche ein wichtiger, erster Schritt ins Erwachsenenleben. Sie bedeutet Bekr\u00e4ftigung im eigenen Glauben und St\u00e4rkung f\u00fcr den weiteren Lebensweg unter dem Segen Gottes.","og_url":"https:\/\/www.paroisse-fribourg.ch\/de\/im-lauf-des-lebens\/konfirmation\/","og_site_name":"Die reformierte Kirchgemeinde von Freiburg","article_modified_time":"2025-08-22T13:58:52+00:00","twitter_card":"summary_large_image","twitter_misc":{"Gesch\u00e4tzte Lesezeit":"2\u00a0Minuten"},"schema":{"@context":"https:\/\/schema.org","@graph":[{"@type":"WebPage","@id":"https:\/\/www.paroisse-fribourg.ch\/de\/im-lauf-des-lebens\/konfirmation\/","url":"https:\/\/www.paroisse-fribourg.ch\/de\/im-lauf-des-lebens\/konfirmation\/","name":"Konfirmation | Die reformierte Kirchgemeinde von Freiburg","isPartOf":{"@id":"https:\/\/www.paroisse-fribourg.ch\/#website"},"datePublished":"2022-10-20T12:16:28+00:00","dateModified":"2025-08-22T13:58:52+00:00","description":"Die Konfirmation ist f\u00fcr viele Jugendliche ein wichtiger, erster Schritt ins Erwachsenenleben. Sie bedeutet Bekr\u00e4ftigung im eigenen Glauben und St\u00e4rkung f\u00fcr den weiteren Lebensweg unter dem Segen Gottes.","breadcrumb":{"@id":"https:\/\/www.paroisse-fribourg.ch\/de\/im-lauf-des-lebens\/konfirmation\/#breadcrumb"},"inLanguage":"de","potentialAction":[{"@type":"ReadAction","target":["https:\/\/www.paroisse-fribourg.ch\/de\/im-lauf-des-lebens\/konfirmation\/"]}]},{"@type":"BreadcrumbList","@id":"https:\/\/www.paroisse-fribourg.ch\/de\/im-lauf-des-lebens\/konfirmation\/#breadcrumb","itemListElement":[{"@type":"ListItem","position":1,"name":"Home","item":"https:\/\/www.paroisse-fribourg.ch\/de\/3437\/"},{"@type":"ListItem","position":2,"name":"Im Lauf des Lebens","item":"https:\/\/www.paroisse-fribourg.ch\/de\/im-lauf-des-lebens\/"},{"@type":"ListItem","position":3,"name":"Konfirmation"}]},{"@type":"WebSite","@id":"https:\/\/www.paroisse-fribourg.ch\/#website","url":"https:\/\/www.paroisse-fribourg.ch\/","name":"Die reformierte Kirchgemeinde von Freiburg","description":"","potentialAction":[{"@type":"SearchAction","target":{"@type":"EntryPoint","urlTemplate":"https:\/\/www.paroisse-fribourg.ch\/?s={search_term_string}"},"query-input":{"@type":"PropertyValueSpecification","valueRequired":true,"valueName":"search_term_string"}}],"inLanguage":"de"}]}},"_links":{"self":[{"href":"https:\/\/www.paroisse-fribourg.ch\/de\/wp-json\/wp\/v2\/pages\/3461","targetHints":{"allow":["GET"]}}],"collection":[{"href":"https:\/\/www.paroisse-fribourg.ch\/de\/wp-json\/wp\/v2\/pages"}],"about":[{"href":"https:\/\/www.paroisse-fribourg.ch\/de\/wp-json\/wp\/v2\/types\/page"}],"author":[{"embeddable":true,"href":"https:\/\/www.paroisse-fribourg.ch\/de\/wp-json\/wp\/v2\/users\/5"}],"replies":[{"embeddable":true,"href":"https:\/\/www.paroisse-fribourg.ch\/de\/wp-json\/wp\/v2\/comments?post=3461"}],"version-history":[{"count":7,"href":"https:\/\/www.paroisse-fribourg.ch\/de\/wp-json\/wp\/v2\/pages\/3461\/revisions"}],"predecessor-version":[{"id":5952,"href":"https:\/\/www.paroisse-fribourg.ch\/de\/wp-json\/wp\/v2\/pages\/3461\/revisions\/5952"}],"up":[{"embeddable":true,"href":"https:\/\/www.paroisse-fribourg.ch\/de\/wp-json\/wp\/v2\/pages\/3439"}],"wp:attachment":[{"href":"https:\/\/www.paroisse-fribourg.ch\/de\/wp-json\/wp\/v2\/media?parent=3461"}],"curies":[{"name":"wp","href":"https:\/\/api.w.org\/{rel}","templated":true}]}}

<div class="wpb-content-wrapper"><p>[vc_row el_class=&#8220;top-0&#8243;][vc_column][vc_row_inner][vc_column_inner width=&#8220;2/3&#8243;][vc_column_text]</p>
<h1>Konfirmation</h1>
<p>Die Konfirmation ist für viele Jugendliche ein wichtiger, erster Schritt ins Erwachsenenleben. Sie bedeutet Bekräftigung im eigenen Glauben und Stärkung für den weiteren Lebensweg unter dem Segen Gottes.[/vc_column_text][/vc_column_inner][vc_column_inner width=&#8220;1/3&#8243;][/vc_column_inner][/vc_row_inner][/vc_column][/vc_row][vc_row full_width=&#8220;stretch_row&#8220; el_class=&#8220;top-0 image&#8220; css=&#8220;.vc_custom_1668778123158{background-image: url(http://www.paroisse-fribourg.ch/wp-content/uploads/1_soft-spots-4502861_1920.jpg?id=3243) !important;}&#8220;][vc_column][/vc_column][/vc_row][vc_row][vc_column][vc_row_inner][vc_column_inner][vc_column_text]Die Konfirmation bildet am Ende der obligatorischen Schulzeit den feierlichen Abschluss des kirchlichen Unterrichts. Sie markiert symbolisch den Übergang ins Erwachsenenleben. Die Jugendlichen empfangen im Gottesdienst Gottes Segen für ihren weiteren Lebensweg; dies ist ein zentrales Element der Konfirmation. Mit der Konfirmation werden die Konfirmandinnen und Konfirmanden an ihre Taufe erinnert. Sie sagen in eigener Verantwortung Ja dazu und werden damit kirchlich mündig. Die anwesende Gemeinde bestärkt sie und nimmt sie als erwachsene Gemeindemitglieder auf.[/vc_column_text][/vc_column_inner][/vc_row_inner][/vc_column][/vc_row][vc_row][vc_column][vc_row_inner][vc_column_inner width=&#8220;1/3&#8243;][vc_column_text]</p>
<h2>Wann finden Konfirmationen statt?</h2>
<p>[/vc_column_text][/vc_column_inner][vc_column_inner width=&#8220;2/3&#8243;][vc_column_text]Am Sonntag vor Auffahrt, an der Auffahrt selbst und am Sonntag nach Auffahrt im Rahmen eines Gottesdienstes.[/vc_column_text][/vc_column_inner][/vc_row_inner][/vc_column][/vc_row][vc_row][vc_column][vc_row_inner][vc_column_inner width=&#8220;1/3&#8243;][vc_column_text]</p>
<h2>Wer kann konfirmiert werden?</h2>
<p>[/vc_column_text][/vc_column_inner][vc_column_inner width=&#8220;2/3&#8243;][vc_column_text]Die Konfirmation knüpft an die Taufe an.</p>
<p>Konfirmiert werden kann, wer sowohl den Konfirmationsunterricht in der Kirchgemeinde als auch den konfessionellen Unterricht an der Orientierungsschule besucht hat.</p>
<p>Wer sich konfirmieren lassen will, aber noch nicht getauft ist, hat die Möglichkeit, sich vor der Konfirmation oder anlässlich des Konfirmationsgottesdienstes taufen zu lassen.[/vc_column_text][/vc_column_inner][/vc_row_inner][/vc_column][/vc_row][vc_row][vc_column][vc_row_inner][vc_column_inner width=&#8220;1/3&#8243;][vc_column_text]</p>
<h2>Wie gestaltet sich der Konfirmations-unterricht?</h2>
<p>[/vc_column_text][/vc_column_inner][vc_column_inner width=&#8220;2/3&#8243;][vc_column_text css=&#8220;&#8220;]Der Konfirmationsunterricht dauert drei Jahre (9H – 11H). Die Konfirmandinnen und Konfirmanden werden mit den Grundzügen des christlichen Glaubens und der reformierten Tradition vertraut gemacht. Dabei kommen auch Themen und Fragen zur Sprache, die Jugendliche beim Erwachsen­werden beschäftigen. Der Besuch von Gottesdiensten, kirchlichen Veranstaltungen und einem jährlichen Lager ergänzen den wöchentlichen Schulunterricht.</p>
<p><strong><a href="https://www.paroisse-fribourg.ch/wp-content/uploads/Paroisse_reformee_Programme_de_2025-2026.pdf">Link zum Programm</a></strong>[/vc_column_text][/vc_column_inner][/vc_row_inner][/vc_column][/vc_row]</p>
</div>

<p>[vc_row el_class=&#8220;top-0&#8243;][vc_column][vc_row_inner][vc_column_inner width=&#8220;2/3&#8243;][vc_column_text] Konfirmation Die Konfirmation ist für viele Jugendliche ein wichtiger, erster Schritt ins Erwachsenenleben. Sie bedeutet Bekräftigung im eigenen Glauben und Stärkung für den weiteren Lebensweg unter dem Segen Gottes.[/vc_column_text][/vc_column_inner][vc_column_inner width=&#8220;1/3&#8243;][/vc_column_inner][/vc_row_inner][/vc_column][/vc_row][vc_row full_width=&#8220;stretch_row&#8220; el_class=&#8220;top-0 image&#8220; css=&#8220;.vc_custom_1668778123158{background-image: url(http://www.paroisse-fribourg.ch/wp-content/uploads/1_soft-spots-4502861_1920.jpg?id=3243) !important;}&#8220;][vc_column][/vc_column][/vc_row][vc_row][vc_column][vc_row_inner][vc_column_inner][vc_column_text]Die Konfirmation bildet am Ende der obligatorischen Schulzeit den feierlichen Abschluss des kirchlichen Unterrichts. Sie markiert symbolisch [&hellip;]</p>

<!-- This site is optimized with the Yoast SEO plugin v24.3 - https://yoast.com/wordpress/plugins/seo/ -->
<title>Konfirmation | Die reformierte Kirchgemeinde von Freiburg</title>
<meta name="description" content="Die Konfirmation ist für viele Jugendliche ein wichtiger, erster Schritt ins Erwachsenenleben. Sie bedeutet Bekräftigung im eigenen Glauben und Stärkung für den weiteren Lebensweg unter dem Segen Gottes." />
<meta name="robots" content="index, follow, max-snippet:-1, max-image-preview:large, max-video-preview:-1" />
<link rel="canonical" href="https://www.paroisse-fribourg.ch/de/im-lauf-des-lebens/konfirmation/" />
<meta property="og:locale" content="de_DE" />
<meta property="og:type" content="article" />
<meta property="og:title" content="Konfirmation | Die reformierte Kirchgemeinde von Freiburg" />
<meta property="og:description" content="Die Konfirmation ist für viele Jugendliche ein wichtiger, erster Schritt ins Erwachsenenleben. Sie bedeutet Bekräftigung im eigenen Glauben und Stärkung für den weiteren Lebensweg unter dem Segen Gottes." />
<meta property="og:url" content="https://www.paroisse-fribourg.ch/de/im-lauf-des-lebens/konfirmation/" />
<meta property="og:site_name" content="Die reformierte Kirchgemeinde von Freiburg" />
<meta property="article:modified_time" content="2025-08-22T13:58:52+00:00" />
<meta name="twitter:card" content="summary_large_image" />
<meta name="twitter:label1" content="Geschätzte Lesezeit" />
	<meta name="twitter:data1" content="2 Minuten" />
<script type="application/ld+json" class="yoast-schema-graph">{"@context":"https://schema.org","@graph":[{"@type":"WebPage","@id":"https://www.paroisse-fribourg.ch/de/im-lauf-des-lebens/konfirmation/","url":"https://www.paroisse-fribourg.ch/de/im-lauf-des-lebens/konfirmation/","name":"Konfirmation | Die reformierte Kirchgemeinde von Freiburg","isPartOf":{"@id":"https://www.paroisse-fribourg.ch/#website"},"datePublished":"2022-10-20T12:16:28+00:00","dateModified":"2025-08-22T13:58:52+00:00","description":"Die Konfirmation ist für viele Jugendliche ein wichtiger, erster Schritt ins Erwachsenenleben. Sie bedeutet Bekräftigung im eigenen Glauben und Stärkung für den weiteren Lebensweg unter dem Segen Gottes.","breadcrumb":{"@id":"https://www.paroisse-fribourg.ch/de/im-lauf-des-lebens/konfirmation/#breadcrumb"},"inLanguage":"de","potentialAction":[{"@type":"ReadAction","target":["https://www.paroisse-fribourg.ch/de/im-lauf-des-lebens/konfirmation/"]}]},{"@type":"BreadcrumbList","@id":"https://www.paroisse-fribourg.ch/de/im-lauf-des-lebens/konfirmation/#breadcrumb","itemListElement":[{"@type":"ListItem","position":1,"name":"Home","item":"https://www.paroisse-fribourg.ch/de/3437/"},{"@type":"ListItem","position":2,"name":"Im Lauf des Lebens","item":"https://www.paroisse-fribourg.ch/de/im-lauf-des-lebens/"},{"@type":"ListItem","position":3,"name":"Konfirmation"}]},{"@type":"WebSite","@id":"https://www.paroisse-fribourg.ch/#website","url":"https://www.paroisse-fribourg.ch/","name":"Die reformierte Kirchgemeinde von Freiburg","description":"","potentialAction":[{"@type":"SearchAction","target":{"@type":"EntryPoint","urlTemplate":"https://www.paroisse-fribourg.ch/?s={search_term_string}"},"query-input":{"@type":"PropertyValueSpecification","valueRequired":true,"valueName":"search_term_string"}}],"inLanguage":"de"}]}</script>
<!-- / Yoast SEO plugin. -->

Die Konfirmation ist für viele Jugendliche ein wichtiger, erster Schritt ins Erwachsenenleben. Sie bedeutet Bekräftigung im eigenen Glauben und Stärkung für den weiteren Lebensweg unter dem Segen Gottes.
