{"id":3448,"date":"2022-10-20T14:11:18","date_gmt":"2022-10-20T12:11:18","guid":{"rendered":"http:\/\/www.paroisse-fribourg.ch\/im-lauf-des-lebens\/sainte-cene\/"},"modified":"2022-12-07T15:07:01","modified_gmt":"2022-12-07T13:07:01","slug":"abendmahl","status":"publish","type":"page","link":"https:\/\/www.paroisse-fribourg.ch\/de\/im-lauf-des-lebens\/abendmahl\/","title":{"rendered":"Abendmahl"},"content":{"rendered":"<div class=\"wpb-content-wrapper\"><p>[vc_row el_class=&#8220;top-0&#8243;][vc_column][vc_row_inner][vc_column_inner width=&#8220;2\/3&#8243;][vc_column_text]<\/p>\n<h1>Abendmahl<\/h1>\n<p>&#8222;Unser t\u00e4gliches Brot gib uns heute&#8230; &#8222;[\/vc_column_text][\/vc_column_inner][vc_column_inner width=&#8220;1\/3&#8243;][\/vc_column_inner][\/vc_row_inner][\/vc_column][\/vc_row][vc_row full_width=&#8220;stretch_row&#8220; el_class=&#8220;top-0 image&#8220; css=&#8220;.vc_custom_1668778164624{background-image: url(http:\/\/www.paroisse-fribourg.ch\/wp-content\/uploads\/1_sainte_cene.jpg?id=3246) !important;}&#8220;][vc_column][\/vc_column][\/vc_row][vc_row][vc_column][vc_row_inner][vc_column_inner width=&#8220;2\/3&#8243;][vc_column_text]Das Abendmahl ist eine sch\u00f6ne Zeit der Gemeinschaft. Das Teilen des Brotes und das Trinken aus dem Kelch verbindet uns mit Christus und vermag zu tr\u00f6sten und zu st\u00e4rken.<\/p>\n<p>F\u00fcr Menschen, die aus besonderen Gr\u00fcnden nicht zum Gottesdienst kommen k\u00f6nnen, besteht die M\u00f6glichkeit, das Abendmahl in angepasster Form zu Hause, in einem Spitalzimmer oder in einem Heim zu feiern.<\/p>\n<p><a href=\"http:\/\/www.paroisse-fribourg.ch\/de\/kontakte\/pfarrerinnen-und-pfarrer\/\"><strong>F\u00fcr eine solche Anfrage k\u00f6nnen Sie sich an eine Pfarrperson wenden.<\/strong><\/a>[\/vc_column_text][\/vc_column_inner][vc_column_inner width=&#8220;1\/3&#8243;][\/vc_column_inner][\/vc_row_inner][\/vc_column][\/vc_row]<\/p>\n<\/div>","protected":false},"excerpt":{"rendered":"<p>[vc_row el_class=&#8220;top-0&#8243;][vc_column][vc_row_inner][vc_column_inner width=&#8220;2\/3&#8243;][vc_column_text] Abendmahl &#8222;Unser t\u00e4gliches Brot gib uns heute&#8230; &#8222;[\/vc_column_text][\/vc_column_inner][vc_column_inner width=&#8220;1\/3&#8243;][\/vc_column_inner][\/vc_row_inner][\/vc_column][\/vc_row][vc_row full_width=&#8220;stretch_row&#8220; el_class=&#8220;top-0 image&#8220; css=&#8220;.vc_custom_1668778164624{background-image: url(http:\/\/www.paroisse-fribourg.ch\/wp-content\/uploads\/1_sainte_cene.jpg?id=3246) !important;}&#8220;][vc_column][\/vc_column][\/vc_row][vc_row][vc_column][vc_row_inner][vc_column_inner width=&#8220;2\/3&#8243;][vc_column_text]Das Abendmahl ist eine sch\u00f6ne Zeit der Gemeinschaft. Das Teilen des Brotes und das Trinken aus dem Kelch verbindet uns mit Christus und vermag zu tr\u00f6sten und zu st\u00e4rken. F\u00fcr Menschen, die aus besonderen Gr\u00fcnden nicht zum [&hellip;]<\/p>\n","protected":false},"author":5,"featured_media":0,"parent":3439,"menu_order":2,"comment_status":"closed","ping_status":"closed","template":"","meta":{"_acf_changed":false,"footnotes":""},"class_list":["post-3448","page","type-page","status-publish","hentry"],"acf":[],"yoast_head":"<!-- This site is optimized with the Yoast SEO plugin v24.3 - https:\/\/yoast.com\/wordpress\/plugins\/seo\/ -->\n<title>Abendmahl | Die reformierte Kirchgemeinde von Freiburg<\/title>\n<meta name=\"description\" content=\"&quot;Unser t\u00e4gliches Brot gib uns heute... &quot;\" \/>\n<meta name=\"robots\" content=\"index, follow, max-snippet:-1, max-image-preview:large, max-video-preview:-1\" \/>\n<link rel=\"canonical\" href=\"https:\/\/www.paroisse-fribourg.ch\/de\/im-lauf-des-lebens\/abendmahl\/\" \/>\n<meta property=\"og:locale\" content=\"de_DE\" \/>\n<meta property=\"og:type\" content=\"article\" \/>\n<meta property=\"og:title\" content=\"Abendmahl | Die reformierte Kirchgemeinde von Freiburg\" \/>\n<meta property=\"og:description\" content=\"&quot;Unser t\u00e4gliches Brot gib uns heute... &quot;\" \/>\n<meta property=\"og:url\" content=\"https:\/\/www.paroisse-fribourg.ch\/de\/im-lauf-des-lebens\/abendmahl\/\" \/>\n<meta property=\"og:site_name\" content=\"Die reformierte Kirchgemeinde von Freiburg\" \/>\n<meta property=\"article:modified_time\" content=\"2022-12-07T13:07:01+00:00\" \/>\n<meta name=\"twitter:card\" content=\"summary_large_image\" \/>\n<meta name=\"twitter:label1\" content=\"Gesch\u00e4tzte Lesezeit\" \/>\n\t<meta name=\"twitter:data1\" content=\"1\u00a0Minute\" \/>\n<script type=\"application\/ld+json\" class=\"yoast-schema-graph\">{\"@context\":\"https:\/\/schema.org\",\"@graph\":[{\"@type\":\"WebPage\",\"@id\":\"https:\/\/www.paroisse-fribourg.ch\/de\/im-lauf-des-lebens\/abendmahl\/\",\"url\":\"https:\/\/www.paroisse-fribourg.ch\/de\/im-lauf-des-lebens\/abendmahl\/\",\"name\":\"Abendmahl | Die reformierte Kirchgemeinde von Freiburg\",\"isPartOf\":{\"@id\":\"https:\/\/www.paroisse-fribourg.ch\/#website\"},\"datePublished\":\"2022-10-20T12:11:18+00:00\",\"dateModified\":\"2022-12-07T13:07:01+00:00\",\"description\":\"\\\"Unser t\u00e4gliches Brot gib uns heute... \\\"\",\"breadcrumb\":{\"@id\":\"https:\/\/www.paroisse-fribourg.ch\/de\/im-lauf-des-lebens\/abendmahl\/#breadcrumb\"},\"inLanguage\":\"de\",\"potentialAction\":[{\"@type\":\"ReadAction\",\"target\":[\"https:\/\/www.paroisse-fribourg.ch\/de\/im-lauf-des-lebens\/abendmahl\/\"]}]},{\"@type\":\"BreadcrumbList\",\"@id\":\"https:\/\/www.paroisse-fribourg.ch\/de\/im-lauf-des-lebens\/abendmahl\/#breadcrumb\",\"itemListElement\":[{\"@type\":\"ListItem\",\"position\":1,\"name\":\"Home\",\"item\":\"https:\/\/www.paroisse-fribourg.ch\/de\/3437\/\"},{\"@type\":\"ListItem\",\"position\":2,\"name\":\"Im Lauf des Lebens\",\"item\":\"https:\/\/www.paroisse-fribourg.ch\/de\/im-lauf-des-lebens\/\"},{\"@type\":\"ListItem\",\"position\":3,\"name\":\"Abendmahl\"}]},{\"@type\":\"WebSite\",\"@id\":\"https:\/\/www.paroisse-fribourg.ch\/#website\",\"url\":\"https:\/\/www.paroisse-fribourg.ch\/\",\"name\":\"Die reformierte Kirchgemeinde von Freiburg\",\"description\":\"\",\"potentialAction\":[{\"@type\":\"SearchAction\",\"target\":{\"@type\":\"EntryPoint\",\"urlTemplate\":\"https:\/\/www.paroisse-fribourg.ch\/?s={search_term_string}\"},\"query-input\":{\"@type\":\"PropertyValueSpecification\",\"valueRequired\":true,\"valueName\":\"search_term_string\"}}],\"inLanguage\":\"de\"}]}<\/script>\n<!-- \/ Yoast SEO plugin. -->","yoast_head_json":{"title":"Abendmahl | Die reformierte Kirchgemeinde von Freiburg","description":"\"Unser t\u00e4gliches Brot gib uns heute... \"","robots":{"index":"index","follow":"follow","max-snippet":"max-snippet:-1","max-image-preview":"max-image-preview:large","max-video-preview":"max-video-preview:-1"},"canonical":"https:\/\/www.paroisse-fribourg.ch\/de\/im-lauf-des-lebens\/abendmahl\/","og_locale":"de_DE","og_type":"article","og_title":"Abendmahl | Die reformierte Kirchgemeinde von Freiburg","og_description":"\"Unser t\u00e4gliches Brot gib uns heute... \"","og_url":"https:\/\/www.paroisse-fribourg.ch\/de\/im-lauf-des-lebens\/abendmahl\/","og_site_name":"Die reformierte Kirchgemeinde von Freiburg","article_modified_time":"2022-12-07T13:07:01+00:00","twitter_card":"summary_large_image","twitter_misc":{"Gesch\u00e4tzte Lesezeit":"1\u00a0Minute"},"schema":{"@context":"https:\/\/schema.org","@graph":[{"@type":"WebPage","@id":"https:\/\/www.paroisse-fribourg.ch\/de\/im-lauf-des-lebens\/abendmahl\/","url":"https:\/\/www.paroisse-fribourg.ch\/de\/im-lauf-des-lebens\/abendmahl\/","name":"Abendmahl | Die reformierte Kirchgemeinde von Freiburg","isPartOf":{"@id":"https:\/\/www.paroisse-fribourg.ch\/#website"},"datePublished":"2022-10-20T12:11:18+00:00","dateModified":"2022-12-07T13:07:01+00:00","description":"\"Unser t\u00e4gliches Brot gib uns heute... \"","breadcrumb":{"@id":"https:\/\/www.paroisse-fribourg.ch\/de\/im-lauf-des-lebens\/abendmahl\/#breadcrumb"},"inLanguage":"de","potentialAction":[{"@type":"ReadAction","target":["https:\/\/www.paroisse-fribourg.ch\/de\/im-lauf-des-lebens\/abendmahl\/"]}]},{"@type":"BreadcrumbList","@id":"https:\/\/www.paroisse-fribourg.ch\/de\/im-lauf-des-lebens\/abendmahl\/#breadcrumb","itemListElement":[{"@type":"ListItem","position":1,"name":"Home","item":"https:\/\/www.paroisse-fribourg.ch\/de\/3437\/"},{"@type":"ListItem","position":2,"name":"Im Lauf des Lebens","item":"https:\/\/www.paroisse-fribourg.ch\/de\/im-lauf-des-lebens\/"},{"@type":"ListItem","position":3,"name":"Abendmahl"}]},{"@type":"WebSite","@id":"https:\/\/www.paroisse-fribourg.ch\/#website","url":"https:\/\/www.paroisse-fribourg.ch\/","name":"Die reformierte Kirchgemeinde von Freiburg","description":"","potentialAction":[{"@type":"SearchAction","target":{"@type":"EntryPoint","urlTemplate":"https:\/\/www.paroisse-fribourg.ch\/?s={search_term_string}"},"query-input":{"@type":"PropertyValueSpecification","valueRequired":true,"valueName":"search_term_string"}}],"inLanguage":"de"}]}},"_links":{"self":[{"href":"https:\/\/www.paroisse-fribourg.ch\/de\/wp-json\/wp\/v2\/pages\/3448","targetHints":{"allow":["GET"]}}],"collection":[{"href":"https:\/\/www.paroisse-fribourg.ch\/de\/wp-json\/wp\/v2\/pages"}],"about":[{"href":"https:\/\/www.paroisse-fribourg.ch\/de\/wp-json\/wp\/v2\/types\/page"}],"author":[{"embeddable":true,"href":"https:\/\/www.paroisse-fribourg.ch\/de\/wp-json\/wp\/v2\/users\/5"}],"replies":[{"embeddable":true,"href":"https:\/\/www.paroisse-fribourg.ch\/de\/wp-json\/wp\/v2\/comments?post=3448"}],"version-history":[{"count":2,"href":"https:\/\/www.paroisse-fribourg.ch\/de\/wp-json\/wp\/v2\/pages\/3448\/revisions"}],"predecessor-version":[{"id":3661,"href":"https:\/\/www.paroisse-fribourg.ch\/de\/wp-json\/wp\/v2\/pages\/3448\/revisions\/3661"}],"up":[{"embeddable":true,"href":"https:\/\/www.paroisse-fribourg.ch\/de\/wp-json\/wp\/v2\/pages\/3439"}],"wp:attachment":[{"href":"https:\/\/www.paroisse-fribourg.ch\/de\/wp-json\/wp\/v2\/media?parent=3448"}],"curies":[{"name":"wp","href":"https:\/\/api.w.org\/{rel}","templated":true}]}}

<div class="wpb-content-wrapper"><p>[vc_row el_class=&#8220;top-0&#8243;][vc_column][vc_row_inner][vc_column_inner width=&#8220;2/3&#8243;][vc_column_text]</p>
<h1>Abendmahl</h1>
<p>&#8222;Unser tägliches Brot gib uns heute&#8230; &#8222;[/vc_column_text][/vc_column_inner][vc_column_inner width=&#8220;1/3&#8243;][/vc_column_inner][/vc_row_inner][/vc_column][/vc_row][vc_row full_width=&#8220;stretch_row&#8220; el_class=&#8220;top-0 image&#8220; css=&#8220;.vc_custom_1668778164624{background-image: url(http://www.paroisse-fribourg.ch/wp-content/uploads/1_sainte_cene.jpg?id=3246) !important;}&#8220;][vc_column][/vc_column][/vc_row][vc_row][vc_column][vc_row_inner][vc_column_inner width=&#8220;2/3&#8243;][vc_column_text]Das Abendmahl ist eine schöne Zeit der Gemeinschaft. Das Teilen des Brotes und das Trinken aus dem Kelch verbindet uns mit Christus und vermag zu trösten und zu stärken.</p>
<p>Für Menschen, die aus besonderen Gründen nicht zum Gottesdienst kommen können, besteht die Möglichkeit, das Abendmahl in angepasster Form zu Hause, in einem Spitalzimmer oder in einem Heim zu feiern.</p>
<p><a href="http://www.paroisse-fribourg.ch/de/kontakte/pfarrerinnen-und-pfarrer/"><strong>Für eine solche Anfrage können Sie sich an eine Pfarrperson wenden.</strong></a>[/vc_column_text][/vc_column_inner][vc_column_inner width=&#8220;1/3&#8243;][/vc_column_inner][/vc_row_inner][/vc_column][/vc_row]</p>
</div>

<p>[vc_row el_class=&#8220;top-0&#8243;][vc_column][vc_row_inner][vc_column_inner width=&#8220;2/3&#8243;][vc_column_text] Abendmahl &#8222;Unser tägliches Brot gib uns heute&#8230; &#8222;[/vc_column_text][/vc_column_inner][vc_column_inner width=&#8220;1/3&#8243;][/vc_column_inner][/vc_row_inner][/vc_column][/vc_row][vc_row full_width=&#8220;stretch_row&#8220; el_class=&#8220;top-0 image&#8220; css=&#8220;.vc_custom_1668778164624{background-image: url(http://www.paroisse-fribourg.ch/wp-content/uploads/1_sainte_cene.jpg?id=3246) !important;}&#8220;][vc_column][/vc_column][/vc_row][vc_row][vc_column][vc_row_inner][vc_column_inner width=&#8220;2/3&#8243;][vc_column_text]Das Abendmahl ist eine schöne Zeit der Gemeinschaft. Das Teilen des Brotes und das Trinken aus dem Kelch verbindet uns mit Christus und vermag zu trösten und zu stärken. Für Menschen, die aus besonderen Gründen nicht zum [&hellip;]</p>

<!-- This site is optimized with the Yoast SEO plugin v24.3 - https://yoast.com/wordpress/plugins/seo/ -->
<title>Abendmahl | Die reformierte Kirchgemeinde von Freiburg</title>
<meta name="description" content="&quot;Unser tägliches Brot gib uns heute... &quot;" />
<meta name="robots" content="index, follow, max-snippet:-1, max-image-preview:large, max-video-preview:-1" />
<link rel="canonical" href="https://www.paroisse-fribourg.ch/de/im-lauf-des-lebens/abendmahl/" />
<meta property="og:locale" content="de_DE" />
<meta property="og:type" content="article" />
<meta property="og:title" content="Abendmahl | Die reformierte Kirchgemeinde von Freiburg" />
<meta property="og:description" content="&quot;Unser tägliches Brot gib uns heute... &quot;" />
<meta property="og:url" content="https://www.paroisse-fribourg.ch/de/im-lauf-des-lebens/abendmahl/" />
<meta property="og:site_name" content="Die reformierte Kirchgemeinde von Freiburg" />
<meta property="article:modified_time" content="2022-12-07T13:07:01+00:00" />
<meta name="twitter:card" content="summary_large_image" />
<meta name="twitter:label1" content="Geschätzte Lesezeit" />
	<meta name="twitter:data1" content="1 Minute" />
<script type="application/ld+json" class="yoast-schema-graph">{"@context":"https://schema.org","@graph":[{"@type":"WebPage","@id":"https://www.paroisse-fribourg.ch/de/im-lauf-des-lebens/abendmahl/","url":"https://www.paroisse-fribourg.ch/de/im-lauf-des-lebens/abendmahl/","name":"Abendmahl | Die reformierte Kirchgemeinde von Freiburg","isPartOf":{"@id":"https://www.paroisse-fribourg.ch/#website"},"datePublished":"2022-10-20T12:11:18+00:00","dateModified":"2022-12-07T13:07:01+00:00","description":"\"Unser tägliches Brot gib uns heute... \"","breadcrumb":{"@id":"https://www.paroisse-fribourg.ch/de/im-lauf-des-lebens/abendmahl/#breadcrumb"},"inLanguage":"de","potentialAction":[{"@type":"ReadAction","target":["https://www.paroisse-fribourg.ch/de/im-lauf-des-lebens/abendmahl/"]}]},{"@type":"BreadcrumbList","@id":"https://www.paroisse-fribourg.ch/de/im-lauf-des-lebens/abendmahl/#breadcrumb","itemListElement":[{"@type":"ListItem","position":1,"name":"Home","item":"https://www.paroisse-fribourg.ch/de/3437/"},{"@type":"ListItem","position":2,"name":"Im Lauf des Lebens","item":"https://www.paroisse-fribourg.ch/de/im-lauf-des-lebens/"},{"@type":"ListItem","position":3,"name":"Abendmahl"}]},{"@type":"WebSite","@id":"https://www.paroisse-fribourg.ch/#website","url":"https://www.paroisse-fribourg.ch/","name":"Die reformierte Kirchgemeinde von Freiburg","description":"","potentialAction":[{"@type":"SearchAction","target":{"@type":"EntryPoint","urlTemplate":"https://www.paroisse-fribourg.ch/?s={search_term_string}"},"query-input":{"@type":"PropertyValueSpecification","valueRequired":true,"valueName":"search_term_string"}}],"inLanguage":"de"}]}</script>
<!-- / Yoast SEO plugin. -->

"Unser tägliches Brot gib uns heute... "
