{"id":3429,"date":"2022-10-20T13:40:02","date_gmt":"2022-10-20T11:40:02","guid":{"rendered":"http:\/\/www.paroisse-fribourg.ch\/kirchliches-leben\/pour-petits-et-grands\/"},"modified":"2022-11-30T11:11:33","modified_gmt":"2022-11-30T09:11:33","slug":"fuer-jung-und-alt","status":"publish","type":"page","link":"https:\/\/www.paroisse-fribourg.ch\/de\/kirchliches-leben\/fuer-jung-und-alt\/","title":{"rendered":"F\u00fcr Jung und Alt"},"content":{"rendered":"<div class=\"wpb-content-wrapper\"><p>[vc_row el_class=&#8220;top-0&#8243;][vc_column][vc_row_inner][vc_column_inner width=&#8220;2\/3&#8243;][vc_column_text]<\/p>\n<h1>F\u00fcr Jung und Alt<\/h1>\n<p>Veranstaltungen f\u00fcr alle Altersgruppen.[\/vc_column_text][\/vc_column_inner][vc_column_inner width=&#8220;1\/3&#8243;][\/vc_column_inner][\/vc_row_inner][\/vc_column][\/vc_row][vc_row full_width=&#8220;stretch_row&#8220; el_class=&#8220;top-0 image&#8220; css=&#8220;.vc_custom_1668777769424{background-image: url(http:\/\/www.paroisse-fribourg.ch\/wp-content\/uploads\/1_petits-et-grands.jpg?id=3224) !important;}&#8220;][vc_column][\/vc_column][\/vc_row][vc_row][vc_column][vc_row_inner][vc_column_inner width=&#8220;1\/3&#8243;][vc_column_text]<\/p>\n<h2>Kirchgemeindefest<\/h2>\n<p>[\/vc_column_text][\/vc_column_inner][vc_column_inner width=&#8220;2\/3&#8243;][vc_column_text]Das traditionelle Kirchgemeindefest bringt Mitte August Kirchgemeindemitglieder und ihre Familien zusammen. Es ist eine M\u00f6glichkeit, sich in einem geselligen Rahmen zu treffen und wertvolle Verbindungen zu kn\u00fcpfen. Es ist auch eine Gelegenheit, allen zu danken, die sich das ganze Jahr f\u00fcr das Leben der Kirchgemeinde einsetzen. Im Laufe der Zeit hat dieser Ausflug erm\u00f6glicht, so unterschiedliche Orte wie die Mission 21 in Basel, die Kapelle der Expo.02 in Murten oder die Calvin-Ausstellung im Reformationsmuseum in Genf zu entdecken.[\/vc_column_text][\/vc_column_inner][\/vc_row_inner][\/vc_column][\/vc_row][vc_row][vc_column][vc_row_inner][vc_column_inner width=&#8220;1\/3&#8243;][vc_column_text]<\/p>\n<h2>Generationen-\u00fcbergreifendes Lager<\/h2>\n<p>[\/vc_column_text][\/vc_column_inner][vc_column_inner width=&#8220;2\/3&#8243;][vc_single_image image=&#8220;3227&#8243; img_size=&#8220;large&#8220; css=&#8220;.vc_custom_1668777845570{margin-bottom: 25px !important;}&#8220;][vc_column_text]Gelegentlich vorgesehen sind generationen\u00fcbergreifende Lager wie auf dem Simplon oder in Adelboden.[\/vc_column_text][\/vc_column_inner][\/vc_row_inner][\/vc_column][\/vc_row]<\/p>\n<\/div>","protected":false},"excerpt":{"rendered":"<p>[vc_row el_class=&#8220;top-0&#8243;][vc_column][vc_row_inner][vc_column_inner width=&#8220;2\/3&#8243;][vc_column_text] F\u00fcr Jung und Alt Veranstaltungen f\u00fcr alle Altersgruppen.[\/vc_column_text][\/vc_column_inner][vc_column_inner width=&#8220;1\/3&#8243;][\/vc_column_inner][\/vc_row_inner][\/vc_column][\/vc_row][vc_row full_width=&#8220;stretch_row&#8220; el_class=&#8220;top-0 image&#8220; css=&#8220;.vc_custom_1668777769424{background-image: url(http:\/\/www.paroisse-fribourg.ch\/wp-content\/uploads\/1_petits-et-grands.jpg?id=3224) !important;}&#8220;][vc_column][\/vc_column][\/vc_row][vc_row][vc_column][vc_row_inner][vc_column_inner width=&#8220;1\/3&#8243;][vc_column_text] Kirchgemeindefest [\/vc_column_text][\/vc_column_inner][vc_column_inner width=&#8220;2\/3&#8243;][vc_column_text]Das traditionelle Kirchgemeindefest bringt Mitte August Kirchgemeindemitglieder und ihre Familien zusammen. Es ist eine M\u00f6glichkeit, sich in einem geselligen Rahmen zu treffen und wertvolle Verbindungen zu kn\u00fcpfen. Es ist auch eine Gelegenheit, allen zu [&hellip;]<\/p>\n","protected":false},"author":5,"featured_media":0,"parent":3384,"menu_order":27,"comment_status":"closed","ping_status":"closed","template":"","meta":{"_acf_changed":false,"footnotes":""},"class_list":["post-3429","page","type-page","status-publish","hentry"],"acf":[],"yoast_head":"<!-- This site is optimized with the Yoast SEO plugin v24.3 - https:\/\/yoast.com\/wordpress\/plugins\/seo\/ -->\n<title>F\u00fcr Jung und Alt | Die reformierte Kirchgemeinde von Freiburg<\/title>\n<meta name=\"description\" content=\"Veranstaltungen f\u00fcr alle Altersgruppen.\" \/>\n<meta name=\"robots\" content=\"index, follow, max-snippet:-1, max-image-preview:large, max-video-preview:-1\" \/>\n<link rel=\"canonical\" href=\"https:\/\/www.paroisse-fribourg.ch\/de\/kirchliches-leben\/fuer-jung-und-alt\/\" \/>\n<meta property=\"og:locale\" content=\"de_DE\" \/>\n<meta property=\"og:type\" content=\"article\" \/>\n<meta property=\"og:title\" content=\"F\u00fcr Jung und Alt | Die reformierte Kirchgemeinde von Freiburg\" \/>\n<meta property=\"og:description\" content=\"Veranstaltungen f\u00fcr alle Altersgruppen.\" \/>\n<meta property=\"og:url\" content=\"https:\/\/www.paroisse-fribourg.ch\/de\/kirchliches-leben\/fuer-jung-und-alt\/\" \/>\n<meta property=\"og:site_name\" content=\"Die reformierte Kirchgemeinde von Freiburg\" \/>\n<meta property=\"article:modified_time\" content=\"2022-11-30T09:11:33+00:00\" \/>\n<meta name=\"twitter:card\" content=\"summary_large_image\" \/>\n<meta name=\"twitter:label1\" content=\"Gesch\u00e4tzte Lesezeit\" \/>\n\t<meta name=\"twitter:data1\" content=\"1\u00a0Minute\" \/>\n<script type=\"application\/ld+json\" class=\"yoast-schema-graph\">{\"@context\":\"https:\/\/schema.org\",\"@graph\":[{\"@type\":\"WebPage\",\"@id\":\"https:\/\/www.paroisse-fribourg.ch\/de\/kirchliches-leben\/fuer-jung-und-alt\/\",\"url\":\"https:\/\/www.paroisse-fribourg.ch\/de\/kirchliches-leben\/fuer-jung-und-alt\/\",\"name\":\"F\u00fcr Jung und Alt | Die reformierte Kirchgemeinde von Freiburg\",\"isPartOf\":{\"@id\":\"https:\/\/www.paroisse-fribourg.ch\/#website\"},\"datePublished\":\"2022-10-20T11:40:02+00:00\",\"dateModified\":\"2022-11-30T09:11:33+00:00\",\"description\":\"Veranstaltungen f\u00fcr alle Altersgruppen.\",\"breadcrumb\":{\"@id\":\"https:\/\/www.paroisse-fribourg.ch\/de\/kirchliches-leben\/fuer-jung-und-alt\/#breadcrumb\"},\"inLanguage\":\"de\",\"potentialAction\":[{\"@type\":\"ReadAction\",\"target\":[\"https:\/\/www.paroisse-fribourg.ch\/de\/kirchliches-leben\/fuer-jung-und-alt\/\"]}]},{\"@type\":\"BreadcrumbList\",\"@id\":\"https:\/\/www.paroisse-fribourg.ch\/de\/kirchliches-leben\/fuer-jung-und-alt\/#breadcrumb\",\"itemListElement\":[{\"@type\":\"ListItem\",\"position\":1,\"name\":\"Home\",\"item\":\"https:\/\/www.paroisse-fribourg.ch\/de\/3437\/\"},{\"@type\":\"ListItem\",\"position\":2,\"name\":\"Kirchliches Leben\",\"item\":\"https:\/\/www.paroisse-fribourg.ch\/de\/kirchliches-leben\/\"},{\"@type\":\"ListItem\",\"position\":3,\"name\":\"F\u00fcr Jung und Alt\"}]},{\"@type\":\"WebSite\",\"@id\":\"https:\/\/www.paroisse-fribourg.ch\/#website\",\"url\":\"https:\/\/www.paroisse-fribourg.ch\/\",\"name\":\"Die reformierte Kirchgemeinde von Freiburg\",\"description\":\"\",\"potentialAction\":[{\"@type\":\"SearchAction\",\"target\":{\"@type\":\"EntryPoint\",\"urlTemplate\":\"https:\/\/www.paroisse-fribourg.ch\/?s={search_term_string}\"},\"query-input\":{\"@type\":\"PropertyValueSpecification\",\"valueRequired\":true,\"valueName\":\"search_term_string\"}}],\"inLanguage\":\"de\"}]}<\/script>\n<!-- \/ Yoast SEO plugin. -->","yoast_head_json":{"title":"F\u00fcr Jung und Alt | Die reformierte Kirchgemeinde von Freiburg","description":"Veranstaltungen f\u00fcr alle Altersgruppen.","robots":{"index":"index","follow":"follow","max-snippet":"max-snippet:-1","max-image-preview":"max-image-preview:large","max-video-preview":"max-video-preview:-1"},"canonical":"https:\/\/www.paroisse-fribourg.ch\/de\/kirchliches-leben\/fuer-jung-und-alt\/","og_locale":"de_DE","og_type":"article","og_title":"F\u00fcr Jung und Alt | Die reformierte Kirchgemeinde von Freiburg","og_description":"Veranstaltungen f\u00fcr alle Altersgruppen.","og_url":"https:\/\/www.paroisse-fribourg.ch\/de\/kirchliches-leben\/fuer-jung-und-alt\/","og_site_name":"Die reformierte Kirchgemeinde von Freiburg","article_modified_time":"2022-11-30T09:11:33+00:00","twitter_card":"summary_large_image","twitter_misc":{"Gesch\u00e4tzte Lesezeit":"1\u00a0Minute"},"schema":{"@context":"https:\/\/schema.org","@graph":[{"@type":"WebPage","@id":"https:\/\/www.paroisse-fribourg.ch\/de\/kirchliches-leben\/fuer-jung-und-alt\/","url":"https:\/\/www.paroisse-fribourg.ch\/de\/kirchliches-leben\/fuer-jung-und-alt\/","name":"F\u00fcr Jung und Alt | Die reformierte Kirchgemeinde von Freiburg","isPartOf":{"@id":"https:\/\/www.paroisse-fribourg.ch\/#website"},"datePublished":"2022-10-20T11:40:02+00:00","dateModified":"2022-11-30T09:11:33+00:00","description":"Veranstaltungen f\u00fcr alle Altersgruppen.","breadcrumb":{"@id":"https:\/\/www.paroisse-fribourg.ch\/de\/kirchliches-leben\/fuer-jung-und-alt\/#breadcrumb"},"inLanguage":"de","potentialAction":[{"@type":"ReadAction","target":["https:\/\/www.paroisse-fribourg.ch\/de\/kirchliches-leben\/fuer-jung-und-alt\/"]}]},{"@type":"BreadcrumbList","@id":"https:\/\/www.paroisse-fribourg.ch\/de\/kirchliches-leben\/fuer-jung-und-alt\/#breadcrumb","itemListElement":[{"@type":"ListItem","position":1,"name":"Home","item":"https:\/\/www.paroisse-fribourg.ch\/de\/3437\/"},{"@type":"ListItem","position":2,"name":"Kirchliches Leben","item":"https:\/\/www.paroisse-fribourg.ch\/de\/kirchliches-leben\/"},{"@type":"ListItem","position":3,"name":"F\u00fcr Jung und Alt"}]},{"@type":"WebSite","@id":"https:\/\/www.paroisse-fribourg.ch\/#website","url":"https:\/\/www.paroisse-fribourg.ch\/","name":"Die reformierte Kirchgemeinde von Freiburg","description":"","potentialAction":[{"@type":"SearchAction","target":{"@type":"EntryPoint","urlTemplate":"https:\/\/www.paroisse-fribourg.ch\/?s={search_term_string}"},"query-input":{"@type":"PropertyValueSpecification","valueRequired":true,"valueName":"search_term_string"}}],"inLanguage":"de"}]}},"_links":{"self":[{"href":"https:\/\/www.paroisse-fribourg.ch\/de\/wp-json\/wp\/v2\/pages\/3429","targetHints":{"allow":["GET"]}}],"collection":[{"href":"https:\/\/www.paroisse-fribourg.ch\/de\/wp-json\/wp\/v2\/pages"}],"about":[{"href":"https:\/\/www.paroisse-fribourg.ch\/de\/wp-json\/wp\/v2\/types\/page"}],"author":[{"embeddable":true,"href":"https:\/\/www.paroisse-fribourg.ch\/de\/wp-json\/wp\/v2\/users\/5"}],"replies":[{"embeddable":true,"href":"https:\/\/www.paroisse-fribourg.ch\/de\/wp-json\/wp\/v2\/comments?post=3429"}],"version-history":[{"count":4,"href":"https:\/\/www.paroisse-fribourg.ch\/de\/wp-json\/wp\/v2\/pages\/3429\/revisions"}],"predecessor-version":[{"id":3590,"href":"https:\/\/www.paroisse-fribourg.ch\/de\/wp-json\/wp\/v2\/pages\/3429\/revisions\/3590"}],"up":[{"embeddable":true,"href":"https:\/\/www.paroisse-fribourg.ch\/de\/wp-json\/wp\/v2\/pages\/3384"}],"wp:attachment":[{"href":"https:\/\/www.paroisse-fribourg.ch\/de\/wp-json\/wp\/v2\/media?parent=3429"}],"curies":[{"name":"wp","href":"https:\/\/api.w.org\/{rel}","templated":true}]}}

Für Jung und Alt

<div class="wpb-content-wrapper"><p>[vc_row el_class=&#8220;top-0&#8243;][vc_column][vc_row_inner][vc_column_inner width=&#8220;2/3&#8243;][vc_column_text]</p>
<h1>Für Jung und Alt</h1>
<p>Veranstaltungen für alle Altersgruppen.[/vc_column_text][/vc_column_inner][vc_column_inner width=&#8220;1/3&#8243;][/vc_column_inner][/vc_row_inner][/vc_column][/vc_row][vc_row full_width=&#8220;stretch_row&#8220; el_class=&#8220;top-0 image&#8220; css=&#8220;.vc_custom_1668777769424{background-image: url(http://www.paroisse-fribourg.ch/wp-content/uploads/1_petits-et-grands.jpg?id=3224) !important;}&#8220;][vc_column][/vc_column][/vc_row][vc_row][vc_column][vc_row_inner][vc_column_inner width=&#8220;1/3&#8243;][vc_column_text]</p>
<h2>Kirchgemeindefest</h2>
<p>[/vc_column_text][/vc_column_inner][vc_column_inner width=&#8220;2/3&#8243;][vc_column_text]Das traditionelle Kirchgemeindefest bringt Mitte August Kirchgemeindemitglieder und ihre Familien zusammen. Es ist eine Möglichkeit, sich in einem geselligen Rahmen zu treffen und wertvolle Verbindungen zu knüpfen. Es ist auch eine Gelegenheit, allen zu danken, die sich das ganze Jahr für das Leben der Kirchgemeinde einsetzen. Im Laufe der Zeit hat dieser Ausflug ermöglicht, so unterschiedliche Orte wie die Mission 21 in Basel, die Kapelle der Expo.02 in Murten oder die Calvin-Ausstellung im Reformationsmuseum in Genf zu entdecken.[/vc_column_text][/vc_column_inner][/vc_row_inner][/vc_column][/vc_row][vc_row][vc_column][vc_row_inner][vc_column_inner width=&#8220;1/3&#8243;][vc_column_text]</p>
<h2>Generationen-übergreifendes Lager</h2>
<p>[/vc_column_text][/vc_column_inner][vc_column_inner width=&#8220;2/3&#8243;][vc_single_image image=&#8220;3227&#8243; img_size=&#8220;large&#8220; css=&#8220;.vc_custom_1668777845570{margin-bottom: 25px !important;}&#8220;][vc_column_text]Gelegentlich vorgesehen sind generationenübergreifende Lager wie auf dem Simplon oder in Adelboden.[/vc_column_text][/vc_column_inner][/vc_row_inner][/vc_column][/vc_row]</p>
</div>

<p>[vc_row el_class=&#8220;top-0&#8243;][vc_column][vc_row_inner][vc_column_inner width=&#8220;2/3&#8243;][vc_column_text] Für Jung und Alt Veranstaltungen für alle Altersgruppen.[/vc_column_text][/vc_column_inner][vc_column_inner width=&#8220;1/3&#8243;][/vc_column_inner][/vc_row_inner][/vc_column][/vc_row][vc_row full_width=&#8220;stretch_row&#8220; el_class=&#8220;top-0 image&#8220; css=&#8220;.vc_custom_1668777769424{background-image: url(http://www.paroisse-fribourg.ch/wp-content/uploads/1_petits-et-grands.jpg?id=3224) !important;}&#8220;][vc_column][/vc_column][/vc_row][vc_row][vc_column][vc_row_inner][vc_column_inner width=&#8220;1/3&#8243;][vc_column_text] Kirchgemeindefest [/vc_column_text][/vc_column_inner][vc_column_inner width=&#8220;2/3&#8243;][vc_column_text]Das traditionelle Kirchgemeindefest bringt Mitte August Kirchgemeindemitglieder und ihre Familien zusammen. Es ist eine Möglichkeit, sich in einem geselligen Rahmen zu treffen und wertvolle Verbindungen zu knüpfen. Es ist auch eine Gelegenheit, allen zu [&hellip;]</p>

<!-- This site is optimized with the Yoast SEO plugin v24.3 - https://yoast.com/wordpress/plugins/seo/ -->
<title>Für Jung und Alt | Die reformierte Kirchgemeinde von Freiburg</title>
<meta name="description" content="Veranstaltungen für alle Altersgruppen." />
<meta name="robots" content="index, follow, max-snippet:-1, max-image-preview:large, max-video-preview:-1" />
<link rel="canonical" href="https://www.paroisse-fribourg.ch/de/kirchliches-leben/fuer-jung-und-alt/" />
<meta property="og:locale" content="de_DE" />
<meta property="og:type" content="article" />
<meta property="og:title" content="Für Jung und Alt | Die reformierte Kirchgemeinde von Freiburg" />
<meta property="og:description" content="Veranstaltungen für alle Altersgruppen." />
<meta property="og:url" content="https://www.paroisse-fribourg.ch/de/kirchliches-leben/fuer-jung-und-alt/" />
<meta property="og:site_name" content="Die reformierte Kirchgemeinde von Freiburg" />
<meta property="article:modified_time" content="2022-11-30T09:11:33+00:00" />
<meta name="twitter:card" content="summary_large_image" />
<meta name="twitter:label1" content="Geschätzte Lesezeit" />
	<meta name="twitter:data1" content="1 Minute" />
<script type="application/ld+json" class="yoast-schema-graph">{"@context":"https://schema.org","@graph":[{"@type":"WebPage","@id":"https://www.paroisse-fribourg.ch/de/kirchliches-leben/fuer-jung-und-alt/","url":"https://www.paroisse-fribourg.ch/de/kirchliches-leben/fuer-jung-und-alt/","name":"Für Jung und Alt | Die reformierte Kirchgemeinde von Freiburg","isPartOf":{"@id":"https://www.paroisse-fribourg.ch/#website"},"datePublished":"2022-10-20T11:40:02+00:00","dateModified":"2022-11-30T09:11:33+00:00","description":"Veranstaltungen für alle Altersgruppen.","breadcrumb":{"@id":"https://www.paroisse-fribourg.ch/de/kirchliches-leben/fuer-jung-und-alt/#breadcrumb"},"inLanguage":"de","potentialAction":[{"@type":"ReadAction","target":["https://www.paroisse-fribourg.ch/de/kirchliches-leben/fuer-jung-und-alt/"]}]},{"@type":"BreadcrumbList","@id":"https://www.paroisse-fribourg.ch/de/kirchliches-leben/fuer-jung-und-alt/#breadcrumb","itemListElement":[{"@type":"ListItem","position":1,"name":"Home","item":"https://www.paroisse-fribourg.ch/de/3437/"},{"@type":"ListItem","position":2,"name":"Kirchliches Leben","item":"https://www.paroisse-fribourg.ch/de/kirchliches-leben/"},{"@type":"ListItem","position":3,"name":"Für Jung und Alt"}]},{"@type":"WebSite","@id":"https://www.paroisse-fribourg.ch/#website","url":"https://www.paroisse-fribourg.ch/","name":"Die reformierte Kirchgemeinde von Freiburg","description":"","potentialAction":[{"@type":"SearchAction","target":{"@type":"EntryPoint","urlTemplate":"https://www.paroisse-fribourg.ch/?s={search_term_string}"},"query-input":{"@type":"PropertyValueSpecification","valueRequired":true,"valueName":"search_term_string"}}],"inLanguage":"de"}]}</script>
<!-- / Yoast SEO plugin. -->

Für Jung und Alt | Die reformierte Kirchgemeinde von Freiburg

Veranstaltungen für alle Altersgruppen.
