{"id":3394,"date":"2022-10-20T11:44:41","date_gmt":"2022-10-20T09:44:41","guid":{"rendered":"http:\/\/www.paroisse-fribourg.ch\/kirchliches-leben\/musique-dans-la-paroisse\/"},"modified":"2022-12-07T15:00:01","modified_gmt":"2022-12-07T13:00:01","slug":"musik","status":"publish","type":"page","link":"https:\/\/www.paroisse-fribourg.ch\/de\/kirchliches-leben\/musik\/","title":{"rendered":"Musik"},"content":{"rendered":"<div class=\"wpb-content-wrapper\"><p>[vc_row el_class=&#8220;top-0&#8243;][vc_column][vc_row_inner][vc_column_inner width=&#8220;2\/3&#8243;][vc_column_text]<\/p>\n<h1>Musik in der Kirchgemeinde<\/h1>\n<p>Stimmt an den Gesang und lasst h\u00f6ren die Pauken, liebliche Zithern und Harfen! Psalm 81,3[\/vc_column_text][\/vc_column_inner][vc_column_inner width=&#8220;1\/3&#8243;][\/vc_column_inner][\/vc_row_inner][\/vc_column][\/vc_row][vc_row full_width=&#8220;stretch_row&#8220; el_class=&#8220;top-0 image&#8220; css=&#8220;.vc_custom_1668777671105{background-image: url(http:\/\/www.paroisse-fribourg.ch\/wp-content\/uploads\/1_orgue-et-vitrail.jpg?id=3218) !important;}&#8220;][vc_column][\/vc_column][\/vc_row][vc_row][vc_column][vc_row_inner][vc_column_inner width=&#8220;2\/3&#8243;][vc_column_text]Die Musik in der Kirchgemeinde wird von der hauptamtlichen Organistin in Zusammenarbeit mit den Pfarrpersonen koordiniert. Jeden Sonntag erklingt die Orgel der Freiburger Kirche (Kuhn 1937), um den Gemeindegesang zu begleiten und die Predigt auf ihre spezifische Art und Weise zu erg\u00e4nzen. Zu besonderen Anl\u00e4ssen wird der Organist von verschiedenen Soloinstrumenten begleitet. Dabei wird darauf geachtet, einem weitgef\u00e4cherten Musikgeschmack Rechnung zu tragen.<\/p>\n<p>Zum Reformationsfest veranstaltet die Kirchgemeinde jeweils Anfang November einen Kantaten\u00adgottesdienst mit einem Chor und\/oder einem Gast-Orchester. Zus\u00e4tzlich bereichern verschiedene einmalige Projekte das musikalische Leben unserer Kirchgemeinde. Zu erw\u00e4hnen ist dabei das ImprOrchestre, ein Orchester bestehend aus Laienmusikern, die f\u00fcr die Dauer eines Gottesdienstes in die Improvisation eingef\u00fchrt werden oder die &#8222;Geistlichen Konzerte&#8220;, eine Form zwischen Gottesdienst und Kulturveranstaltung.[\/vc_column_text][\/vc_column_inner][vc_column_inner width=&#8220;1\/3&#8243;][\/vc_column_inner][\/vc_row_inner][\/vc_column][\/vc_row]<\/p>\n<\/div>","protected":false},"excerpt":{"rendered":"<p>[vc_row el_class=&#8220;top-0&#8243;][vc_column][vc_row_inner][vc_column_inner width=&#8220;2\/3&#8243;][vc_column_text] Musik in der Kirchgemeinde Stimmt an den Gesang und lasst h\u00f6ren die Pauken, liebliche Zithern und Harfen! Psalm 81,3[\/vc_column_text][\/vc_column_inner][vc_column_inner width=&#8220;1\/3&#8243;][\/vc_column_inner][\/vc_row_inner][\/vc_column][\/vc_row][vc_row full_width=&#8220;stretch_row&#8220; el_class=&#8220;top-0 image&#8220; css=&#8220;.vc_custom_1668777671105{background-image: url(http:\/\/www.paroisse-fribourg.ch\/wp-content\/uploads\/1_orgue-et-vitrail.jpg?id=3218) !important;}&#8220;][vc_column][\/vc_column][\/vc_row][vc_row][vc_column][vc_row_inner][vc_column_inner width=&#8220;2\/3&#8243;][vc_column_text]Die Musik in der Kirchgemeinde wird von der hauptamtlichen Organistin in Zusammenarbeit mit den Pfarrpersonen koordiniert. Jeden Sonntag erklingt die Orgel der Freiburger Kirche (Kuhn 1937), [&hellip;]<\/p>\n","protected":false},"author":5,"featured_media":0,"parent":3384,"menu_order":21,"comment_status":"closed","ping_status":"closed","template":"","meta":{"_acf_changed":false,"footnotes":""},"class_list":["post-3394","page","type-page","status-publish","hentry"],"acf":[],"yoast_head":"<!-- This site is optimized with the Yoast SEO plugin v24.3 - https:\/\/yoast.com\/wordpress\/plugins\/seo\/ -->\n<title>Musik | Die reformierte Kirchgemeinde von Freiburg<\/title>\n<meta name=\"description\" content=\"Stimmt an den Gesang und lasst h\u00f6ren die Pauken, liebliche Zithern und Harfen! Psalm 81,3.\" \/>\n<meta name=\"robots\" content=\"index, follow, max-snippet:-1, max-image-preview:large, max-video-preview:-1\" \/>\n<link rel=\"canonical\" href=\"https:\/\/www.paroisse-fribourg.ch\/de\/kirchliches-leben\/musik\/\" \/>\n<meta property=\"og:locale\" content=\"de_DE\" \/>\n<meta property=\"og:type\" content=\"article\" \/>\n<meta property=\"og:title\" content=\"Musik | Die reformierte Kirchgemeinde von Freiburg\" \/>\n<meta property=\"og:description\" content=\"Stimmt an den Gesang und lasst h\u00f6ren die Pauken, liebliche Zithern und Harfen! Psalm 81,3.\" \/>\n<meta property=\"og:url\" content=\"https:\/\/www.paroisse-fribourg.ch\/de\/kirchliches-leben\/musik\/\" \/>\n<meta property=\"og:site_name\" content=\"Die reformierte Kirchgemeinde von Freiburg\" \/>\n<meta property=\"article:modified_time\" content=\"2022-12-07T13:00:01+00:00\" \/>\n<meta name=\"twitter:card\" content=\"summary_large_image\" \/>\n<meta name=\"twitter:label1\" content=\"Gesch\u00e4tzte Lesezeit\" \/>\n\t<meta name=\"twitter:data1\" content=\"1\u00a0Minute\" \/>\n<script type=\"application\/ld+json\" class=\"yoast-schema-graph\">{\"@context\":\"https:\/\/schema.org\",\"@graph\":[{\"@type\":\"WebPage\",\"@id\":\"https:\/\/www.paroisse-fribourg.ch\/de\/kirchliches-leben\/musik\/\",\"url\":\"https:\/\/www.paroisse-fribourg.ch\/de\/kirchliches-leben\/musik\/\",\"name\":\"Musik | Die reformierte Kirchgemeinde von Freiburg\",\"isPartOf\":{\"@id\":\"https:\/\/www.paroisse-fribourg.ch\/#website\"},\"datePublished\":\"2022-10-20T09:44:41+00:00\",\"dateModified\":\"2022-12-07T13:00:01+00:00\",\"description\":\"Stimmt an den Gesang und lasst h\u00f6ren die Pauken, liebliche Zithern und Harfen! Psalm 81,3.\",\"breadcrumb\":{\"@id\":\"https:\/\/www.paroisse-fribourg.ch\/de\/kirchliches-leben\/musik\/#breadcrumb\"},\"inLanguage\":\"de\",\"potentialAction\":[{\"@type\":\"ReadAction\",\"target\":[\"https:\/\/www.paroisse-fribourg.ch\/de\/kirchliches-leben\/musik\/\"]}]},{\"@type\":\"BreadcrumbList\",\"@id\":\"https:\/\/www.paroisse-fribourg.ch\/de\/kirchliches-leben\/musik\/#breadcrumb\",\"itemListElement\":[{\"@type\":\"ListItem\",\"position\":1,\"name\":\"Home\",\"item\":\"https:\/\/www.paroisse-fribourg.ch\/de\/3437\/\"},{\"@type\":\"ListItem\",\"position\":2,\"name\":\"Kirchliches Leben\",\"item\":\"https:\/\/www.paroisse-fribourg.ch\/de\/kirchliches-leben\/\"},{\"@type\":\"ListItem\",\"position\":3,\"name\":\"Musik\"}]},{\"@type\":\"WebSite\",\"@id\":\"https:\/\/www.paroisse-fribourg.ch\/#website\",\"url\":\"https:\/\/www.paroisse-fribourg.ch\/\",\"name\":\"Die reformierte Kirchgemeinde von Freiburg\",\"description\":\"\",\"potentialAction\":[{\"@type\":\"SearchAction\",\"target\":{\"@type\":\"EntryPoint\",\"urlTemplate\":\"https:\/\/www.paroisse-fribourg.ch\/?s={search_term_string}\"},\"query-input\":{\"@type\":\"PropertyValueSpecification\",\"valueRequired\":true,\"valueName\":\"search_term_string\"}}],\"inLanguage\":\"de\"}]}<\/script>\n<!-- \/ Yoast SEO plugin. -->","yoast_head_json":{"title":"Musik | Die reformierte Kirchgemeinde von Freiburg","description":"Stimmt an den Gesang und lasst h\u00f6ren die Pauken, liebliche Zithern und Harfen! Psalm 81,3.","robots":{"index":"index","follow":"follow","max-snippet":"max-snippet:-1","max-image-preview":"max-image-preview:large","max-video-preview":"max-video-preview:-1"},"canonical":"https:\/\/www.paroisse-fribourg.ch\/de\/kirchliches-leben\/musik\/","og_locale":"de_DE","og_type":"article","og_title":"Musik | Die reformierte Kirchgemeinde von Freiburg","og_description":"Stimmt an den Gesang und lasst h\u00f6ren die Pauken, liebliche Zithern und Harfen! Psalm 81,3.","og_url":"https:\/\/www.paroisse-fribourg.ch\/de\/kirchliches-leben\/musik\/","og_site_name":"Die reformierte Kirchgemeinde von Freiburg","article_modified_time":"2022-12-07T13:00:01+00:00","twitter_card":"summary_large_image","twitter_misc":{"Gesch\u00e4tzte Lesezeit":"1\u00a0Minute"},"schema":{"@context":"https:\/\/schema.org","@graph":[{"@type":"WebPage","@id":"https:\/\/www.paroisse-fribourg.ch\/de\/kirchliches-leben\/musik\/","url":"https:\/\/www.paroisse-fribourg.ch\/de\/kirchliches-leben\/musik\/","name":"Musik | Die reformierte Kirchgemeinde von Freiburg","isPartOf":{"@id":"https:\/\/www.paroisse-fribourg.ch\/#website"},"datePublished":"2022-10-20T09:44:41+00:00","dateModified":"2022-12-07T13:00:01+00:00","description":"Stimmt an den Gesang und lasst h\u00f6ren die Pauken, liebliche Zithern und Harfen! Psalm 81,3.","breadcrumb":{"@id":"https:\/\/www.paroisse-fribourg.ch\/de\/kirchliches-leben\/musik\/#breadcrumb"},"inLanguage":"de","potentialAction":[{"@type":"ReadAction","target":["https:\/\/www.paroisse-fribourg.ch\/de\/kirchliches-leben\/musik\/"]}]},{"@type":"BreadcrumbList","@id":"https:\/\/www.paroisse-fribourg.ch\/de\/kirchliches-leben\/musik\/#breadcrumb","itemListElement":[{"@type":"ListItem","position":1,"name":"Home","item":"https:\/\/www.paroisse-fribourg.ch\/de\/3437\/"},{"@type":"ListItem","position":2,"name":"Kirchliches Leben","item":"https:\/\/www.paroisse-fribourg.ch\/de\/kirchliches-leben\/"},{"@type":"ListItem","position":3,"name":"Musik"}]},{"@type":"WebSite","@id":"https:\/\/www.paroisse-fribourg.ch\/#website","url":"https:\/\/www.paroisse-fribourg.ch\/","name":"Die reformierte Kirchgemeinde von Freiburg","description":"","potentialAction":[{"@type":"SearchAction","target":{"@type":"EntryPoint","urlTemplate":"https:\/\/www.paroisse-fribourg.ch\/?s={search_term_string}"},"query-input":{"@type":"PropertyValueSpecification","valueRequired":true,"valueName":"search_term_string"}}],"inLanguage":"de"}]}},"_links":{"self":[{"href":"https:\/\/www.paroisse-fribourg.ch\/de\/wp-json\/wp\/v2\/pages\/3394","targetHints":{"allow":["GET"]}}],"collection":[{"href":"https:\/\/www.paroisse-fribourg.ch\/de\/wp-json\/wp\/v2\/pages"}],"about":[{"href":"https:\/\/www.paroisse-fribourg.ch\/de\/wp-json\/wp\/v2\/types\/page"}],"author":[{"embeddable":true,"href":"https:\/\/www.paroisse-fribourg.ch\/de\/wp-json\/wp\/v2\/users\/5"}],"replies":[{"embeddable":true,"href":"https:\/\/www.paroisse-fribourg.ch\/de\/wp-json\/wp\/v2\/comments?post=3394"}],"version-history":[{"count":3,"href":"https:\/\/www.paroisse-fribourg.ch\/de\/wp-json\/wp\/v2\/pages\/3394\/revisions"}],"predecessor-version":[{"id":3658,"href":"https:\/\/www.paroisse-fribourg.ch\/de\/wp-json\/wp\/v2\/pages\/3394\/revisions\/3658"}],"up":[{"embeddable":true,"href":"https:\/\/www.paroisse-fribourg.ch\/de\/wp-json\/wp\/v2\/pages\/3384"}],"wp:attachment":[{"href":"https:\/\/www.paroisse-fribourg.ch\/de\/wp-json\/wp\/v2\/media?parent=3394"}],"curies":[{"name":"wp","href":"https:\/\/api.w.org\/{rel}","templated":true}]}}

<div class="wpb-content-wrapper"><p>[vc_row el_class=&#8220;top-0&#8243;][vc_column][vc_row_inner][vc_column_inner width=&#8220;2/3&#8243;][vc_column_text]</p>
<h1>Musik in der Kirchgemeinde</h1>
<p>Stimmt an den Gesang und lasst hören die Pauken, liebliche Zithern und Harfen! Psalm 81,3[/vc_column_text][/vc_column_inner][vc_column_inner width=&#8220;1/3&#8243;][/vc_column_inner][/vc_row_inner][/vc_column][/vc_row][vc_row full_width=&#8220;stretch_row&#8220; el_class=&#8220;top-0 image&#8220; css=&#8220;.vc_custom_1668777671105{background-image: url(http://www.paroisse-fribourg.ch/wp-content/uploads/1_orgue-et-vitrail.jpg?id=3218) !important;}&#8220;][vc_column][/vc_column][/vc_row][vc_row][vc_column][vc_row_inner][vc_column_inner width=&#8220;2/3&#8243;][vc_column_text]Die Musik in der Kirchgemeinde wird von der hauptamtlichen Organistin in Zusammenarbeit mit den Pfarrpersonen koordiniert. Jeden Sonntag erklingt die Orgel der Freiburger Kirche (Kuhn 1937), um den Gemeindegesang zu begleiten und die Predigt auf ihre spezifische Art und Weise zu ergänzen. Zu besonderen Anlässen wird der Organist von verschiedenen Soloinstrumenten begleitet. Dabei wird darauf geachtet, einem weitgefächerten Musikgeschmack Rechnung zu tragen.</p>
<p>Zum Reformationsfest veranstaltet die Kirchgemeinde jeweils Anfang November einen Kantaten­gottesdienst mit einem Chor und/oder einem Gast-Orchester. Zusätzlich bereichern verschiedene einmalige Projekte das musikalische Leben unserer Kirchgemeinde. Zu erwähnen ist dabei das ImprOrchestre, ein Orchester bestehend aus Laienmusikern, die für die Dauer eines Gottesdienstes in die Improvisation eingeführt werden oder die &#8222;Geistlichen Konzerte&#8220;, eine Form zwischen Gottesdienst und Kulturveranstaltung.[/vc_column_text][/vc_column_inner][vc_column_inner width=&#8220;1/3&#8243;][/vc_column_inner][/vc_row_inner][/vc_column][/vc_row]</p>
</div>

<p>[vc_row el_class=&#8220;top-0&#8243;][vc_column][vc_row_inner][vc_column_inner width=&#8220;2/3&#8243;][vc_column_text] Musik in der Kirchgemeinde Stimmt an den Gesang und lasst hören die Pauken, liebliche Zithern und Harfen! Psalm 81,3[/vc_column_text][/vc_column_inner][vc_column_inner width=&#8220;1/3&#8243;][/vc_column_inner][/vc_row_inner][/vc_column][/vc_row][vc_row full_width=&#8220;stretch_row&#8220; el_class=&#8220;top-0 image&#8220; css=&#8220;.vc_custom_1668777671105{background-image: url(http://www.paroisse-fribourg.ch/wp-content/uploads/1_orgue-et-vitrail.jpg?id=3218) !important;}&#8220;][vc_column][/vc_column][/vc_row][vc_row][vc_column][vc_row_inner][vc_column_inner width=&#8220;2/3&#8243;][vc_column_text]Die Musik in der Kirchgemeinde wird von der hauptamtlichen Organistin in Zusammenarbeit mit den Pfarrpersonen koordiniert. Jeden Sonntag erklingt die Orgel der Freiburger Kirche (Kuhn 1937), [&hellip;]</p>

<!-- This site is optimized with the Yoast SEO plugin v24.3 - https://yoast.com/wordpress/plugins/seo/ -->
<title>Musik | Die reformierte Kirchgemeinde von Freiburg</title>
<meta name="description" content="Stimmt an den Gesang und lasst hören die Pauken, liebliche Zithern und Harfen! Psalm 81,3." />
<meta name="robots" content="index, follow, max-snippet:-1, max-image-preview:large, max-video-preview:-1" />
<link rel="canonical" href="https://www.paroisse-fribourg.ch/de/kirchliches-leben/musik/" />
<meta property="og:locale" content="de_DE" />
<meta property="og:type" content="article" />
<meta property="og:title" content="Musik | Die reformierte Kirchgemeinde von Freiburg" />
<meta property="og:description" content="Stimmt an den Gesang und lasst hören die Pauken, liebliche Zithern und Harfen! Psalm 81,3." />
<meta property="og:url" content="https://www.paroisse-fribourg.ch/de/kirchliches-leben/musik/" />
<meta property="og:site_name" content="Die reformierte Kirchgemeinde von Freiburg" />
<meta property="article:modified_time" content="2022-12-07T13:00:01+00:00" />
<meta name="twitter:card" content="summary_large_image" />
<meta name="twitter:label1" content="Geschätzte Lesezeit" />
	<meta name="twitter:data1" content="1 Minute" />
<script type="application/ld+json" class="yoast-schema-graph">{"@context":"https://schema.org","@graph":[{"@type":"WebPage","@id":"https://www.paroisse-fribourg.ch/de/kirchliches-leben/musik/","url":"https://www.paroisse-fribourg.ch/de/kirchliches-leben/musik/","name":"Musik | Die reformierte Kirchgemeinde von Freiburg","isPartOf":{"@id":"https://www.paroisse-fribourg.ch/#website"},"datePublished":"2022-10-20T09:44:41+00:00","dateModified":"2022-12-07T13:00:01+00:00","description":"Stimmt an den Gesang und lasst hören die Pauken, liebliche Zithern und Harfen! Psalm 81,3.","breadcrumb":{"@id":"https://www.paroisse-fribourg.ch/de/kirchliches-leben/musik/#breadcrumb"},"inLanguage":"de","potentialAction":[{"@type":"ReadAction","target":["https://www.paroisse-fribourg.ch/de/kirchliches-leben/musik/"]}]},{"@type":"BreadcrumbList","@id":"https://www.paroisse-fribourg.ch/de/kirchliches-leben/musik/#breadcrumb","itemListElement":[{"@type":"ListItem","position":1,"name":"Home","item":"https://www.paroisse-fribourg.ch/de/3437/"},{"@type":"ListItem","position":2,"name":"Kirchliches Leben","item":"https://www.paroisse-fribourg.ch/de/kirchliches-leben/"},{"@type":"ListItem","position":3,"name":"Musik"}]},{"@type":"WebSite","@id":"https://www.paroisse-fribourg.ch/#website","url":"https://www.paroisse-fribourg.ch/","name":"Die reformierte Kirchgemeinde von Freiburg","description":"","potentialAction":[{"@type":"SearchAction","target":{"@type":"EntryPoint","urlTemplate":"https://www.paroisse-fribourg.ch/?s={search_term_string}"},"query-input":{"@type":"PropertyValueSpecification","valueRequired":true,"valueName":"search_term_string"}}],"inLanguage":"de"}]}</script>
<!-- / Yoast SEO plugin. -->

Stimmt an den Gesang und lasst hören die Pauken, liebliche Zithern und Harfen! Psalm 81,3.
