{"id":3361,"date":"2022-10-20T11:16:24","date_gmt":"2022-10-20T09:16:24","guid":{"rendered":"http:\/\/www.paroisse-fribourg.ch\/portraet\/organisation-de-la-paroisse\/"},"modified":"2022-11-30T10:27:09","modified_gmt":"2022-11-30T08:27:09","slug":"organisation","status":"publish","type":"page","link":"https:\/\/www.paroisse-fribourg.ch\/de\/portraet\/organisation\/","title":{"rendered":"Organisation"},"content":{"rendered":"<div class=\"wpb-content-wrapper\"><p>[vc_row el_class=&#8220;top-0&#8243;][vc_column][vc_row_inner][vc_column_inner width=&#8220;2\/3&#8243;][vc_column_text]<\/p>\n<h1>Organisation der Kirchgemeinde<\/h1>\n<p>Oberstes Organ der Kirchgemeinde ist die Kirchgemeindeversammlung, zusammengesetzt aus allen stimmberechtigten Mitgliedern.[\/vc_column_text][\/vc_column_inner][vc_column_inner width=&#8220;1\/3&#8243;][\/vc_column_inner][\/vc_row_inner][\/vc_column][\/vc_row][vc_row full_width=&#8220;stretch_row&#8220; el_class=&#8220;top-0 image&#8220; css=&#8220;.vc_custom_1668776071547{background-image: url(http:\/\/www.paroisse-fribourg.ch\/wp-content\/uploads\/1_organisation.jpg?id=3187) !important;}&#8220;][vc_column][\/vc_column][\/vc_row][vc_row][vc_column][vc_row_inner][vc_column_inner][vc_column_text]Sie behandelt Fragen jeder Art, die das kirchgemeindliche Leben betreffen, unterh\u00e4lt die Beziehungen zur Synode und zum Synodalrat der Kantonalkirche. Sie f\u00fchrt deren Beschl\u00fcsse aus.<\/p>\n<p>Die Kirchgemeindeversammlung w\u00e4hlt den Kirchgemeinderat, die Rechnungspr\u00fcfungskommission, die Delegierten in die Synode sowie deren Vertreterinnen und Vertreter. Sie schl\u00e4gt die zur Erst- und Best\u00e4tigungswahl stehenden Pfarrpersonen vor.<\/p>\n<p>Der Kirchgemeinderat seinerseits f\u00f6rdert das Leben in der Kirchgemeinde und in der Kirche. Zu diesem Zweck stellt er geeignete Mitarbeitende ein. Er ist der Kirchgemeindeversammlung gegen\u00fcber f\u00fcr die Verwaltung der Finanzen, des Kirchenbesitzes und der Administration verantwortlich und vertritt die Kirchgemeinde gegen\u00fcber Dritten. Der Kirchgemeinderat setzt sich aus acht Mitgliedern zusammen, die von der Kirchgemeindeversammlung f\u00fcr vier Jahre gew\u00e4hlt werden. Um das Gleichgewicht der Sprachgemeinschaften und ihre jeweiligen Eigenheiten zu wahren, sind vier Mitglieder deutsch- und vier franz\u00f6sischsprachig. Jedes Mitglied \u00fcbernimmt die Verantwortung f\u00fcr eines der folgenden Ressorts:<\/p>\n<ul>\n<li>Pr\u00e4sidium<\/li>\n<li>Schulen und Kinder<\/li>\n<li>Unterricht und Jugendliche<\/li>\n<li>Kirchliches Leben<\/li>\n<li>Diakonie<\/li>\n<li>Administration und Finanzen<\/li>\n<li>Geb\u00e4ude<\/li>\n<li>Personal<\/li>\n<\/ul>\n<p>[\/vc_column_text][\/vc_column_inner][\/vc_row_inner][vc_row_inner][vc_column_inner][vc_single_image image=&#8220;2836&#8243; img_size=&#8220;large&#8220; alignment=&#8220;center&#8220; css=&#8220;.vc_custom_1666273851963{margin-top: 50px !important;margin-bottom: 50px !important;}&#8220;][\/vc_column_inner][\/vc_row_inner][vc_row_inner][vc_column_inner][vc_column_text]Die gew\u00e4hlten, in der Kirchgemeinde aktiven Pfarrpersonen geh\u00f6ren ebenfalls dem Kirchgemeinde\u00adrat an. Sie haben je eine Konsultativstimme und eine von ihnen hat Stimm- und Wahlrecht. In Anbetracht ihrer sonstigen Aufgaben \u00fcbernehmen sie kein Ressort.<\/p>\n<p>Jede Kirchgemeinde verwaltet sich autonom. Sie ist selbst f\u00fcr ihre Administration, ihre Finanzen und ihre Mitarbeiterf\u00fchrung verantwortlich. Sie ist in gewissem Sinne eine kleine Firma.<\/p>\n<p>Die Kirchgemeinde entfaltet ihr kirchliches Leben an einem einzigen Ort und etabliert die Verk\u00fcndigung des Evangeliums durch Predigt und Unterricht, Taufe und Abendmahl, geistliche Begleitung und Diakonie. Sie setzt sich f\u00fcr die Verbreitung des Evangeliums im Alltag ein und f\u00f6rdert christliche Einrichtungen und Initiativen.<\/p>\n<p>So wird auch ein konfessioneller Religionsunterricht f\u00fcr die ganze Dauer der obligatorischen Schulzeit erteilt. F\u00fcr den Kindergarten geschieht dies in \u00f6kumenischer Zusammenarbeit mit der katholischen Kirche.<\/p>\n<p>Im Auftrag der Kantonalkirche versieht sie auch einen Seelsorgedienst im Zentralgef\u00e4ngnis, in der Universit\u00e4t und im Kantonsspital (HFR Standort Freiburg) einschliesslich der Palliativstation.<\/p>\n<p>Seit ihren Anf\u00e4ngen k\u00fcmmert sich die Kirchgemeinde um Bed\u00fcrftige. Heute werden zwar zahlreiche Unterst\u00fctzungsleistungen vom Staat \u00fcbernommen, aber ihr Statut und ihre Autonomie erm\u00f6glichen es, Hilfsangebote dort zu konzentrieren, wo noch L\u00fccken im sozialen Netz bestehen.<\/p>\n<p>In Anbetracht der weiten geographischen Verteilung ihrer Mitglieder beinhaltet das diakonische Engagement der Kirchgemeinde auch eine Vision von Begegnungen und Geselligkeit.[\/vc_column_text][\/vc_column_inner][\/vc_row_inner][\/vc_column][\/vc_row]<\/p>\n<\/div>","protected":false},"excerpt":{"rendered":"<p>[vc_row el_class=&#8220;top-0&#8243;][vc_column][vc_row_inner][vc_column_inner width=&#8220;2\/3&#8243;][vc_column_text] Organisation der Kirchgemeinde Oberstes Organ der Kirchgemeinde ist die Kirchgemeindeversammlung, zusammengesetzt aus allen stimmberechtigten Mitgliedern.[\/vc_column_text][\/vc_column_inner][vc_column_inner width=&#8220;1\/3&#8243;][\/vc_column_inner][\/vc_row_inner][\/vc_column][\/vc_row][vc_row full_width=&#8220;stretch_row&#8220; el_class=&#8220;top-0 image&#8220; css=&#8220;.vc_custom_1668776071547{background-image: url(http:\/\/www.paroisse-fribourg.ch\/wp-content\/uploads\/1_organisation.jpg?id=3187) !important;}&#8220;][vc_column][\/vc_column][\/vc_row][vc_row][vc_column][vc_row_inner][vc_column_inner][vc_column_text]Sie behandelt Fragen jeder Art, die das kirchgemeindliche Leben betreffen, unterh\u00e4lt die Beziehungen zur Synode und zum Synodalrat der Kantonalkirche. Sie f\u00fchrt deren Beschl\u00fcsse aus. Die Kirchgemeindeversammlung w\u00e4hlt den Kirchgemeinderat, die [&hellip;]<\/p>\n","protected":false},"author":5,"featured_media":0,"parent":3347,"menu_order":15,"comment_status":"closed","ping_status":"closed","template":"","meta":{"_acf_changed":false,"footnotes":""},"class_list":["post-3361","page","type-page","status-publish","hentry"],"acf":[],"yoast_head":"<!-- This site is optimized with the Yoast SEO plugin v24.3 - https:\/\/yoast.com\/wordpress\/plugins\/seo\/ -->\n<title>Organisation | Die reformierte Kirchgemeinde von Freiburg<\/title>\n<meta name=\"description\" content=\"Oberstes Organ der Kirchgemeinde ist die Kirchgemeindeversammlung, zusammengesetzt aus allen stimmberechtigten Mitgliedern.\" \/>\n<meta name=\"robots\" content=\"index, follow, max-snippet:-1, max-image-preview:large, max-video-preview:-1\" \/>\n<link rel=\"canonical\" href=\"https:\/\/www.paroisse-fribourg.ch\/de\/portraet\/organisation\/\" \/>\n<meta property=\"og:locale\" content=\"de_DE\" \/>\n<meta property=\"og:type\" content=\"article\" \/>\n<meta property=\"og:title\" content=\"Organisation | Die reformierte Kirchgemeinde von Freiburg\" \/>\n<meta property=\"og:description\" content=\"Oberstes Organ der Kirchgemeinde ist die Kirchgemeindeversammlung, zusammengesetzt aus allen stimmberechtigten Mitgliedern.\" \/>\n<meta property=\"og:url\" content=\"https:\/\/www.paroisse-fribourg.ch\/de\/portraet\/organisation\/\" \/>\n<meta property=\"og:site_name\" content=\"Die reformierte Kirchgemeinde von Freiburg\" \/>\n<meta property=\"article:modified_time\" content=\"2022-11-30T08:27:09+00:00\" \/>\n<meta name=\"twitter:card\" content=\"summary_large_image\" \/>\n<meta name=\"twitter:label1\" content=\"Gesch\u00e4tzte Lesezeit\" \/>\n\t<meta name=\"twitter:data1\" content=\"3\u00a0Minuten\" \/>\n<script type=\"application\/ld+json\" class=\"yoast-schema-graph\">{\"@context\":\"https:\/\/schema.org\",\"@graph\":[{\"@type\":\"WebPage\",\"@id\":\"https:\/\/www.paroisse-fribourg.ch\/de\/portraet\/organisation\/\",\"url\":\"https:\/\/www.paroisse-fribourg.ch\/de\/portraet\/organisation\/\",\"name\":\"Organisation | Die reformierte Kirchgemeinde von Freiburg\",\"isPartOf\":{\"@id\":\"https:\/\/www.paroisse-fribourg.ch\/#website\"},\"datePublished\":\"2022-10-20T09:16:24+00:00\",\"dateModified\":\"2022-11-30T08:27:09+00:00\",\"description\":\"Oberstes Organ der Kirchgemeinde ist die Kirchgemeindeversammlung, zusammengesetzt aus allen stimmberechtigten Mitgliedern.\",\"breadcrumb\":{\"@id\":\"https:\/\/www.paroisse-fribourg.ch\/de\/portraet\/organisation\/#breadcrumb\"},\"inLanguage\":\"de\",\"potentialAction\":[{\"@type\":\"ReadAction\",\"target\":[\"https:\/\/www.paroisse-fribourg.ch\/de\/portraet\/organisation\/\"]}]},{\"@type\":\"BreadcrumbList\",\"@id\":\"https:\/\/www.paroisse-fribourg.ch\/de\/portraet\/organisation\/#breadcrumb\",\"itemListElement\":[{\"@type\":\"ListItem\",\"position\":1,\"name\":\"Home\",\"item\":\"https:\/\/www.paroisse-fribourg.ch\/de\/3437\/\"},{\"@type\":\"ListItem\",\"position\":2,\"name\":\"Portr\u00e4t\",\"item\":\"https:\/\/www.paroisse-fribourg.ch\/de\/portraet\/\"},{\"@type\":\"ListItem\",\"position\":3,\"name\":\"Organisation\"}]},{\"@type\":\"WebSite\",\"@id\":\"https:\/\/www.paroisse-fribourg.ch\/#website\",\"url\":\"https:\/\/www.paroisse-fribourg.ch\/\",\"name\":\"Die reformierte Kirchgemeinde von Freiburg\",\"description\":\"\",\"potentialAction\":[{\"@type\":\"SearchAction\",\"target\":{\"@type\":\"EntryPoint\",\"urlTemplate\":\"https:\/\/www.paroisse-fribourg.ch\/?s={search_term_string}\"},\"query-input\":{\"@type\":\"PropertyValueSpecification\",\"valueRequired\":true,\"valueName\":\"search_term_string\"}}],\"inLanguage\":\"de\"}]}<\/script>\n<!-- \/ Yoast SEO plugin. -->","yoast_head_json":{"title":"Organisation | Die reformierte Kirchgemeinde von Freiburg","description":"Oberstes Organ der Kirchgemeinde ist die Kirchgemeindeversammlung, zusammengesetzt aus allen stimmberechtigten Mitgliedern.","robots":{"index":"index","follow":"follow","max-snippet":"max-snippet:-1","max-image-preview":"max-image-preview:large","max-video-preview":"max-video-preview:-1"},"canonical":"https:\/\/www.paroisse-fribourg.ch\/de\/portraet\/organisation\/","og_locale":"de_DE","og_type":"article","og_title":"Organisation | Die reformierte Kirchgemeinde von Freiburg","og_description":"Oberstes Organ der Kirchgemeinde ist die Kirchgemeindeversammlung, zusammengesetzt aus allen stimmberechtigten Mitgliedern.","og_url":"https:\/\/www.paroisse-fribourg.ch\/de\/portraet\/organisation\/","og_site_name":"Die reformierte Kirchgemeinde von Freiburg","article_modified_time":"2022-11-30T08:27:09+00:00","twitter_card":"summary_large_image","twitter_misc":{"Gesch\u00e4tzte Lesezeit":"3\u00a0Minuten"},"schema":{"@context":"https:\/\/schema.org","@graph":[{"@type":"WebPage","@id":"https:\/\/www.paroisse-fribourg.ch\/de\/portraet\/organisation\/","url":"https:\/\/www.paroisse-fribourg.ch\/de\/portraet\/organisation\/","name":"Organisation | Die reformierte Kirchgemeinde von Freiburg","isPartOf":{"@id":"https:\/\/www.paroisse-fribourg.ch\/#website"},"datePublished":"2022-10-20T09:16:24+00:00","dateModified":"2022-11-30T08:27:09+00:00","description":"Oberstes Organ der Kirchgemeinde ist die Kirchgemeindeversammlung, zusammengesetzt aus allen stimmberechtigten Mitgliedern.","breadcrumb":{"@id":"https:\/\/www.paroisse-fribourg.ch\/de\/portraet\/organisation\/#breadcrumb"},"inLanguage":"de","potentialAction":[{"@type":"ReadAction","target":["https:\/\/www.paroisse-fribourg.ch\/de\/portraet\/organisation\/"]}]},{"@type":"BreadcrumbList","@id":"https:\/\/www.paroisse-fribourg.ch\/de\/portraet\/organisation\/#breadcrumb","itemListElement":[{"@type":"ListItem","position":1,"name":"Home","item":"https:\/\/www.paroisse-fribourg.ch\/de\/3437\/"},{"@type":"ListItem","position":2,"name":"Portr\u00e4t","item":"https:\/\/www.paroisse-fribourg.ch\/de\/portraet\/"},{"@type":"ListItem","position":3,"name":"Organisation"}]},{"@type":"WebSite","@id":"https:\/\/www.paroisse-fribourg.ch\/#website","url":"https:\/\/www.paroisse-fribourg.ch\/","name":"Die reformierte Kirchgemeinde von Freiburg","description":"","potentialAction":[{"@type":"SearchAction","target":{"@type":"EntryPoint","urlTemplate":"https:\/\/www.paroisse-fribourg.ch\/?s={search_term_string}"},"query-input":{"@type":"PropertyValueSpecification","valueRequired":true,"valueName":"search_term_string"}}],"inLanguage":"de"}]}},"_links":{"self":[{"href":"https:\/\/www.paroisse-fribourg.ch\/de\/wp-json\/wp\/v2\/pages\/3361","targetHints":{"allow":["GET"]}}],"collection":[{"href":"https:\/\/www.paroisse-fribourg.ch\/de\/wp-json\/wp\/v2\/pages"}],"about":[{"href":"https:\/\/www.paroisse-fribourg.ch\/de\/wp-json\/wp\/v2\/types\/page"}],"author":[{"embeddable":true,"href":"https:\/\/www.paroisse-fribourg.ch\/de\/wp-json\/wp\/v2\/users\/5"}],"replies":[{"embeddable":true,"href":"https:\/\/www.paroisse-fribourg.ch\/de\/wp-json\/wp\/v2\/comments?post=3361"}],"version-history":[{"count":2,"href":"https:\/\/www.paroisse-fribourg.ch\/de\/wp-json\/wp\/v2\/pages\/3361\/revisions"}],"predecessor-version":[{"id":3363,"href":"https:\/\/www.paroisse-fribourg.ch\/de\/wp-json\/wp\/v2\/pages\/3361\/revisions\/3363"}],"up":[{"embeddable":true,"href":"https:\/\/www.paroisse-fribourg.ch\/de\/wp-json\/wp\/v2\/pages\/3347"}],"wp:attachment":[{"href":"https:\/\/www.paroisse-fribourg.ch\/de\/wp-json\/wp\/v2\/media?parent=3361"}],"curies":[{"name":"wp","href":"https:\/\/api.w.org\/{rel}","templated":true}]}}

<div class="wpb-content-wrapper"><p>[vc_row el_class=&#8220;top-0&#8243;][vc_column][vc_row_inner][vc_column_inner width=&#8220;2/3&#8243;][vc_column_text]</p>
<h1>Organisation der Kirchgemeinde</h1>
<p>Oberstes Organ der Kirchgemeinde ist die Kirchgemeindeversammlung, zusammengesetzt aus allen stimmberechtigten Mitgliedern.[/vc_column_text][/vc_column_inner][vc_column_inner width=&#8220;1/3&#8243;][/vc_column_inner][/vc_row_inner][/vc_column][/vc_row][vc_row full_width=&#8220;stretch_row&#8220; el_class=&#8220;top-0 image&#8220; css=&#8220;.vc_custom_1668776071547{background-image: url(http://www.paroisse-fribourg.ch/wp-content/uploads/1_organisation.jpg?id=3187) !important;}&#8220;][vc_column][/vc_column][/vc_row][vc_row][vc_column][vc_row_inner][vc_column_inner][vc_column_text]Sie behandelt Fragen jeder Art, die das kirchgemeindliche Leben betreffen, unterhält die Beziehungen zur Synode und zum Synodalrat der Kantonalkirche. Sie führt deren Beschlüsse aus.</p>
<p>Die Kirchgemeindeversammlung wählt den Kirchgemeinderat, die Rechnungsprüfungskommission, die Delegierten in die Synode sowie deren Vertreterinnen und Vertreter. Sie schlägt die zur Erst- und Bestätigungswahl stehenden Pfarrpersonen vor.</p>
<p>Der Kirchgemeinderat seinerseits fördert das Leben in der Kirchgemeinde und in der Kirche. Zu diesem Zweck stellt er geeignete Mitarbeitende ein. Er ist der Kirchgemeindeversammlung gegenüber für die Verwaltung der Finanzen, des Kirchenbesitzes und der Administration verantwortlich und vertritt die Kirchgemeinde gegenüber Dritten. Der Kirchgemeinderat setzt sich aus acht Mitgliedern zusammen, die von der Kirchgemeindeversammlung für vier Jahre gewählt werden. Um das Gleichgewicht der Sprachgemeinschaften und ihre jeweiligen Eigenheiten zu wahren, sind vier Mitglieder deutsch- und vier französischsprachig. Jedes Mitglied übernimmt die Verantwortung für eines der folgenden Ressorts:</p>
<ul>
<li>Präsidium</li>
<li>Schulen und Kinder</li>
<li>Unterricht und Jugendliche</li>
<li>Kirchliches Leben</li>
<li>Diakonie</li>
<li>Administration und Finanzen</li>
<li>Gebäude</li>
<li>Personal</li>
</ul>
<p>[/vc_column_text][/vc_column_inner][/vc_row_inner][vc_row_inner][vc_column_inner][vc_single_image image=&#8220;2836&#8243; img_size=&#8220;large&#8220; alignment=&#8220;center&#8220; css=&#8220;.vc_custom_1666273851963{margin-top: 50px !important;margin-bottom: 50px !important;}&#8220;][/vc_column_inner][/vc_row_inner][vc_row_inner][vc_column_inner][vc_column_text]Die gewählten, in der Kirchgemeinde aktiven Pfarrpersonen gehören ebenfalls dem Kirchgemeinde­rat an. Sie haben je eine Konsultativstimme und eine von ihnen hat Stimm- und Wahlrecht. In Anbetracht ihrer sonstigen Aufgaben übernehmen sie kein Ressort.</p>
<p>Jede Kirchgemeinde verwaltet sich autonom. Sie ist selbst für ihre Administration, ihre Finanzen und ihre Mitarbeiterführung verantwortlich. Sie ist in gewissem Sinne eine kleine Firma.</p>
<p>Die Kirchgemeinde entfaltet ihr kirchliches Leben an einem einzigen Ort und etabliert die Verkündigung des Evangeliums durch Predigt und Unterricht, Taufe und Abendmahl, geistliche Begleitung und Diakonie. Sie setzt sich für die Verbreitung des Evangeliums im Alltag ein und fördert christliche Einrichtungen und Initiativen.</p>
<p>So wird auch ein konfessioneller Religionsunterricht für die ganze Dauer der obligatorischen Schulzeit erteilt. Für den Kindergarten geschieht dies in ökumenischer Zusammenarbeit mit der katholischen Kirche.</p>
<p>Im Auftrag der Kantonalkirche versieht sie auch einen Seelsorgedienst im Zentralgefängnis, in der Universität und im Kantonsspital (HFR Standort Freiburg) einschliesslich der Palliativstation.</p>
<p>Seit ihren Anfängen kümmert sich die Kirchgemeinde um Bedürftige. Heute werden zwar zahlreiche Unterstützungsleistungen vom Staat übernommen, aber ihr Statut und ihre Autonomie ermöglichen es, Hilfsangebote dort zu konzentrieren, wo noch Lücken im sozialen Netz bestehen.</p>
<p>In Anbetracht der weiten geographischen Verteilung ihrer Mitglieder beinhaltet das diakonische Engagement der Kirchgemeinde auch eine Vision von Begegnungen und Geselligkeit.[/vc_column_text][/vc_column_inner][/vc_row_inner][/vc_column][/vc_row]</p>
</div>

<p>[vc_row el_class=&#8220;top-0&#8243;][vc_column][vc_row_inner][vc_column_inner width=&#8220;2/3&#8243;][vc_column_text] Organisation der Kirchgemeinde Oberstes Organ der Kirchgemeinde ist die Kirchgemeindeversammlung, zusammengesetzt aus allen stimmberechtigten Mitgliedern.[/vc_column_text][/vc_column_inner][vc_column_inner width=&#8220;1/3&#8243;][/vc_column_inner][/vc_row_inner][/vc_column][/vc_row][vc_row full_width=&#8220;stretch_row&#8220; el_class=&#8220;top-0 image&#8220; css=&#8220;.vc_custom_1668776071547{background-image: url(http://www.paroisse-fribourg.ch/wp-content/uploads/1_organisation.jpg?id=3187) !important;}&#8220;][vc_column][/vc_column][/vc_row][vc_row][vc_column][vc_row_inner][vc_column_inner][vc_column_text]Sie behandelt Fragen jeder Art, die das kirchgemeindliche Leben betreffen, unterhält die Beziehungen zur Synode und zum Synodalrat der Kantonalkirche. Sie führt deren Beschlüsse aus. Die Kirchgemeindeversammlung wählt den Kirchgemeinderat, die [&hellip;]</p>

<!-- This site is optimized with the Yoast SEO plugin v24.3 - https://yoast.com/wordpress/plugins/seo/ -->
<title>Organisation | Die reformierte Kirchgemeinde von Freiburg</title>
<meta name="description" content="Oberstes Organ der Kirchgemeinde ist die Kirchgemeindeversammlung, zusammengesetzt aus allen stimmberechtigten Mitgliedern." />
<meta name="robots" content="index, follow, max-snippet:-1, max-image-preview:large, max-video-preview:-1" />
<link rel="canonical" href="https://www.paroisse-fribourg.ch/de/portraet/organisation/" />
<meta property="og:locale" content="de_DE" />
<meta property="og:type" content="article" />
<meta property="og:title" content="Organisation | Die reformierte Kirchgemeinde von Freiburg" />
<meta property="og:description" content="Oberstes Organ der Kirchgemeinde ist die Kirchgemeindeversammlung, zusammengesetzt aus allen stimmberechtigten Mitgliedern." />
<meta property="og:url" content="https://www.paroisse-fribourg.ch/de/portraet/organisation/" />
<meta property="og:site_name" content="Die reformierte Kirchgemeinde von Freiburg" />
<meta property="article:modified_time" content="2022-11-30T08:27:09+00:00" />
<meta name="twitter:card" content="summary_large_image" />
<meta name="twitter:label1" content="Geschätzte Lesezeit" />
	<meta name="twitter:data1" content="3 Minuten" />
<script type="application/ld+json" class="yoast-schema-graph">{"@context":"https://schema.org","@graph":[{"@type":"WebPage","@id":"https://www.paroisse-fribourg.ch/de/portraet/organisation/","url":"https://www.paroisse-fribourg.ch/de/portraet/organisation/","name":"Organisation | Die reformierte Kirchgemeinde von Freiburg","isPartOf":{"@id":"https://www.paroisse-fribourg.ch/#website"},"datePublished":"2022-10-20T09:16:24+00:00","dateModified":"2022-11-30T08:27:09+00:00","description":"Oberstes Organ der Kirchgemeinde ist die Kirchgemeindeversammlung, zusammengesetzt aus allen stimmberechtigten Mitgliedern.","breadcrumb":{"@id":"https://www.paroisse-fribourg.ch/de/portraet/organisation/#breadcrumb"},"inLanguage":"de","potentialAction":[{"@type":"ReadAction","target":["https://www.paroisse-fribourg.ch/de/portraet/organisation/"]}]},{"@type":"BreadcrumbList","@id":"https://www.paroisse-fribourg.ch/de/portraet/organisation/#breadcrumb","itemListElement":[{"@type":"ListItem","position":1,"name":"Home","item":"https://www.paroisse-fribourg.ch/de/3437/"},{"@type":"ListItem","position":2,"name":"Porträt","item":"https://www.paroisse-fribourg.ch/de/portraet/"},{"@type":"ListItem","position":3,"name":"Organisation"}]},{"@type":"WebSite","@id":"https://www.paroisse-fribourg.ch/#website","url":"https://www.paroisse-fribourg.ch/","name":"Die reformierte Kirchgemeinde von Freiburg","description":"","potentialAction":[{"@type":"SearchAction","target":{"@type":"EntryPoint","urlTemplate":"https://www.paroisse-fribourg.ch/?s={search_term_string}"},"query-input":{"@type":"PropertyValueSpecification","valueRequired":true,"valueName":"search_term_string"}}],"inLanguage":"de"}]}</script>
<!-- / Yoast SEO plugin. -->

Porträt
