{"id":3356,"date":"2022-06-09T15:40:10","date_gmt":"2022-06-09T13:40:10","guid":{"rendered":"http:\/\/www.paroisse-fribourg.ch\/portraet\/un-regard-plus-loin\/"},"modified":"2022-12-16T14:34:35","modified_gmt":"2022-12-16T12:34:35","slug":"blick-ueber-die-kirchgemeinde-hinaus","status":"publish","type":"page","link":"https:\/\/www.paroisse-fribourg.ch\/de\/portraet\/blick-ueber-die-kirchgemeinde-hinaus\/","title":{"rendered":"Ein Blick dar\u00fcber hinaus"},"content":{"rendered":"<div class=\"wpb-content-wrapper\"><p>[vc_row el_class=&#8220;top-0&#8243;][vc_column][vc_row_inner][vc_column_inner width=&#8220;2\/3&#8243;][vc_column_text]<\/p>\n<h1>Blick \u00fcber die Kirchgemeinde hinaus<\/h1>\n<p>Eine Gemeinde, die in ein viel gr\u00f6\u00dferes Netzwerk eingebunden ist.[\/vc_column_text][\/vc_column_inner][vc_column_inner width=&#8220;1\/3&#8243;][\/vc_column_inner][\/vc_row_inner][\/vc_column][\/vc_row][vc_row full_width=&#8220;stretch_row&#8220; el_class=&#8220;top-0 image&#8220; css=&#8220;.vc_custom_1668776499224{background-image: url(http:\/\/www.paroisse-fribourg.ch\/wp-content\/uploads\/1_Photo-by-Albin-HillertWCC-Germany-2022-Hillert-20220908_AH1_2400.jpg?id=3190) !important;}&#8220;][vc_column][\/vc_column][\/vc_row][vc_row][vc_column][vc_row_inner][vc_column_inner width=&#8220;7\/12&#8243;][vc_column_text]Die Reformierte Kirchgemeinde Freiburg ist eine von sechzehn Kirchgemeinden, die der Evangelisch-Reformierten Kirche des Kantons Freiburg (ERKF) angeh\u00f6ren. Mit Ausnahme des Seebezirks, der schon seit dem 16. Jahrhundert unter Berner Einfluss der Reformation angeschlossen ist, entstehen die ersten reformierten Kirchgemeinden durch Einwanderung aus reformierten Kantonen. 1854 wird die ERKF nach \u00f6ffentlichem Recht anerkannt. Als Mitglied der ERKF entsendet sie Delegierte in die Synode und nimmt an verschiedenen Kommissionen und Arbeitsgruppen teil.<\/p>\n<p>Im Auftrag des Kantons Freiburgs k\u00fcmmert sich die ERKF auch um die Seelsorge in den Spit\u00e4lern, der Universit\u00e4t, den Gymnasien, den Gef\u00e4ngnissen und, mittels Gemeindepfarr\u00e4mtern, in den Alters- und Pflegeheimen.<\/p>\n<p>Die ERKF ist auch Mitglied der evangelisch-reformierten Kirche Schweiz (EKS) und leistet einen Beitrag zum Ansehen des Protestantismus. So ist sie eingebunden in internationale Netzwerke, durch die Missionswerke (DM und Mission 21) und durch das Hilfswerk der evangelischen Kirchen der Schweiz (HEKS). Die ERKF ist auch Mitglied der Cevaa (Communaut\u00e9 d\u2019\u00e9glises en mission), einer Gemeinschaft von 35 Kirchen in Afrika, Europa, Lateinamerika und im Pazifik.<\/p>\n<p>Diese Netzwerke erm\u00f6glichen es, durch das Gebet, das Interesse f\u00fcr das Christsein in anderen Kontexten und durch finanzielle Unterst\u00fctzung solidarisch zu wirken.<\/p>\n<p>Sie finden Informationen zu Spendenaufrufen und Kampagnen dieser Hilfswerke sowie Berichte der Partnerkirchen unter nachfolgenden Links.[\/vc_column_text][\/vc_column_inner][vc_column_inner width=&#8220;1\/12&#8243;][\/vc_column_inner][vc_column_inner width=&#8220;4\/12&#8243;]<div class='row'><div class='col-lg-12 multilink'><div class='link'><div class='link-question '><a href='https:\/\/www.ref-fr.ch' target='_blank'>www.ref-fr.ch<\/a><\/div><\/div><div class='link'><div class='link-question '><a href='https:\/\/www.evref.ch\/fr' target='_blank'>www.evref.ch<\/a><\/div><\/div><div class='link'><div class='link-question '><a href='https:\/\/www.dmr.ch' target='_blank'>www.dmr.ch<\/a><\/div><\/div><div class='link'><div class='link-question '><a href='https:\/\/www.eper.ch' target='_blank'>www.eper.ch<\/a><\/div><\/div><div class='link'><div class='link-question '><a href='https:\/\/www.cevaa.org' target='_blank'>www.cevaa.org<\/a><\/div><\/div><div class='link'><div class='link-question '><a href='https:\/\/oikoumenefribourg.wordpress.com\/' target='_blank'>oikoumenefribourg.wordpress.com<\/a><\/div><\/div><\/div><\/div>[\/vc_column_inner][\/vc_row_inner][\/vc_column][\/vc_row]<\/p>\n<\/div>","protected":false},"excerpt":{"rendered":"<p>[vc_row el_class=&#8220;top-0&#8243;][vc_column][vc_row_inner][vc_column_inner width=&#8220;2\/3&#8243;][vc_column_text] Blick \u00fcber die Kirchgemeinde hinaus Eine Gemeinde, die in ein viel gr\u00f6\u00dferes Netzwerk eingebunden ist.[\/vc_column_text][\/vc_column_inner][vc_column_inner width=&#8220;1\/3&#8243;][\/vc_column_inner][\/vc_row_inner][\/vc_column][\/vc_row][vc_row full_width=&#8220;stretch_row&#8220; el_class=&#8220;top-0 image&#8220; css=&#8220;.vc_custom_1668776499224{background-image: url(http:\/\/www.paroisse-fribourg.ch\/wp-content\/uploads\/1_Photo-by-Albin-HillertWCC-Germany-2022-Hillert-20220908_AH1_2400.jpg?id=3190) !important;}&#8220;][vc_column][\/vc_column][\/vc_row][vc_row][vc_column][vc_row_inner][vc_column_inner width=&#8220;7\/12&#8243;][vc_column_text]Die Reformierte Kirchgemeinde Freiburg ist eine von sechzehn Kirchgemeinden, die der Evangelisch-Reformierten Kirche des Kantons Freiburg (ERKF) angeh\u00f6ren. Mit Ausnahme des Seebezirks, der schon seit dem 16. Jahrhundert unter Berner [&hellip;]<\/p>\n","protected":false},"author":5,"featured_media":0,"parent":3347,"menu_order":17,"comment_status":"closed","ping_status":"closed","template":"","meta":{"_acf_changed":false,"footnotes":""},"class_list":["post-3356","page","type-page","status-publish","hentry"],"acf":[],"yoast_head":"<!-- This site is optimized with the Yoast SEO plugin v24.3 - https:\/\/yoast.com\/wordpress\/plugins\/seo\/ -->\n<title>Ein Blick dar\u00fcber hinaus | Die reformierte Kirchgemeinde von Freiburg<\/title>\n<meta name=\"description\" content=\"Eine Gemeinde, die in ein viel gr\u00f6\u00dferes Netzwerk eingebunden ist.\" \/>\n<meta name=\"robots\" content=\"index, follow, max-snippet:-1, max-image-preview:large, max-video-preview:-1\" \/>\n<link rel=\"canonical\" href=\"https:\/\/www.paroisse-fribourg.ch\/de\/portraet\/blick-ueber-die-kirchgemeinde-hinaus\/\" \/>\n<meta property=\"og:locale\" content=\"de_DE\" \/>\n<meta property=\"og:type\" content=\"article\" \/>\n<meta property=\"og:title\" content=\"Ein Blick dar\u00fcber hinaus | Die reformierte Kirchgemeinde von Freiburg\" \/>\n<meta property=\"og:description\" content=\"Eine Gemeinde, die in ein viel gr\u00f6\u00dferes Netzwerk eingebunden ist.\" \/>\n<meta property=\"og:url\" content=\"https:\/\/www.paroisse-fribourg.ch\/de\/portraet\/blick-ueber-die-kirchgemeinde-hinaus\/\" \/>\n<meta property=\"og:site_name\" content=\"Die reformierte Kirchgemeinde von Freiburg\" \/>\n<meta property=\"article:modified_time\" content=\"2022-12-16T12:34:35+00:00\" \/>\n<meta name=\"twitter:card\" content=\"summary_large_image\" \/>\n<meta name=\"twitter:label1\" content=\"Gesch\u00e4tzte Lesezeit\" \/>\n\t<meta name=\"twitter:data1\" content=\"2\u00a0Minuten\" \/>\n<script type=\"application\/ld+json\" class=\"yoast-schema-graph\">{\"@context\":\"https:\/\/schema.org\",\"@graph\":[{\"@type\":\"WebPage\",\"@id\":\"https:\/\/www.paroisse-fribourg.ch\/de\/portraet\/blick-ueber-die-kirchgemeinde-hinaus\/\",\"url\":\"https:\/\/www.paroisse-fribourg.ch\/de\/portraet\/blick-ueber-die-kirchgemeinde-hinaus\/\",\"name\":\"Ein Blick dar\u00fcber hinaus | Die reformierte Kirchgemeinde von Freiburg\",\"isPartOf\":{\"@id\":\"https:\/\/www.paroisse-fribourg.ch\/#website\"},\"datePublished\":\"2022-06-09T13:40:10+00:00\",\"dateModified\":\"2022-12-16T12:34:35+00:00\",\"description\":\"Eine Gemeinde, die in ein viel gr\u00f6\u00dferes Netzwerk eingebunden ist.\",\"breadcrumb\":{\"@id\":\"https:\/\/www.paroisse-fribourg.ch\/de\/portraet\/blick-ueber-die-kirchgemeinde-hinaus\/#breadcrumb\"},\"inLanguage\":\"de\",\"potentialAction\":[{\"@type\":\"ReadAction\",\"target\":[\"https:\/\/www.paroisse-fribourg.ch\/de\/portraet\/blick-ueber-die-kirchgemeinde-hinaus\/\"]}]},{\"@type\":\"BreadcrumbList\",\"@id\":\"https:\/\/www.paroisse-fribourg.ch\/de\/portraet\/blick-ueber-die-kirchgemeinde-hinaus\/#breadcrumb\",\"itemListElement\":[{\"@type\":\"ListItem\",\"position\":1,\"name\":\"Home\",\"item\":\"https:\/\/www.paroisse-fribourg.ch\/de\/3437\/\"},{\"@type\":\"ListItem\",\"position\":2,\"name\":\"Portr\u00e4t\",\"item\":\"https:\/\/www.paroisse-fribourg.ch\/de\/portraet\/\"},{\"@type\":\"ListItem\",\"position\":3,\"name\":\"Ein Blick dar\u00fcber hinaus\"}]},{\"@type\":\"WebSite\",\"@id\":\"https:\/\/www.paroisse-fribourg.ch\/#website\",\"url\":\"https:\/\/www.paroisse-fribourg.ch\/\",\"name\":\"Die reformierte Kirchgemeinde von Freiburg\",\"description\":\"\",\"potentialAction\":[{\"@type\":\"SearchAction\",\"target\":{\"@type\":\"EntryPoint\",\"urlTemplate\":\"https:\/\/www.paroisse-fribourg.ch\/?s={search_term_string}\"},\"query-input\":{\"@type\":\"PropertyValueSpecification\",\"valueRequired\":true,\"valueName\":\"search_term_string\"}}],\"inLanguage\":\"de\"}]}<\/script>\n<!-- \/ Yoast SEO plugin. -->","yoast_head_json":{"title":"Ein Blick dar\u00fcber hinaus | Die reformierte Kirchgemeinde von Freiburg","description":"Eine Gemeinde, die in ein viel gr\u00f6\u00dferes Netzwerk eingebunden ist.","robots":{"index":"index","follow":"follow","max-snippet":"max-snippet:-1","max-image-preview":"max-image-preview:large","max-video-preview":"max-video-preview:-1"},"canonical":"https:\/\/www.paroisse-fribourg.ch\/de\/portraet\/blick-ueber-die-kirchgemeinde-hinaus\/","og_locale":"de_DE","og_type":"article","og_title":"Ein Blick dar\u00fcber hinaus | Die reformierte Kirchgemeinde von Freiburg","og_description":"Eine Gemeinde, die in ein viel gr\u00f6\u00dferes Netzwerk eingebunden ist.","og_url":"https:\/\/www.paroisse-fribourg.ch\/de\/portraet\/blick-ueber-die-kirchgemeinde-hinaus\/","og_site_name":"Die reformierte Kirchgemeinde von Freiburg","article_modified_time":"2022-12-16T12:34:35+00:00","twitter_card":"summary_large_image","twitter_misc":{"Gesch\u00e4tzte Lesezeit":"2\u00a0Minuten"},"schema":{"@context":"https:\/\/schema.org","@graph":[{"@type":"WebPage","@id":"https:\/\/www.paroisse-fribourg.ch\/de\/portraet\/blick-ueber-die-kirchgemeinde-hinaus\/","url":"https:\/\/www.paroisse-fribourg.ch\/de\/portraet\/blick-ueber-die-kirchgemeinde-hinaus\/","name":"Ein Blick dar\u00fcber hinaus | Die reformierte Kirchgemeinde von Freiburg","isPartOf":{"@id":"https:\/\/www.paroisse-fribourg.ch\/#website"},"datePublished":"2022-06-09T13:40:10+00:00","dateModified":"2022-12-16T12:34:35+00:00","description":"Eine Gemeinde, die in ein viel gr\u00f6\u00dferes Netzwerk eingebunden ist.","breadcrumb":{"@id":"https:\/\/www.paroisse-fribourg.ch\/de\/portraet\/blick-ueber-die-kirchgemeinde-hinaus\/#breadcrumb"},"inLanguage":"de","potentialAction":[{"@type":"ReadAction","target":["https:\/\/www.paroisse-fribourg.ch\/de\/portraet\/blick-ueber-die-kirchgemeinde-hinaus\/"]}]},{"@type":"BreadcrumbList","@id":"https:\/\/www.paroisse-fribourg.ch\/de\/portraet\/blick-ueber-die-kirchgemeinde-hinaus\/#breadcrumb","itemListElement":[{"@type":"ListItem","position":1,"name":"Home","item":"https:\/\/www.paroisse-fribourg.ch\/de\/3437\/"},{"@type":"ListItem","position":2,"name":"Portr\u00e4t","item":"https:\/\/www.paroisse-fribourg.ch\/de\/portraet\/"},{"@type":"ListItem","position":3,"name":"Ein Blick dar\u00fcber hinaus"}]},{"@type":"WebSite","@id":"https:\/\/www.paroisse-fribourg.ch\/#website","url":"https:\/\/www.paroisse-fribourg.ch\/","name":"Die reformierte Kirchgemeinde von Freiburg","description":"","potentialAction":[{"@type":"SearchAction","target":{"@type":"EntryPoint","urlTemplate":"https:\/\/www.paroisse-fribourg.ch\/?s={search_term_string}"},"query-input":{"@type":"PropertyValueSpecification","valueRequired":true,"valueName":"search_term_string"}}],"inLanguage":"de"}]}},"_links":{"self":[{"href":"https:\/\/www.paroisse-fribourg.ch\/de\/wp-json\/wp\/v2\/pages\/3356","targetHints":{"allow":["GET"]}}],"collection":[{"href":"https:\/\/www.paroisse-fribourg.ch\/de\/wp-json\/wp\/v2\/pages"}],"about":[{"href":"https:\/\/www.paroisse-fribourg.ch\/de\/wp-json\/wp\/v2\/types\/page"}],"author":[{"embeddable":true,"href":"https:\/\/www.paroisse-fribourg.ch\/de\/wp-json\/wp\/v2\/users\/5"}],"replies":[{"embeddable":true,"href":"https:\/\/www.paroisse-fribourg.ch\/de\/wp-json\/wp\/v2\/comments?post=3356"}],"version-history":[{"count":5,"href":"https:\/\/www.paroisse-fribourg.ch\/de\/wp-json\/wp\/v2\/pages\/3356\/revisions"}],"predecessor-version":[{"id":3701,"href":"https:\/\/www.paroisse-fribourg.ch\/de\/wp-json\/wp\/v2\/pages\/3356\/revisions\/3701"}],"up":[{"embeddable":true,"href":"https:\/\/www.paroisse-fribourg.ch\/de\/wp-json\/wp\/v2\/pages\/3347"}],"wp:attachment":[{"href":"https:\/\/www.paroisse-fribourg.ch\/de\/wp-json\/wp\/v2\/media?parent=3356"}],"curies":[{"name":"wp","href":"https:\/\/api.w.org\/{rel}","templated":true}]}}

Ein Blick darüber hinaus

<div class="wpb-content-wrapper"><p>[vc_row el_class=&#8220;top-0&#8243;][vc_column][vc_row_inner][vc_column_inner width=&#8220;2/3&#8243;][vc_column_text]</p>
<h1>Blick über die Kirchgemeinde hinaus</h1>
<p>Eine Gemeinde, die in ein viel größeres Netzwerk eingebunden ist.[/vc_column_text][/vc_column_inner][vc_column_inner width=&#8220;1/3&#8243;][/vc_column_inner][/vc_row_inner][/vc_column][/vc_row][vc_row full_width=&#8220;stretch_row&#8220; el_class=&#8220;top-0 image&#8220; css=&#8220;.vc_custom_1668776499224{background-image: url(http://www.paroisse-fribourg.ch/wp-content/uploads/1_Photo-by-Albin-HillertWCC-Germany-2022-Hillert-20220908_AH1_2400.jpg?id=3190) !important;}&#8220;][vc_column][/vc_column][/vc_row][vc_row][vc_column][vc_row_inner][vc_column_inner width=&#8220;7/12&#8243;][vc_column_text]Die Reformierte Kirchgemeinde Freiburg ist eine von sechzehn Kirchgemeinden, die der Evangelisch-Reformierten Kirche des Kantons Freiburg (ERKF) angehören. Mit Ausnahme des Seebezirks, der schon seit dem 16. Jahrhundert unter Berner Einfluss der Reformation angeschlossen ist, entstehen die ersten reformierten Kirchgemeinden durch Einwanderung aus reformierten Kantonen. 1854 wird die ERKF nach öffentlichem Recht anerkannt. Als Mitglied der ERKF entsendet sie Delegierte in die Synode und nimmt an verschiedenen Kommissionen und Arbeitsgruppen teil.</p>
<p>Im Auftrag des Kantons Freiburgs kümmert sich die ERKF auch um die Seelsorge in den Spitälern, der Universität, den Gymnasien, den Gefängnissen und, mittels Gemeindepfarrämtern, in den Alters- und Pflegeheimen.</p>
<p>Die ERKF ist auch Mitglied der evangelisch-reformierten Kirche Schweiz (EKS) und leistet einen Beitrag zum Ansehen des Protestantismus. So ist sie eingebunden in internationale Netzwerke, durch die Missionswerke (DM und Mission 21) und durch das Hilfswerk der evangelischen Kirchen der Schweiz (HEKS). Die ERKF ist auch Mitglied der Cevaa (Communauté d’églises en mission), einer Gemeinschaft von 35 Kirchen in Afrika, Europa, Lateinamerika und im Pazifik.</p>
<p>Diese Netzwerke ermöglichen es, durch das Gebet, das Interesse für das Christsein in anderen Kontexten und durch finanzielle Unterstützung solidarisch zu wirken.</p>
<p>Sie finden Informationen zu Spendenaufrufen und Kampagnen dieser Hilfswerke sowie Berichte der Partnerkirchen unter nachfolgenden Links.[/vc_column_text][/vc_column_inner][vc_column_inner width=&#8220;1/12&#8243;][/vc_column_inner][vc_column_inner width=&#8220;4/12&#8243;]<div class='row'><div class='col-lg-12 multilink'><div class='link'><div class='link-question '><a href='https://www.ref-fr.ch' target='_blank'>www.ref-fr.ch</a></div></div><div class='link'><div class='link-question '><a href='https://www.evref.ch/fr' target='_blank'>www.evref.ch</a></div></div><div class='link'><div class='link-question '><a href='https://www.dmr.ch' target='_blank'>www.dmr.ch</a></div></div><div class='link'><div class='link-question '><a href='https://www.eper.ch' target='_blank'>www.eper.ch</a></div></div><div class='link'><div class='link-question '><a href='https://www.cevaa.org' target='_blank'>www.cevaa.org</a></div></div><div class='link'><div class='link-question '><a href='https://oikoumenefribourg.wordpress.com/' target='_blank'>oikoumenefribourg.wordpress.com</a></div></div></div></div>[/vc_column_inner][/vc_row_inner][/vc_column][/vc_row]</p>
</div>

<p>[vc_row el_class=&#8220;top-0&#8243;][vc_column][vc_row_inner][vc_column_inner width=&#8220;2/3&#8243;][vc_column_text] Blick über die Kirchgemeinde hinaus Eine Gemeinde, die in ein viel größeres Netzwerk eingebunden ist.[/vc_column_text][/vc_column_inner][vc_column_inner width=&#8220;1/3&#8243;][/vc_column_inner][/vc_row_inner][/vc_column][/vc_row][vc_row full_width=&#8220;stretch_row&#8220; el_class=&#8220;top-0 image&#8220; css=&#8220;.vc_custom_1668776499224{background-image: url(http://www.paroisse-fribourg.ch/wp-content/uploads/1_Photo-by-Albin-HillertWCC-Germany-2022-Hillert-20220908_AH1_2400.jpg?id=3190) !important;}&#8220;][vc_column][/vc_column][/vc_row][vc_row][vc_column][vc_row_inner][vc_column_inner width=&#8220;7/12&#8243;][vc_column_text]Die Reformierte Kirchgemeinde Freiburg ist eine von sechzehn Kirchgemeinden, die der Evangelisch-Reformierten Kirche des Kantons Freiburg (ERKF) angehören. Mit Ausnahme des Seebezirks, der schon seit dem 16. Jahrhundert unter Berner [&hellip;]</p>

<!-- This site is optimized with the Yoast SEO plugin v24.3 - https://yoast.com/wordpress/plugins/seo/ -->
<title>Ein Blick darüber hinaus | Die reformierte Kirchgemeinde von Freiburg</title>
<meta name="description" content="Eine Gemeinde, die in ein viel größeres Netzwerk eingebunden ist." />
<meta name="robots" content="index, follow, max-snippet:-1, max-image-preview:large, max-video-preview:-1" />
<link rel="canonical" href="https://www.paroisse-fribourg.ch/de/portraet/blick-ueber-die-kirchgemeinde-hinaus/" />
<meta property="og:locale" content="de_DE" />
<meta property="og:type" content="article" />
<meta property="og:title" content="Ein Blick darüber hinaus | Die reformierte Kirchgemeinde von Freiburg" />
<meta property="og:description" content="Eine Gemeinde, die in ein viel größeres Netzwerk eingebunden ist." />
<meta property="og:url" content="https://www.paroisse-fribourg.ch/de/portraet/blick-ueber-die-kirchgemeinde-hinaus/" />
<meta property="og:site_name" content="Die reformierte Kirchgemeinde von Freiburg" />
<meta property="article:modified_time" content="2022-12-16T12:34:35+00:00" />
<meta name="twitter:card" content="summary_large_image" />
<meta name="twitter:label1" content="Geschätzte Lesezeit" />
	<meta name="twitter:data1" content="2 Minuten" />
<script type="application/ld+json" class="yoast-schema-graph">{"@context":"https://schema.org","@graph":[{"@type":"WebPage","@id":"https://www.paroisse-fribourg.ch/de/portraet/blick-ueber-die-kirchgemeinde-hinaus/","url":"https://www.paroisse-fribourg.ch/de/portraet/blick-ueber-die-kirchgemeinde-hinaus/","name":"Ein Blick darüber hinaus | Die reformierte Kirchgemeinde von Freiburg","isPartOf":{"@id":"https://www.paroisse-fribourg.ch/#website"},"datePublished":"2022-06-09T13:40:10+00:00","dateModified":"2022-12-16T12:34:35+00:00","description":"Eine Gemeinde, die in ein viel größeres Netzwerk eingebunden ist.","breadcrumb":{"@id":"https://www.paroisse-fribourg.ch/de/portraet/blick-ueber-die-kirchgemeinde-hinaus/#breadcrumb"},"inLanguage":"de","potentialAction":[{"@type":"ReadAction","target":["https://www.paroisse-fribourg.ch/de/portraet/blick-ueber-die-kirchgemeinde-hinaus/"]}]},{"@type":"BreadcrumbList","@id":"https://www.paroisse-fribourg.ch/de/portraet/blick-ueber-die-kirchgemeinde-hinaus/#breadcrumb","itemListElement":[{"@type":"ListItem","position":1,"name":"Home","item":"https://www.paroisse-fribourg.ch/de/3437/"},{"@type":"ListItem","position":2,"name":"Porträt","item":"https://www.paroisse-fribourg.ch/de/portraet/"},{"@type":"ListItem","position":3,"name":"Ein Blick darüber hinaus"}]},{"@type":"WebSite","@id":"https://www.paroisse-fribourg.ch/#website","url":"https://www.paroisse-fribourg.ch/","name":"Die reformierte Kirchgemeinde von Freiburg","description":"","potentialAction":[{"@type":"SearchAction","target":{"@type":"EntryPoint","urlTemplate":"https://www.paroisse-fribourg.ch/?s={search_term_string}"},"query-input":{"@type":"PropertyValueSpecification","valueRequired":true,"valueName":"search_term_string"}}],"inLanguage":"de"}]}</script>
<!-- / Yoast SEO plugin. -->

Ein Blick darüber hinaus | Die reformierte Kirchgemeinde von Freiburg

Eine Gemeinde, die in ein viel größeres Netzwerk eingebunden ist.

Porträt
