{"id":3353,"date":"2022-10-20T10:15:22","date_gmt":"2022-10-20T08:15:22","guid":{"rendered":"http:\/\/www.paroisse-fribourg.ch\/portraet\/un-territoire-et-ses-paroissiens\/"},"modified":"2022-11-30T11:14:16","modified_gmt":"2022-11-30T09:14:16","slug":"eine-lebendige-kirchgemeinde","status":"publish","type":"page","link":"https:\/\/www.paroisse-fribourg.ch\/de\/portraet\/eine-lebendige-kirchgemeinde\/","title":{"rendered":"Kirchgemeindegebiet"},"content":{"rendered":"<div class=\"wpb-content-wrapper\"><p>[vc_row el_class=&#8220;top-0&#8243;][vc_column][vc_row_inner][vc_column_inner width=&#8220;2\/3&#8243;][vc_column_text]<\/p>\n<h1>Kirchgemeindegebiet und Kirchgemeindemitglieder<\/h1>\n<p>Die reformierte Kirchgemeinde ist eine von sechzehn Kirchgemeinden, die der Reformierten Kirche des Kantons Freiburg (ERKF) angeh\u00f6ren.[\/vc_column_text][\/vc_column_inner][vc_column_inner width=&#8220;1\/3&#8243;][\/vc_column_inner][\/vc_row_inner][\/vc_column][\/vc_row][vc_row full_width=&#8220;stretch_row&#8220; el_class=&#8220;top-0 image&#8220; css=&#8220;.vc_custom_1669106240311{background-image: url(http:\/\/www.paroisse-fribourg.ch\/wp-content\/uploads\/1_territoire-paroissial-1.jpg?id=3314) !important;}&#8220;][vc_column][\/vc_column][\/vc_row][vc_row][vc_column][vc_row_inner][vc_column_inner][vc_column_text]Seit 1854 ist die ERKF nach \u00f6ffentlichem Recht anerkannt. Die Reformierten Kirchgemeinde Freiburg erstreckt sich \u00fcber den ganzen Saanebezirk. Aufgrund ihrer Lage profitiert sie von einer vielf\u00e4ltigen Bev\u00f6lkerung und einer grossen soziokulturellen Diversit\u00e4t.<\/p>\n<p>Sie expandiert seit mehr als 20 Jahren zahlenm\u00e4ssig und ist mit mehr als 6200 Mitgliedern die gr\u00f6sste reformierte Kirchgemeinde des Kantons.[\/vc_column_text][\/vc_column_inner][\/vc_row_inner][vc_row_inner][vc_column_inner][vc_single_image image=&#8220;2817&#8243; img_size=&#8220;large&#8220; alignment=&#8220;center&#8220; css=&#8220;.vc_custom_1666273902234{margin-top: 50px !important;margin-bottom: 50px !important;}&#8220;][\/vc_column_inner][\/vc_row_inner][vc_row_inner][vc_column_inner][vc_column_text]Die Kirchgemeinde ist zweisprachig, und sowohl ihre deutsch- als auch ihre franz\u00f6sischsprachigen Mitglieder sind auf das ganze Gemeindegebiet verteilt. Alle versammeln sich zum Gottesdient an einem einzigen Ort in Freiburg.[\/vc_column_text][\/vc_column_inner][\/vc_row_inner][vc_row_inner][vc_column_inner][vc_single_image image=&#8220;2828&#8243; img_size=&#8220;large&#8220; alignment=&#8220;center&#8220; css=&#8220;.vc_custom_1666273908449{margin-top: 50px !important;margin-bottom: 50px !important;}&#8220;][\/vc_column_inner][\/vc_row_inner][vc_row_inner][vc_column_inner width=&#8220;1\/2&#8243;][vc_column_text]Seit vielen Jahren w\u00e4chst die Kirchgemeinde wegen der zahlreichen Neuzuz\u00fcger aus den angrenzenden franz\u00f6sischsprachigen Kantonen. Daher hat sich das Verh\u00e4ltnis konstant zu Gunsten der franz\u00f6sischen Sprache verschoben.[\/vc_column_text][\/vc_column_inner][vc_column_inner width=&#8220;1\/2&#8243;][vc_single_image image=&#8220;2822&#8243; img_size=&#8220;large&#8220;][\/vc_column_inner][\/vc_row_inner][\/vc_column][\/vc_row]<\/p>\n<\/div>","protected":false},"excerpt":{"rendered":"<p>[vc_row el_class=&#8220;top-0&#8243;][vc_column][vc_row_inner][vc_column_inner width=&#8220;2\/3&#8243;][vc_column_text] Kirchgemeindegebiet und Kirchgemeindemitglieder Die reformierte Kirchgemeinde ist eine von sechzehn Kirchgemeinden, die der Reformierten Kirche des Kantons Freiburg (ERKF) angeh\u00f6ren.[\/vc_column_text][\/vc_column_inner][vc_column_inner width=&#8220;1\/3&#8243;][\/vc_column_inner][\/vc_row_inner][\/vc_column][\/vc_row][vc_row full_width=&#8220;stretch_row&#8220; el_class=&#8220;top-0 image&#8220; css=&#8220;.vc_custom_1669106240311{background-image: url(http:\/\/www.paroisse-fribourg.ch\/wp-content\/uploads\/1_territoire-paroissial-1.jpg?id=3314) !important;}&#8220;][vc_column][\/vc_column][\/vc_row][vc_row][vc_column][vc_row_inner][vc_column_inner][vc_column_text]Seit 1854 ist die ERKF nach \u00f6ffentlichem Recht anerkannt. Die Reformierten Kirchgemeinde Freiburg erstreckt sich \u00fcber den ganzen Saanebezirk. Aufgrund ihrer Lage profitiert sie von einer [&hellip;]<\/p>\n","protected":false},"author":5,"featured_media":0,"parent":3347,"menu_order":16,"comment_status":"closed","ping_status":"closed","template":"","meta":{"_acf_changed":false,"footnotes":""},"class_list":["post-3353","page","type-page","status-publish","hentry"],"acf":[],"yoast_head":"<!-- This site is optimized with the Yoast SEO plugin v24.3 - https:\/\/yoast.com\/wordpress\/plugins\/seo\/ -->\n<title>Kirchgemeindegebiet | Die reformierte Kirchgemeinde von Freiburg<\/title>\n<meta name=\"description\" content=\"Die reformierte Kirchgemeinde ist eine von sechzehn Kirchgemeinden, die der Reformierten Kirche des Kantons Freiburg (ERKF) angeh\u00f6ren.\" \/>\n<meta name=\"robots\" content=\"index, follow, max-snippet:-1, max-image-preview:large, max-video-preview:-1\" \/>\n<link rel=\"canonical\" href=\"https:\/\/www.paroisse-fribourg.ch\/de\/portraet\/eine-lebendige-kirchgemeinde\/\" \/>\n<meta property=\"og:locale\" content=\"de_DE\" \/>\n<meta property=\"og:type\" content=\"article\" \/>\n<meta property=\"og:title\" content=\"Kirchgemeindegebiet | Die reformierte Kirchgemeinde von Freiburg\" \/>\n<meta property=\"og:description\" content=\"Die reformierte Kirchgemeinde ist eine von sechzehn Kirchgemeinden, die der Reformierten Kirche des Kantons Freiburg (ERKF) angeh\u00f6ren.\" \/>\n<meta property=\"og:url\" content=\"https:\/\/www.paroisse-fribourg.ch\/de\/portraet\/eine-lebendige-kirchgemeinde\/\" \/>\n<meta property=\"og:site_name\" content=\"Die reformierte Kirchgemeinde von Freiburg\" \/>\n<meta property=\"article:modified_time\" content=\"2022-11-30T09:14:16+00:00\" \/>\n<meta name=\"twitter:card\" content=\"summary_large_image\" \/>\n<meta name=\"twitter:label1\" content=\"Gesch\u00e4tzte Lesezeit\" \/>\n\t<meta name=\"twitter:data1\" content=\"1\u00a0Minute\" \/>\n<script type=\"application\/ld+json\" class=\"yoast-schema-graph\">{\"@context\":\"https:\/\/schema.org\",\"@graph\":[{\"@type\":\"WebPage\",\"@id\":\"https:\/\/www.paroisse-fribourg.ch\/de\/portraet\/eine-lebendige-kirchgemeinde\/\",\"url\":\"https:\/\/www.paroisse-fribourg.ch\/de\/portraet\/eine-lebendige-kirchgemeinde\/\",\"name\":\"Kirchgemeindegebiet | Die reformierte Kirchgemeinde von Freiburg\",\"isPartOf\":{\"@id\":\"https:\/\/www.paroisse-fribourg.ch\/#website\"},\"datePublished\":\"2022-10-20T08:15:22+00:00\",\"dateModified\":\"2022-11-30T09:14:16+00:00\",\"description\":\"Die reformierte Kirchgemeinde ist eine von sechzehn Kirchgemeinden, die der Reformierten Kirche des Kantons Freiburg (ERKF) angeh\u00f6ren.\",\"breadcrumb\":{\"@id\":\"https:\/\/www.paroisse-fribourg.ch\/de\/portraet\/eine-lebendige-kirchgemeinde\/#breadcrumb\"},\"inLanguage\":\"de\",\"potentialAction\":[{\"@type\":\"ReadAction\",\"target\":[\"https:\/\/www.paroisse-fribourg.ch\/de\/portraet\/eine-lebendige-kirchgemeinde\/\"]}]},{\"@type\":\"BreadcrumbList\",\"@id\":\"https:\/\/www.paroisse-fribourg.ch\/de\/portraet\/eine-lebendige-kirchgemeinde\/#breadcrumb\",\"itemListElement\":[{\"@type\":\"ListItem\",\"position\":1,\"name\":\"Home\",\"item\":\"https:\/\/www.paroisse-fribourg.ch\/de\/3437\/\"},{\"@type\":\"ListItem\",\"position\":2,\"name\":\"Portr\u00e4t\",\"item\":\"https:\/\/www.paroisse-fribourg.ch\/de\/portraet\/\"},{\"@type\":\"ListItem\",\"position\":3,\"name\":\"Kirchgemeindegebiet\"}]},{\"@type\":\"WebSite\",\"@id\":\"https:\/\/www.paroisse-fribourg.ch\/#website\",\"url\":\"https:\/\/www.paroisse-fribourg.ch\/\",\"name\":\"Die reformierte Kirchgemeinde von Freiburg\",\"description\":\"\",\"potentialAction\":[{\"@type\":\"SearchAction\",\"target\":{\"@type\":\"EntryPoint\",\"urlTemplate\":\"https:\/\/www.paroisse-fribourg.ch\/?s={search_term_string}\"},\"query-input\":{\"@type\":\"PropertyValueSpecification\",\"valueRequired\":true,\"valueName\":\"search_term_string\"}}],\"inLanguage\":\"de\"}]}<\/script>\n<!-- \/ Yoast SEO plugin. -->","yoast_head_json":{"title":"Kirchgemeindegebiet | Die reformierte Kirchgemeinde von Freiburg","description":"Die reformierte Kirchgemeinde ist eine von sechzehn Kirchgemeinden, die der Reformierten Kirche des Kantons Freiburg (ERKF) angeh\u00f6ren.","robots":{"index":"index","follow":"follow","max-snippet":"max-snippet:-1","max-image-preview":"max-image-preview:large","max-video-preview":"max-video-preview:-1"},"canonical":"https:\/\/www.paroisse-fribourg.ch\/de\/portraet\/eine-lebendige-kirchgemeinde\/","og_locale":"de_DE","og_type":"article","og_title":"Kirchgemeindegebiet | Die reformierte Kirchgemeinde von Freiburg","og_description":"Die reformierte Kirchgemeinde ist eine von sechzehn Kirchgemeinden, die der Reformierten Kirche des Kantons Freiburg (ERKF) angeh\u00f6ren.","og_url":"https:\/\/www.paroisse-fribourg.ch\/de\/portraet\/eine-lebendige-kirchgemeinde\/","og_site_name":"Die reformierte Kirchgemeinde von Freiburg","article_modified_time":"2022-11-30T09:14:16+00:00","twitter_card":"summary_large_image","twitter_misc":{"Gesch\u00e4tzte Lesezeit":"1\u00a0Minute"},"schema":{"@context":"https:\/\/schema.org","@graph":[{"@type":"WebPage","@id":"https:\/\/www.paroisse-fribourg.ch\/de\/portraet\/eine-lebendige-kirchgemeinde\/","url":"https:\/\/www.paroisse-fribourg.ch\/de\/portraet\/eine-lebendige-kirchgemeinde\/","name":"Kirchgemeindegebiet | Die reformierte Kirchgemeinde von Freiburg","isPartOf":{"@id":"https:\/\/www.paroisse-fribourg.ch\/#website"},"datePublished":"2022-10-20T08:15:22+00:00","dateModified":"2022-11-30T09:14:16+00:00","description":"Die reformierte Kirchgemeinde ist eine von sechzehn Kirchgemeinden, die der Reformierten Kirche des Kantons Freiburg (ERKF) angeh\u00f6ren.","breadcrumb":{"@id":"https:\/\/www.paroisse-fribourg.ch\/de\/portraet\/eine-lebendige-kirchgemeinde\/#breadcrumb"},"inLanguage":"de","potentialAction":[{"@type":"ReadAction","target":["https:\/\/www.paroisse-fribourg.ch\/de\/portraet\/eine-lebendige-kirchgemeinde\/"]}]},{"@type":"BreadcrumbList","@id":"https:\/\/www.paroisse-fribourg.ch\/de\/portraet\/eine-lebendige-kirchgemeinde\/#breadcrumb","itemListElement":[{"@type":"ListItem","position":1,"name":"Home","item":"https:\/\/www.paroisse-fribourg.ch\/de\/3437\/"},{"@type":"ListItem","position":2,"name":"Portr\u00e4t","item":"https:\/\/www.paroisse-fribourg.ch\/de\/portraet\/"},{"@type":"ListItem","position":3,"name":"Kirchgemeindegebiet"}]},{"@type":"WebSite","@id":"https:\/\/www.paroisse-fribourg.ch\/#website","url":"https:\/\/www.paroisse-fribourg.ch\/","name":"Die reformierte Kirchgemeinde von Freiburg","description":"","potentialAction":[{"@type":"SearchAction","target":{"@type":"EntryPoint","urlTemplate":"https:\/\/www.paroisse-fribourg.ch\/?s={search_term_string}"},"query-input":{"@type":"PropertyValueSpecification","valueRequired":true,"valueName":"search_term_string"}}],"inLanguage":"de"}]}},"_links":{"self":[{"href":"https:\/\/www.paroisse-fribourg.ch\/de\/wp-json\/wp\/v2\/pages\/3353","targetHints":{"allow":["GET"]}}],"collection":[{"href":"https:\/\/www.paroisse-fribourg.ch\/de\/wp-json\/wp\/v2\/pages"}],"about":[{"href":"https:\/\/www.paroisse-fribourg.ch\/de\/wp-json\/wp\/v2\/types\/page"}],"author":[{"embeddable":true,"href":"https:\/\/www.paroisse-fribourg.ch\/de\/wp-json\/wp\/v2\/users\/5"}],"replies":[{"embeddable":true,"href":"https:\/\/www.paroisse-fribourg.ch\/de\/wp-json\/wp\/v2\/comments?post=3353"}],"version-history":[{"count":5,"href":"https:\/\/www.paroisse-fribourg.ch\/de\/wp-json\/wp\/v2\/pages\/3353\/revisions"}],"predecessor-version":[{"id":3591,"href":"https:\/\/www.paroisse-fribourg.ch\/de\/wp-json\/wp\/v2\/pages\/3353\/revisions\/3591"}],"up":[{"embeddable":true,"href":"https:\/\/www.paroisse-fribourg.ch\/de\/wp-json\/wp\/v2\/pages\/3347"}],"wp:attachment":[{"href":"https:\/\/www.paroisse-fribourg.ch\/de\/wp-json\/wp\/v2\/media?parent=3353"}],"curies":[{"name":"wp","href":"https:\/\/api.w.org\/{rel}","templated":true}]}}

<div class="wpb-content-wrapper"><p>[vc_row el_class=&#8220;top-0&#8243;][vc_column][vc_row_inner][vc_column_inner width=&#8220;2/3&#8243;][vc_column_text]</p>
<h1>Kirchgemeindegebiet und Kirchgemeindemitglieder</h1>
<p>Die reformierte Kirchgemeinde ist eine von sechzehn Kirchgemeinden, die der Reformierten Kirche des Kantons Freiburg (ERKF) angehören.[/vc_column_text][/vc_column_inner][vc_column_inner width=&#8220;1/3&#8243;][/vc_column_inner][/vc_row_inner][/vc_column][/vc_row][vc_row full_width=&#8220;stretch_row&#8220; el_class=&#8220;top-0 image&#8220; css=&#8220;.vc_custom_1669106240311{background-image: url(http://www.paroisse-fribourg.ch/wp-content/uploads/1_territoire-paroissial-1.jpg?id=3314) !important;}&#8220;][vc_column][/vc_column][/vc_row][vc_row][vc_column][vc_row_inner][vc_column_inner][vc_column_text]Seit 1854 ist die ERKF nach öffentlichem Recht anerkannt. Die Reformierten Kirchgemeinde Freiburg erstreckt sich über den ganzen Saanebezirk. Aufgrund ihrer Lage profitiert sie von einer vielfältigen Bevölkerung und einer grossen soziokulturellen Diversität.</p>
<p>Sie expandiert seit mehr als 20 Jahren zahlenmässig und ist mit mehr als 6200 Mitgliedern die grösste reformierte Kirchgemeinde des Kantons.[/vc_column_text][/vc_column_inner][/vc_row_inner][vc_row_inner][vc_column_inner][vc_single_image image=&#8220;2817&#8243; img_size=&#8220;large&#8220; alignment=&#8220;center&#8220; css=&#8220;.vc_custom_1666273902234{margin-top: 50px !important;margin-bottom: 50px !important;}&#8220;][/vc_column_inner][/vc_row_inner][vc_row_inner][vc_column_inner][vc_column_text]Die Kirchgemeinde ist zweisprachig, und sowohl ihre deutsch- als auch ihre französischsprachigen Mitglieder sind auf das ganze Gemeindegebiet verteilt. Alle versammeln sich zum Gottesdient an einem einzigen Ort in Freiburg.[/vc_column_text][/vc_column_inner][/vc_row_inner][vc_row_inner][vc_column_inner][vc_single_image image=&#8220;2828&#8243; img_size=&#8220;large&#8220; alignment=&#8220;center&#8220; css=&#8220;.vc_custom_1666273908449{margin-top: 50px !important;margin-bottom: 50px !important;}&#8220;][/vc_column_inner][/vc_row_inner][vc_row_inner][vc_column_inner width=&#8220;1/2&#8243;][vc_column_text]Seit vielen Jahren wächst die Kirchgemeinde wegen der zahlreichen Neuzuzüger aus den angrenzenden französischsprachigen Kantonen. Daher hat sich das Verhältnis konstant zu Gunsten der französischen Sprache verschoben.[/vc_column_text][/vc_column_inner][vc_column_inner width=&#8220;1/2&#8243;][vc_single_image image=&#8220;2822&#8243; img_size=&#8220;large&#8220;][/vc_column_inner][/vc_row_inner][/vc_column][/vc_row]</p>
</div>

<p>[vc_row el_class=&#8220;top-0&#8243;][vc_column][vc_row_inner][vc_column_inner width=&#8220;2/3&#8243;][vc_column_text] Kirchgemeindegebiet und Kirchgemeindemitglieder Die reformierte Kirchgemeinde ist eine von sechzehn Kirchgemeinden, die der Reformierten Kirche des Kantons Freiburg (ERKF) angehören.[/vc_column_text][/vc_column_inner][vc_column_inner width=&#8220;1/3&#8243;][/vc_column_inner][/vc_row_inner][/vc_column][/vc_row][vc_row full_width=&#8220;stretch_row&#8220; el_class=&#8220;top-0 image&#8220; css=&#8220;.vc_custom_1669106240311{background-image: url(http://www.paroisse-fribourg.ch/wp-content/uploads/1_territoire-paroissial-1.jpg?id=3314) !important;}&#8220;][vc_column][/vc_column][/vc_row][vc_row][vc_column][vc_row_inner][vc_column_inner][vc_column_text]Seit 1854 ist die ERKF nach öffentlichem Recht anerkannt. Die Reformierten Kirchgemeinde Freiburg erstreckt sich über den ganzen Saanebezirk. Aufgrund ihrer Lage profitiert sie von einer [&hellip;]</p>

<!-- This site is optimized with the Yoast SEO plugin v24.3 - https://yoast.com/wordpress/plugins/seo/ -->
<title>Kirchgemeindegebiet | Die reformierte Kirchgemeinde von Freiburg</title>
<meta name="description" content="Die reformierte Kirchgemeinde ist eine von sechzehn Kirchgemeinden, die der Reformierten Kirche des Kantons Freiburg (ERKF) angehören." />
<meta name="robots" content="index, follow, max-snippet:-1, max-image-preview:large, max-video-preview:-1" />
<link rel="canonical" href="https://www.paroisse-fribourg.ch/de/portraet/eine-lebendige-kirchgemeinde/" />
<meta property="og:locale" content="de_DE" />
<meta property="og:type" content="article" />
<meta property="og:title" content="Kirchgemeindegebiet | Die reformierte Kirchgemeinde von Freiburg" />
<meta property="og:description" content="Die reformierte Kirchgemeinde ist eine von sechzehn Kirchgemeinden, die der Reformierten Kirche des Kantons Freiburg (ERKF) angehören." />
<meta property="og:url" content="https://www.paroisse-fribourg.ch/de/portraet/eine-lebendige-kirchgemeinde/" />
<meta property="og:site_name" content="Die reformierte Kirchgemeinde von Freiburg" />
<meta property="article:modified_time" content="2022-11-30T09:14:16+00:00" />
<meta name="twitter:card" content="summary_large_image" />
<meta name="twitter:label1" content="Geschätzte Lesezeit" />
	<meta name="twitter:data1" content="1 Minute" />
<script type="application/ld+json" class="yoast-schema-graph">{"@context":"https://schema.org","@graph":[{"@type":"WebPage","@id":"https://www.paroisse-fribourg.ch/de/portraet/eine-lebendige-kirchgemeinde/","url":"https://www.paroisse-fribourg.ch/de/portraet/eine-lebendige-kirchgemeinde/","name":"Kirchgemeindegebiet | Die reformierte Kirchgemeinde von Freiburg","isPartOf":{"@id":"https://www.paroisse-fribourg.ch/#website"},"datePublished":"2022-10-20T08:15:22+00:00","dateModified":"2022-11-30T09:14:16+00:00","description":"Die reformierte Kirchgemeinde ist eine von sechzehn Kirchgemeinden, die der Reformierten Kirche des Kantons Freiburg (ERKF) angehören.","breadcrumb":{"@id":"https://www.paroisse-fribourg.ch/de/portraet/eine-lebendige-kirchgemeinde/#breadcrumb"},"inLanguage":"de","potentialAction":[{"@type":"ReadAction","target":["https://www.paroisse-fribourg.ch/de/portraet/eine-lebendige-kirchgemeinde/"]}]},{"@type":"BreadcrumbList","@id":"https://www.paroisse-fribourg.ch/de/portraet/eine-lebendige-kirchgemeinde/#breadcrumb","itemListElement":[{"@type":"ListItem","position":1,"name":"Home","item":"https://www.paroisse-fribourg.ch/de/3437/"},{"@type":"ListItem","position":2,"name":"Porträt","item":"https://www.paroisse-fribourg.ch/de/portraet/"},{"@type":"ListItem","position":3,"name":"Kirchgemeindegebiet"}]},{"@type":"WebSite","@id":"https://www.paroisse-fribourg.ch/#website","url":"https://www.paroisse-fribourg.ch/","name":"Die reformierte Kirchgemeinde von Freiburg","description":"","potentialAction":[{"@type":"SearchAction","target":{"@type":"EntryPoint","urlTemplate":"https://www.paroisse-fribourg.ch/?s={search_term_string}"},"query-input":{"@type":"PropertyValueSpecification","valueRequired":true,"valueName":"search_term_string"}}],"inLanguage":"de"}]}</script>
<!-- / Yoast SEO plugin. -->

Die reformierte Kirchgemeinde ist eine von sechzehn Kirchgemeinden, die der Reformierten Kirche des Kantons Freiburg (ERKF) angehören.

Porträt
