{"id":3350,"date":"2022-10-20T09:51:41","date_gmt":"2022-10-20T07:51:41","guid":{"rendered":"http:\/\/www.paroisse-fribourg.ch\/portraet\/emergence-dune-paroisse-reformee\/"},"modified":"2022-11-30T10:23:13","modified_gmt":"2022-11-30T08:23:13","slug":"geschichte-der-kirchgemeinde","status":"publish","type":"page","link":"https:\/\/www.paroisse-fribourg.ch\/de\/portraet\/geschichte-der-kirchgemeinde\/","title":{"rendered":"Geschichte"},"content":{"rendered":"<div class=\"wpb-content-wrapper\"><p>[vc_row el_class=&#8220;top-0&#8243;][vc_column][vc_row_inner][vc_column_inner width=&#8220;2\/3&#8243;][vc_column_text]<\/p>\n<h1>Entstehung der Kirchgemeinde<\/h1>\n<p>Die reformierte Kirchgemeinde entsteht im 19. Jahrhundert in einem katholischen Gebiet. Die Kirchgemeinde ist zweisprachig und sowohl st\u00e4dtisch als auch l\u00e4ndlich gepr\u00e4gt. Sie versammelt sich zum Gottesdienst an einem einzigen Ort und ist Begr\u00fcnderin von Schulen, einer Krippe und einem Spital.[\/vc_column_text][\/vc_column_inner][vc_column_inner width=&#8220;1\/3&#8243;][\/vc_column_inner][\/vc_row_inner][\/vc_column][\/vc_row][vc_row full_width=&#8220;stretch_row&#8220; el_class=&#8220;top-0 image&#8220; css=&#8220;.vc_custom_1668775905310{background-image: url(http:\/\/www.paroisse-fribourg.ch\/wp-content\/uploads\/1_histoire-de-la-paroisse-1.jpg?id=3178) !important;}&#8220;][vc_column][\/vc_column][\/vc_row][vc_row][vc_column][vc_row_inner][vc_column_inner width=&#8220;2\/3&#8243;][vc_column_text]Das Fundament der Reformierten Kirchgemeinde Freiburg ist das Evangelium von Jesus Christus, so wie es in der Bibel \u00fcberliefert wird. Der Protestantismus, auf den sich die reformierte Kirchgemeinde beruft, basiert auf demjenigen, der am Anfang des 16. Jahrhunderts von Martin Luther initiiert wurde. Zu ihrer Tradition geh\u00f6rt auch der reformierte Geist von Ulrich Zwingli aus Z\u00fcrich, Jean Calvin aus Genf, Guillaume Farel aus Neuenburg und Pierre Viret aus den Valdensergebieten. Seit ihrer Erstehung ist ihre Identit\u00e4t vielf\u00e4ltig.<\/p>\n<p>Die Anf\u00e4nge der reformierten Kirchgemeinde kann man auf den 6. Januar 1835 datieren, als sich 17 Familienv\u00e4ter in einem Saal des Caf\u00e9 Marbach in der Stadt versammelten. Aus dieser Zusammenkunft geht die Gr\u00fcndung der <em>Reformierten Schulgemeinde Freyburg<\/em> hervor. Es werden zwei voneinander untrennbare Priorit\u00e4tsziele formuliert, n\u00e4mlich die Schaffung einer Schule und eines Ortes des Gottesdienstes.<\/p>\n<p>Der erste Gottesdienst wird am Pfingstsonntag, 22. Mai 1836, in einem Privathaus gefeiert. Im Oktober desselben Jahres wird der erste Pfarrer, Guillaume Le Grand aus Basel, in sein Amt eingesetzt. Als Zweisprachiger ist er gleichzeitig auch der erste Lehrer f\u00fcr die 45 deutsch- und 10 franz\u00f6sischsprachigen Sch\u00fclerinnen und Sch\u00fcler.<\/p>\n<p>Zu den ersten Unterzeichnenden einer entsprechenden Verpflichtungsliste geh\u00f6ren Eingewanderte, viele aus dem Kanton Bern, die sich zum reformierten Glauben bekennen und bereit sind, einen finanziellen Beitrag zu leisten: Gesch\u00e4ftsleute, unter anderen der Banquier L. F. Daler, verschiedene Gewerbler wie Fuhrhalter, Metzger, Steinmetze, Schuhmacher, Dachdecker, Tapezierer, Kerzenmacher, Stockmacher, Uhrmacher, Geigenbauer, Gastwirte, Apotheker\u2026, aber auch einige Tagel\u00f6hner, Frauen und sogar Katholiken. Bis zum Erreichen einer finanziellen Selbst\u00e4ndigkeit kommen anfangs auch Mittel von den protestantischen Nachbarkirchen hinzu.<\/p>\n<p>Am Ende des 19. Jahrhunderts lassen sich Berner Bauern in der ganzen Romandie nieder, somit auch im Kanton Freiburg. Oft sind es die \u00e4ltesten S\u00f6hne, die den elterlichen Bauernhof verlassen, um diesen dem J\u00fcngsten als Erbe zu \u00fcberlassen und am neuen Wohnort einen Landwirtschaftsbetrieb zu erwerben. Meist sind diese Neuank\u00f6mmlinge protestantisch und schliessen sich der reformierten Kirchgemeinde an.<\/p>\n<p>1918 wird ein zweites Pfarramt geschaffen, 1922 die erste franz\u00f6sischsprachige Pfarrstelle besetzt. \u00a01986 folgt dann ein viertes und 2004 ein f\u00fcnftes Pfarramt.[\/vc_column_text][\/vc_column_inner][vc_column_inner width=&#8220;1\/3&#8243;][\/vc_column_inner][\/vc_row_inner][\/vc_column][\/vc_row]<\/p>\n<\/div>","protected":false},"excerpt":{"rendered":"<p>[vc_row el_class=&#8220;top-0&#8243;][vc_column][vc_row_inner][vc_column_inner width=&#8220;2\/3&#8243;][vc_column_text] Entstehung der Kirchgemeinde Die reformierte Kirchgemeinde entsteht im 19. Jahrhundert in einem katholischen Gebiet. Die Kirchgemeinde ist zweisprachig und sowohl st\u00e4dtisch als auch l\u00e4ndlich gepr\u00e4gt. Sie versammelt sich zum Gottesdienst an einem einzigen Ort und ist Begr\u00fcnderin von Schulen, einer Krippe und einem Spital.[\/vc_column_text][\/vc_column_inner][vc_column_inner width=&#8220;1\/3&#8243;][\/vc_column_inner][\/vc_row_inner][\/vc_column][\/vc_row][vc_row full_width=&#8220;stretch_row&#8220; el_class=&#8220;top-0 image&#8220; css=&#8220;.vc_custom_1668775905310{background-image: url(http:\/\/www.paroisse-fribourg.ch\/wp-content\/uploads\/1_histoire-de-la-paroisse-1.jpg?id=3178) !important;}&#8220;][vc_column][\/vc_column][\/vc_row][vc_row][vc_column][vc_row_inner][vc_column_inner width=&#8220;2\/3&#8243;][vc_column_text]Das [&hellip;]<\/p>\n","protected":false},"author":5,"featured_media":0,"parent":3347,"menu_order":10,"comment_status":"closed","ping_status":"closed","template":"","meta":{"_acf_changed":false,"footnotes":""},"class_list":["post-3350","page","type-page","status-publish","hentry"],"acf":[],"yoast_head":"<!-- This site is optimized with the Yoast SEO plugin v24.3 - https:\/\/yoast.com\/wordpress\/plugins\/seo\/ -->\n<title>Geschichte | Die reformierte Kirchgemeinde von Freiburg<\/title>\n<meta name=\"description\" content=\"Die reformierte Kirchgemeinde entsteht im 19. Jahrhundert in einem katholischen Gebiet. Die Kirchgemeinde ist zweisprachig und sowohl st\u00e4dtisch als auch l\u00e4ndlich gepr\u00e4gt. Sie versammelt sich zum Gottesdienst an einem einzigen Ort und ist Begr\u00fcnderin von Schulen, einer Krippe und einem Spital.\" \/>\n<meta name=\"robots\" content=\"index, follow, max-snippet:-1, max-image-preview:large, max-video-preview:-1\" \/>\n<link rel=\"canonical\" href=\"https:\/\/www.paroisse-fribourg.ch\/de\/portraet\/geschichte-der-kirchgemeinde\/\" \/>\n<meta property=\"og:locale\" content=\"de_DE\" \/>\n<meta property=\"og:type\" content=\"article\" \/>\n<meta property=\"og:title\" content=\"Geschichte | Die reformierte Kirchgemeinde von Freiburg\" \/>\n<meta property=\"og:description\" content=\"Die reformierte Kirchgemeinde entsteht im 19. Jahrhundert in einem katholischen Gebiet. Die Kirchgemeinde ist zweisprachig und sowohl st\u00e4dtisch als auch l\u00e4ndlich gepr\u00e4gt. Sie versammelt sich zum Gottesdienst an einem einzigen Ort und ist Begr\u00fcnderin von Schulen, einer Krippe und einem Spital.\" \/>\n<meta property=\"og:url\" content=\"https:\/\/www.paroisse-fribourg.ch\/de\/portraet\/geschichte-der-kirchgemeinde\/\" \/>\n<meta property=\"og:site_name\" content=\"Die reformierte Kirchgemeinde von Freiburg\" \/>\n<meta property=\"article:modified_time\" content=\"2022-11-30T08:23:13+00:00\" \/>\n<meta name=\"twitter:card\" content=\"summary_large_image\" \/>\n<meta name=\"twitter:label1\" content=\"Gesch\u00e4tzte Lesezeit\" \/>\n\t<meta name=\"twitter:data1\" content=\"2\u00a0Minuten\" \/>\n<script type=\"application\/ld+json\" class=\"yoast-schema-graph\">{\"@context\":\"https:\/\/schema.org\",\"@graph\":[{\"@type\":\"WebPage\",\"@id\":\"https:\/\/www.paroisse-fribourg.ch\/de\/portraet\/geschichte-der-kirchgemeinde\/\",\"url\":\"https:\/\/www.paroisse-fribourg.ch\/de\/portraet\/geschichte-der-kirchgemeinde\/\",\"name\":\"Geschichte | Die reformierte Kirchgemeinde von Freiburg\",\"isPartOf\":{\"@id\":\"https:\/\/www.paroisse-fribourg.ch\/#website\"},\"datePublished\":\"2022-10-20T07:51:41+00:00\",\"dateModified\":\"2022-11-30T08:23:13+00:00\",\"description\":\"Die reformierte Kirchgemeinde entsteht im 19. Jahrhundert in einem katholischen Gebiet. Die Kirchgemeinde ist zweisprachig und sowohl st\u00e4dtisch als auch l\u00e4ndlich gepr\u00e4gt. Sie versammelt sich zum Gottesdienst an einem einzigen Ort und ist Begr\u00fcnderin von Schulen, einer Krippe und einem Spital.\",\"breadcrumb\":{\"@id\":\"https:\/\/www.paroisse-fribourg.ch\/de\/portraet\/geschichte-der-kirchgemeinde\/#breadcrumb\"},\"inLanguage\":\"de\",\"potentialAction\":[{\"@type\":\"ReadAction\",\"target\":[\"https:\/\/www.paroisse-fribourg.ch\/de\/portraet\/geschichte-der-kirchgemeinde\/\"]}]},{\"@type\":\"BreadcrumbList\",\"@id\":\"https:\/\/www.paroisse-fribourg.ch\/de\/portraet\/geschichte-der-kirchgemeinde\/#breadcrumb\",\"itemListElement\":[{\"@type\":\"ListItem\",\"position\":1,\"name\":\"Home\",\"item\":\"https:\/\/www.paroisse-fribourg.ch\/de\/3437\/\"},{\"@type\":\"ListItem\",\"position\":2,\"name\":\"Portr\u00e4t\",\"item\":\"https:\/\/www.paroisse-fribourg.ch\/de\/portraet\/\"},{\"@type\":\"ListItem\",\"position\":3,\"name\":\"Geschichte\"}]},{\"@type\":\"WebSite\",\"@id\":\"https:\/\/www.paroisse-fribourg.ch\/#website\",\"url\":\"https:\/\/www.paroisse-fribourg.ch\/\",\"name\":\"Die reformierte Kirchgemeinde von Freiburg\",\"description\":\"\",\"potentialAction\":[{\"@type\":\"SearchAction\",\"target\":{\"@type\":\"EntryPoint\",\"urlTemplate\":\"https:\/\/www.paroisse-fribourg.ch\/?s={search_term_string}\"},\"query-input\":{\"@type\":\"PropertyValueSpecification\",\"valueRequired\":true,\"valueName\":\"search_term_string\"}}],\"inLanguage\":\"de\"}]}<\/script>\n<!-- \/ Yoast SEO plugin. -->","yoast_head_json":{"title":"Geschichte | Die reformierte Kirchgemeinde von Freiburg","description":"Die reformierte Kirchgemeinde entsteht im 19. Jahrhundert in einem katholischen Gebiet. Die Kirchgemeinde ist zweisprachig und sowohl st\u00e4dtisch als auch l\u00e4ndlich gepr\u00e4gt. Sie versammelt sich zum Gottesdienst an einem einzigen Ort und ist Begr\u00fcnderin von Schulen, einer Krippe und einem Spital.","robots":{"index":"index","follow":"follow","max-snippet":"max-snippet:-1","max-image-preview":"max-image-preview:large","max-video-preview":"max-video-preview:-1"},"canonical":"https:\/\/www.paroisse-fribourg.ch\/de\/portraet\/geschichte-der-kirchgemeinde\/","og_locale":"de_DE","og_type":"article","og_title":"Geschichte | Die reformierte Kirchgemeinde von Freiburg","og_description":"Die reformierte Kirchgemeinde entsteht im 19. Jahrhundert in einem katholischen Gebiet. Die Kirchgemeinde ist zweisprachig und sowohl st\u00e4dtisch als auch l\u00e4ndlich gepr\u00e4gt. Sie versammelt sich zum Gottesdienst an einem einzigen Ort und ist Begr\u00fcnderin von Schulen, einer Krippe und einem Spital.","og_url":"https:\/\/www.paroisse-fribourg.ch\/de\/portraet\/geschichte-der-kirchgemeinde\/","og_site_name":"Die reformierte Kirchgemeinde von Freiburg","article_modified_time":"2022-11-30T08:23:13+00:00","twitter_card":"summary_large_image","twitter_misc":{"Gesch\u00e4tzte Lesezeit":"2\u00a0Minuten"},"schema":{"@context":"https:\/\/schema.org","@graph":[{"@type":"WebPage","@id":"https:\/\/www.paroisse-fribourg.ch\/de\/portraet\/geschichte-der-kirchgemeinde\/","url":"https:\/\/www.paroisse-fribourg.ch\/de\/portraet\/geschichte-der-kirchgemeinde\/","name":"Geschichte | Die reformierte Kirchgemeinde von Freiburg","isPartOf":{"@id":"https:\/\/www.paroisse-fribourg.ch\/#website"},"datePublished":"2022-10-20T07:51:41+00:00","dateModified":"2022-11-30T08:23:13+00:00","description":"Die reformierte Kirchgemeinde entsteht im 19. Jahrhundert in einem katholischen Gebiet. Die Kirchgemeinde ist zweisprachig und sowohl st\u00e4dtisch als auch l\u00e4ndlich gepr\u00e4gt. Sie versammelt sich zum Gottesdienst an einem einzigen Ort und ist Begr\u00fcnderin von Schulen, einer Krippe und einem Spital.","breadcrumb":{"@id":"https:\/\/www.paroisse-fribourg.ch\/de\/portraet\/geschichte-der-kirchgemeinde\/#breadcrumb"},"inLanguage":"de","potentialAction":[{"@type":"ReadAction","target":["https:\/\/www.paroisse-fribourg.ch\/de\/portraet\/geschichte-der-kirchgemeinde\/"]}]},{"@type":"BreadcrumbList","@id":"https:\/\/www.paroisse-fribourg.ch\/de\/portraet\/geschichte-der-kirchgemeinde\/#breadcrumb","itemListElement":[{"@type":"ListItem","position":1,"name":"Home","item":"https:\/\/www.paroisse-fribourg.ch\/de\/3437\/"},{"@type":"ListItem","position":2,"name":"Portr\u00e4t","item":"https:\/\/www.paroisse-fribourg.ch\/de\/portraet\/"},{"@type":"ListItem","position":3,"name":"Geschichte"}]},{"@type":"WebSite","@id":"https:\/\/www.paroisse-fribourg.ch\/#website","url":"https:\/\/www.paroisse-fribourg.ch\/","name":"Die reformierte Kirchgemeinde von Freiburg","description":"","potentialAction":[{"@type":"SearchAction","target":{"@type":"EntryPoint","urlTemplate":"https:\/\/www.paroisse-fribourg.ch\/?s={search_term_string}"},"query-input":{"@type":"PropertyValueSpecification","valueRequired":true,"valueName":"search_term_string"}}],"inLanguage":"de"}]}},"_links":{"self":[{"href":"https:\/\/www.paroisse-fribourg.ch\/de\/wp-json\/wp\/v2\/pages\/3350","targetHints":{"allow":["GET"]}}],"collection":[{"href":"https:\/\/www.paroisse-fribourg.ch\/de\/wp-json\/wp\/v2\/pages"}],"about":[{"href":"https:\/\/www.paroisse-fribourg.ch\/de\/wp-json\/wp\/v2\/types\/page"}],"author":[{"embeddable":true,"href":"https:\/\/www.paroisse-fribourg.ch\/de\/wp-json\/wp\/v2\/users\/5"}],"replies":[{"embeddable":true,"href":"https:\/\/www.paroisse-fribourg.ch\/de\/wp-json\/wp\/v2\/comments?post=3350"}],"version-history":[{"count":3,"href":"https:\/\/www.paroisse-fribourg.ch\/de\/wp-json\/wp\/v2\/pages\/3350\/revisions"}],"predecessor-version":[{"id":3570,"href":"https:\/\/www.paroisse-fribourg.ch\/de\/wp-json\/wp\/v2\/pages\/3350\/revisions\/3570"}],"up":[{"embeddable":true,"href":"https:\/\/www.paroisse-fribourg.ch\/de\/wp-json\/wp\/v2\/pages\/3347"}],"wp:attachment":[{"href":"https:\/\/www.paroisse-fribourg.ch\/de\/wp-json\/wp\/v2\/media?parent=3350"}],"curies":[{"name":"wp","href":"https:\/\/api.w.org\/{rel}","templated":true}]}}

<div class="wpb-content-wrapper"><p>[vc_row el_class=&#8220;top-0&#8243;][vc_column][vc_row_inner][vc_column_inner width=&#8220;2/3&#8243;][vc_column_text]</p>
<h1>Entstehung der Kirchgemeinde</h1>
<p>Die reformierte Kirchgemeinde entsteht im 19. Jahrhundert in einem katholischen Gebiet. Die Kirchgemeinde ist zweisprachig und sowohl städtisch als auch ländlich geprägt. Sie versammelt sich zum Gottesdienst an einem einzigen Ort und ist Begründerin von Schulen, einer Krippe und einem Spital.[/vc_column_text][/vc_column_inner][vc_column_inner width=&#8220;1/3&#8243;][/vc_column_inner][/vc_row_inner][/vc_column][/vc_row][vc_row full_width=&#8220;stretch_row&#8220; el_class=&#8220;top-0 image&#8220; css=&#8220;.vc_custom_1668775905310{background-image: url(http://www.paroisse-fribourg.ch/wp-content/uploads/1_histoire-de-la-paroisse-1.jpg?id=3178) !important;}&#8220;][vc_column][/vc_column][/vc_row][vc_row][vc_column][vc_row_inner][vc_column_inner width=&#8220;2/3&#8243;][vc_column_text]Das Fundament der Reformierten Kirchgemeinde Freiburg ist das Evangelium von Jesus Christus, so wie es in der Bibel überliefert wird. Der Protestantismus, auf den sich die reformierte Kirchgemeinde beruft, basiert auf demjenigen, der am Anfang des 16. Jahrhunderts von Martin Luther initiiert wurde. Zu ihrer Tradition gehört auch der reformierte Geist von Ulrich Zwingli aus Zürich, Jean Calvin aus Genf, Guillaume Farel aus Neuenburg und Pierre Viret aus den Valdensergebieten. Seit ihrer Erstehung ist ihre Identität vielfältig.</p>
<p>Die Anfänge der reformierten Kirchgemeinde kann man auf den 6. Januar 1835 datieren, als sich 17 Familienväter in einem Saal des Café Marbach in der Stadt versammelten. Aus dieser Zusammenkunft geht die Gründung der <em>Reformierten Schulgemeinde Freyburg</em> hervor. Es werden zwei voneinander untrennbare Prioritätsziele formuliert, nämlich die Schaffung einer Schule und eines Ortes des Gottesdienstes.</p>
<p>Der erste Gottesdienst wird am Pfingstsonntag, 22. Mai 1836, in einem Privathaus gefeiert. Im Oktober desselben Jahres wird der erste Pfarrer, Guillaume Le Grand aus Basel, in sein Amt eingesetzt. Als Zweisprachiger ist er gleichzeitig auch der erste Lehrer für die 45 deutsch- und 10 französischsprachigen Schülerinnen und Schüler.</p>
<p>Zu den ersten Unterzeichnenden einer entsprechenden Verpflichtungsliste gehören Eingewanderte, viele aus dem Kanton Bern, die sich zum reformierten Glauben bekennen und bereit sind, einen finanziellen Beitrag zu leisten: Geschäftsleute, unter anderen der Banquier L. F. Daler, verschiedene Gewerbler wie Fuhrhalter, Metzger, Steinmetze, Schuhmacher, Dachdecker, Tapezierer, Kerzenmacher, Stockmacher, Uhrmacher, Geigenbauer, Gastwirte, Apotheker…, aber auch einige Tagelöhner, Frauen und sogar Katholiken. Bis zum Erreichen einer finanziellen Selbständigkeit kommen anfangs auch Mittel von den protestantischen Nachbarkirchen hinzu.</p>
<p>Am Ende des 19. Jahrhunderts lassen sich Berner Bauern in der ganzen Romandie nieder, somit auch im Kanton Freiburg. Oft sind es die ältesten Söhne, die den elterlichen Bauernhof verlassen, um diesen dem Jüngsten als Erbe zu überlassen und am neuen Wohnort einen Landwirtschaftsbetrieb zu erwerben. Meist sind diese Neuankömmlinge protestantisch und schliessen sich der reformierten Kirchgemeinde an.</p>
<p>1918 wird ein zweites Pfarramt geschaffen, 1922 die erste französischsprachige Pfarrstelle besetzt.  1986 folgt dann ein viertes und 2004 ein fünftes Pfarramt.[/vc_column_text][/vc_column_inner][vc_column_inner width=&#8220;1/3&#8243;][/vc_column_inner][/vc_row_inner][/vc_column][/vc_row]</p>
</div>

<p>[vc_row el_class=&#8220;top-0&#8243;][vc_column][vc_row_inner][vc_column_inner width=&#8220;2/3&#8243;][vc_column_text] Entstehung der Kirchgemeinde Die reformierte Kirchgemeinde entsteht im 19. Jahrhundert in einem katholischen Gebiet. Die Kirchgemeinde ist zweisprachig und sowohl städtisch als auch ländlich geprägt. Sie versammelt sich zum Gottesdienst an einem einzigen Ort und ist Begründerin von Schulen, einer Krippe und einem Spital.[/vc_column_text][/vc_column_inner][vc_column_inner width=&#8220;1/3&#8243;][/vc_column_inner][/vc_row_inner][/vc_column][/vc_row][vc_row full_width=&#8220;stretch_row&#8220; el_class=&#8220;top-0 image&#8220; css=&#8220;.vc_custom_1668775905310{background-image: url(http://www.paroisse-fribourg.ch/wp-content/uploads/1_histoire-de-la-paroisse-1.jpg?id=3178) !important;}&#8220;][vc_column][/vc_column][/vc_row][vc_row][vc_column][vc_row_inner][vc_column_inner width=&#8220;2/3&#8243;][vc_column_text]Das [&hellip;]</p>

<!-- This site is optimized with the Yoast SEO plugin v24.3 - https://yoast.com/wordpress/plugins/seo/ -->
<title>Geschichte | Die reformierte Kirchgemeinde von Freiburg</title>
<meta name="description" content="Die reformierte Kirchgemeinde entsteht im 19. Jahrhundert in einem katholischen Gebiet. Die Kirchgemeinde ist zweisprachig und sowohl städtisch als auch ländlich geprägt. Sie versammelt sich zum Gottesdienst an einem einzigen Ort und ist Begründerin von Schulen, einer Krippe und einem Spital." />
<meta name="robots" content="index, follow, max-snippet:-1, max-image-preview:large, max-video-preview:-1" />
<link rel="canonical" href="https://www.paroisse-fribourg.ch/de/portraet/geschichte-der-kirchgemeinde/" />
<meta property="og:locale" content="de_DE" />
<meta property="og:type" content="article" />
<meta property="og:title" content="Geschichte | Die reformierte Kirchgemeinde von Freiburg" />
<meta property="og:description" content="Die reformierte Kirchgemeinde entsteht im 19. Jahrhundert in einem katholischen Gebiet. Die Kirchgemeinde ist zweisprachig und sowohl städtisch als auch ländlich geprägt. Sie versammelt sich zum Gottesdienst an einem einzigen Ort und ist Begründerin von Schulen, einer Krippe und einem Spital." />
<meta property="og:url" content="https://www.paroisse-fribourg.ch/de/portraet/geschichte-der-kirchgemeinde/" />
<meta property="og:site_name" content="Die reformierte Kirchgemeinde von Freiburg" />
<meta property="article:modified_time" content="2022-11-30T08:23:13+00:00" />
<meta name="twitter:card" content="summary_large_image" />
<meta name="twitter:label1" content="Geschätzte Lesezeit" />
	<meta name="twitter:data1" content="2 Minuten" />
<script type="application/ld+json" class="yoast-schema-graph">{"@context":"https://schema.org","@graph":[{"@type":"WebPage","@id":"https://www.paroisse-fribourg.ch/de/portraet/geschichte-der-kirchgemeinde/","url":"https://www.paroisse-fribourg.ch/de/portraet/geschichte-der-kirchgemeinde/","name":"Geschichte | Die reformierte Kirchgemeinde von Freiburg","isPartOf":{"@id":"https://www.paroisse-fribourg.ch/#website"},"datePublished":"2022-10-20T07:51:41+00:00","dateModified":"2022-11-30T08:23:13+00:00","description":"Die reformierte Kirchgemeinde entsteht im 19. Jahrhundert in einem katholischen Gebiet. Die Kirchgemeinde ist zweisprachig und sowohl städtisch als auch ländlich geprägt. Sie versammelt sich zum Gottesdienst an einem einzigen Ort und ist Begründerin von Schulen, einer Krippe und einem Spital.","breadcrumb":{"@id":"https://www.paroisse-fribourg.ch/de/portraet/geschichte-der-kirchgemeinde/#breadcrumb"},"inLanguage":"de","potentialAction":[{"@type":"ReadAction","target":["https://www.paroisse-fribourg.ch/de/portraet/geschichte-der-kirchgemeinde/"]}]},{"@type":"BreadcrumbList","@id":"https://www.paroisse-fribourg.ch/de/portraet/geschichte-der-kirchgemeinde/#breadcrumb","itemListElement":[{"@type":"ListItem","position":1,"name":"Home","item":"https://www.paroisse-fribourg.ch/de/3437/"},{"@type":"ListItem","position":2,"name":"Porträt","item":"https://www.paroisse-fribourg.ch/de/portraet/"},{"@type":"ListItem","position":3,"name":"Geschichte"}]},{"@type":"WebSite","@id":"https://www.paroisse-fribourg.ch/#website","url":"https://www.paroisse-fribourg.ch/","name":"Die reformierte Kirchgemeinde von Freiburg","description":"","potentialAction":[{"@type":"SearchAction","target":{"@type":"EntryPoint","urlTemplate":"https://www.paroisse-fribourg.ch/?s={search_term_string}"},"query-input":{"@type":"PropertyValueSpecification","valueRequired":true,"valueName":"search_term_string"}}],"inLanguage":"de"}]}</script>
<!-- / Yoast SEO plugin. -->

Die reformierte Kirchgemeinde entsteht im 19. Jahrhundert in einem katholischen Gebiet. Die Kirchgemeinde ist zweisprachig und sowohl städtisch als auch ländlich geprägt. Sie versammelt sich zum Gottesdienst an einem einzigen Ort und ist Begründerin von Schulen, einer Krippe und einem Spital.

Porträt
