{"version":"1.0","provider_name":"Die reformierte Kirchgemeinde von Freiburg","provider_url":"https:\/\/www.paroisse-fribourg.ch\/de\/","author_name":"admin","author_url":"https:\/\/www.paroisse-fribourg.ch\/de\/author\/admin\/","title":"Werke und Institutionen | Die reformierte Kirchgemeinde von Freiburg","type":"rich","width":600,"height":338,"html":"<blockquote class=\"wp-embedded-content\" data-secret=\"aekTUtDFkI\"><a href=\"https:\/\/www.paroisse-fribourg.ch\/de\/portraet\/werke-und-institutionen\/\">Werke und Institutionen<\/a><\/blockquote><iframe sandbox=\"allow-scripts\" security=\"restricted\" src=\"https:\/\/www.paroisse-fribourg.ch\/de\/portraet\/werke-und-institutionen\/embed\/#?secret=aekTUtDFkI\" width=\"600\" height=\"338\" title=\"&#8222;Werke und Institutionen&#8220; &#8211; Die reformierte Kirchgemeinde von Freiburg\" data-secret=\"aekTUtDFkI\" frameborder=\"0\" marginwidth=\"0\" marginheight=\"0\" scrolling=\"no\" class=\"wp-embedded-content\"><\/iframe><script type=\"text\/javascript\">\n\/* <![CDATA[ *\/\n\/*! This file is auto-generated *\/\n!function(d,l){\"use strict\";l.querySelector&&d.addEventListener&&\"undefined\"!=typeof URL&&(d.wp=d.wp||{},d.wp.receiveEmbedMessage||(d.wp.receiveEmbedMessage=function(e){var t=e.data;if((t||t.secret||t.message||t.value)&&!\/[^a-zA-Z0-9]\/.test(t.secret)){for(var s,r,n,a=l.querySelectorAll('iframe[data-secret=\"'+t.secret+'\"]'),o=l.querySelectorAll('blockquote[data-secret=\"'+t.secret+'\"]'),c=new RegExp(\"^https?:$\",\"i\"),i=0;i<o.length;i++)o[i].style.display=\"none\";for(i=0;i<a.length;i++)s=a[i],e.source===s.contentWindow&&(s.removeAttribute(\"style\"),\"height\"===t.message?(1e3<(r=parseInt(t.value,10))?r=1e3:~~r<200&&(r=200),s.height=r):\"link\"===t.message&&(r=new URL(s.getAttribute(\"src\")),n=new URL(t.value),c.test(n.protocol))&&n.host===r.host&&l.activeElement===s&&(d.top.location.href=t.value))}},d.addEventListener(\"message\",d.wp.receiveEmbedMessage,!1),l.addEventListener(\"DOMContentLoaded\",function(){for(var e,t,s=l.querySelectorAll(\"iframe.wp-embedded-content\"),r=0;r<s.length;r++)(t=(e=s[r]).getAttribute(\"data-secret\"))||(t=Math.random().toString(36).substring(2,12),e.src+=\"#?secret=\"+t,e.setAttribute(\"data-secret\",t)),e.contentWindow.postMessage({message:\"ready\",secret:t},\"*\")},!1)))}(window,document);\n\/* ]]> *\/\n<\/script>\n","description":"Die reformierte Kirchgemeinde entsteht im 19. Jahrhundert in einem katholischen Gebiet. Die Kirchgemeinde ist zweisprachig und sowohl st\u00e4dtisch als auch l\u00e4ndlich gepr\u00e4gt. Sie versammelt sich zum Gottesdienst an einem einzigen Ort und ist Begr\u00fcnderin von Schulen, einer Krippe und einem Spital."}

Die reformierte Kirchgemeinde entsteht im 19. Jahrhundert in einem katholischen Gebiet. Die Kirchgemeinde ist zweisprachig und sowohl städtisch als auch ländlich geprägt. Sie versammelt sich zum Gottesdienst an einem einzigen Ort und ist Begründerin von Schulen, einer Krippe und einem Spital.
